-- Table structure for table `wp_yoast_indexable_hierarchy`
--

CREATE TABLE `wp_yoast_indexable_hierarchy` (
  `indexable_id` int(11) unsigned NOT NULL,
  `ancestor_id` int(11) unsigned NOT NULL,
  `depth` int(11) unsigned DEFAULT NULL,
  `blog_id` bigint(20) NOT NULL DEFAULT 1,
  PRIMARY KEY (`indexable_id`,`ancestor_id`),
  KEY `indexable_id` (`indexable_id`),
  KEY `ancestor_id` (`ancestor_id`),
  KEY `depth` (`depth`)
) ENGINE=InnoDB DEFAULT CHARSET=utf8mb4 COLLATE=utf8mb4_unicode_520_ci;

--
-- Dumping data for table `wp_yoast_indexable_hierarchy`
--

INSERT INTO `wp_yoast_indexable_hierarchy` VALUES (2,0,0,1),(3,0,0,1),(4,0,0,1),(5,0,0,1),(7,0,0,1),(9,0,0,1),(10,0,0,1),(11,0,0,1),(12,0,0,1),(13,0,0,1),(14,0,0,1),(15,0,0,1),(16,0,0,1),(17,0,0,1),(18,0,0,1),(19,0,0,1),(20,0,0,1),(21,0,0,1),(22,0,0,1),(23,0,0,1),(24,0,0,1),(25,0,0,1),(26,0,0,1),(27,0,0,1),(28,0,0,1),(29,0,0,1),(30,0,0,1),(31,0,0,1),(32,0,0,1),(33,0,0,1),(34,0,0,1),(35,0,0,1),(36,0,0,1),(37,0,0,1),(38,0,0,1),(39,0,0,1),(40,0,0,1),(41,0,0,1),(42,0,0,1),(43,0,0,1),(44,0,0,1),(45,0,0,1),(46,0,0,1),(47,0,0,1),(48,0,0,1),(49,0,0,1),(50,0,0,1),(51,0,0,1),(52,0,0,1),(53,0,0,1),(54,0,0,1),(55,0,0,1),(56,0,0,1),(57,0,0,1),(58,0,0,1),(59,0,0,1),(60,0,0,1),(61,0,0,1),(62,0,0,1),(63,61,1,1),(64,61,1,1),(65,0,0,1),(66,0,0,1),(67,0,0,1),(68,0,0,1),(69,0,0,1),(70,68,1,1),(71,68,1,1),(72,0,0,1),(73,0,0,1),(74,0,0,1),(75,0,0,1),(76,75,1,1),(77,75,1,1),(78,75,1,1),(79,75,1,1),(80,74,1,1),(81,0,0,1),(82,73,1,1),(83,0,0,1),(84,0,0,1),(85,81,1,1),(86,0,0,1),(87,0,0,1),(88,73,1,1),(89,67,1,1),(90,86,1,1),(91,65,1,1),(92,68,1,1),(93,0,0,1),(94,86,1,1),(95,0,0,1),(96,67,1,1),(97,0,0,1),(98,0,0,1),(99,67,1,1),(100,73,1,1),(101,0,0,1),(102,73,1,1),(103,81,1,1),(104,83,1,1),(105,0,0,1),(106,0,0,1),(107,0,0,1),(108,73,1,1),(109,0,0,1),(110,0,0,1),(111,109,1,1),(112,0,0,1),(113,73,1,1),(114,81,1,1),(115,83,1,1),(116,83,1,1),(117,83,1,1),(118,83,1,1),(119,0,0,1),(120,59,1,1),(121,59,1,1),(122,59,1,1),(123,59,1,1),(124,59,1,1),(125,59,1,1),(126,59,1,1),(127,59,1,1),(128,55,1,1),(129,55,1,1),(130,55,1,1),(131,55,1,1),(132,55,1,1),(133,55,1,1),(134,75,1,1),(135,74,1,1),(136,81,1,1),(137,67,1,1),(138,109,1,1),(139,109,1,1),(140,81,1,1),(141,81,1,1),(142,65,1,1),(143,61,1,1),(144,61,1,1),(145,86,1,1),(146,81,1,1),(147,81,1,1),(148,86,1,1),(149,86,1,1),(150,86,1,1),(151,65,1,1),(152,65,1,1),(153,74,1,1),(154,74,1,1),(155,93,1,1),(156,109,1,1),(157,67,1,1),(158,75,1,1),(159,74,1,1),(160,73,1,1),(161,81,1,1),(162,93,1,1),(163,67,1,1),(164,75,1,1),(165,83,1,1),(166,68,1,1),(167,68,1,1),(168,73,1,1),(169,75,1,1),(170,109,1,1),(171,109,1,1),(172,93,1,1),(173,109,1,1),(174,109,1,1),(175,109,1,1),(176,109,1,1),(177,0,0,1),(178,0,0,1),(179,0,0,1),(180,0,0,1),(181,0,0,1),(182,0,0,1),(183,0,0,1),(184,0,0,1),(185,0,0,1),(186,0,0,1),(187,0,0,1),(188,0,0,1),(197,0,0,1),(198,0,0,1),(199,0,0,1),(200,0,0,1),(201,0,0,1),(202,0,0,1),(204,0,0,1),(205,0,0,1),(206,0,0,1),(207,0,0,1),(208,0,0,1),(237,0,0,1),(239,0,0,1),(240,0,0,1),(241,0,0,1),(242,0,0,1),(243,0,0,1),(251,0,0,1),(257,0,0,1),(272,0,0,1),(276,0,0,1),(277,0,0,1),(278,0,0,1),(279,0,0,1),(280,0,0,1),(281,0,0,1),(282,0,0,1),(283,0,0,1),(284,0,0,1),(285,0,0,1),(286,0,0,1),(287,0,0,1),(288,0,0,1),(289,0,0,1),(290,0,0,1),(291,0,0,1),(292,0,0,1),(293,0,0,1),(294,0,0,1),(295,0,0,1),(296,0,0,1),(297,0,0,1),(298,0,0,1),(299,0,0,1),(300,0,0,1),(301,0,0,1),(302,0,0,1),(303,0,0,1),(304,0,0,1),(305,0,0,1),(307,0,0,1),(308,0,0,1),(309,0,0,1),(311,0,0,1),(312,0,0,1),(313,0,0,1),(316,0,0,1),(317,0,0,1),(319,0,0,1),(320,0,0,1),(321,0,0,1),(322,0,0,1),(324,0,0,1),(325,0,0,1),(326,0,0,1),(327,0,0,1),(328,0,0,1),(331,0,0,1),(332,0,0,1),(333,0,0,1),(334,0,0,1),(335,0,0,1),(336,0,0,1),(337,0,0,1),(338,0,0,1),(339,0,0,1),(340,0,0,1),(341,0,0,1),(342,0,0,1),(343,0,0,1),(344,0,0,1),(345,0,0,1),(346,0,0,1),(347,0,0,1),(348,0,0,1),(349,0,0,1),(350,0,0,1),(351,0,0,1),(352,0,0,1),(353,0,0,1),(354,0,0,1),(355,0,0,1),(356,0,0,1),(357,0,0,1),(358,0,0,1),(359,0,0,1),(360,0,0,1),(361,0,0,1),(362,0,0,1),(363,0,0,1),(364,0,0,1),(365,0,0,1),(366,0,0,1),(367,0,0,1),(368,0,0,1),(369,0,0,1),(370,0,0,1),(371,0,0,1),(372,0,0,1),(373,0,0,1),(374,0,0,1),(375,0,0,1),(376,0,0,1),(377,0,0,1),(378,0,0,1),(379,0,0,1),(380,0,0,1),(381,0,0,1),(382,0,0,1),(383,0,0,1),(384,0,0,1),(385,0,0,1),(386,0,0,1),(387,0,0,1),(388,0,0,1),(389,0,0,1),(390,0,0,1),(391,0,0,1),(392,0,0,1),(393,0,0,1),(394,0,0,1),(395,0,0,1),(396,0,0,1),(397,0,0,1),(398,0,0,1),(399,0,0,1),(400,0,0,1),(401,0,0,1),(402,0,0,1),(403,0,0,1),(404,0,0,1),(405,0,0,1),(406,0,0,1),(407,0,0,1),(408,0,0,1),(409,0,0,1),(410,0,0,1),(411,0,0,1),(412,0,0,1),(413,0,0,1),(414,0,0,1),(415,0,0,1),(416,0,0,1),(417,0,0,1),(418,0,0,1),(419,0,0,1),(420,0,0,1),(421,0,0,1),(422,0,0,1),(423,0,0,1),(424,0,0,1),(425,0,0,1),(426,0,0,1),(427,0,0,1),(428,0,0,1),(429,0,0,1),(430,0,0,1),(431,0,0,1),(432,0,0,1),(433,0,0,1),(434,0,0,1),(435,0,0,1),(436,0,0,1),(437,0,0,1),(438,0,0,1),(441,0,0,1),(442,0,0,1),(443,0,0,1),(444,0,0,1),(445,0,0,1),(446,0,0,1),(447,0,0,1),(448,0,0,1),(449,0,0,1),(450,0,0,1),(451,0,0,1),(452,0,0,1),(453,0,0,1),(454,0,0,1),(455,0,0,1),(457,0,0,1),(458,0,0,1),(459,0,0,1),(461,0,0,1),(462,0,0,1),(463,0,0,1),(464,0,0,1),(465,0,0,1),(466,0,0,1),(467,0,0,1),(468,0,0,1),(469,0,0,1),(470,0,0,1),(471,0,0,1),(472,0,0,1),(473,0,0,1),(474,0,0,1),(475,0,0,1),(476,0,0,1),(477,0,0,1),(478,0,0,1),(479,0,0,1),(480,0,0,1),(481,0,0,1),(482,0,0,1),(483,0,0,1),(484,0,0,1),(485,0,0,1),(486,0,0,1),(487,0,0,1),(488,0,0,1),(489,0,0,1),(490,0,0,1),(491,0,0,1),(492,0,0,1),(493,0,0,1),(494,0,0,1),(495,0,0,1),(496,0,0,1),(497,0,0,1),(498,0,0,1),(499,0,0,1),(500,0,0,1),(501,0,0,1),(502,0,0,1),(503,0,0,1),(504,0,0,1),(505,0,0,1),(506,0,0,1),(507,0,0,1),(508,0,0,1),(509,0,0,1),(510,0,0,1),(511,0,0,1),(512,0,0,1),(513,0,0,1),(514,0,0,1),(515,0,0,1),(516,0,0,1),(517,0,0,1),(518,0,0,1),(519,0,0,1),(520,0,0,1),(521,0,0,1),(522,0,0,1),(523,0,0,1),(524,0,0,1),(525,0,0,1),(526,0,0,1),(527,0,0,1),(528,0,0,1),(529,0,0,1),(530,0,0,1),(531,0,0,1),(532,0,0,1),(533,0,0,1),(534,0,0,1),(535,0,0,1),(536,0,0,1),(537,0,0,1),(538,0,0,1),(539,0,0,1),(540,0,0,1),(541,0,0,1),(542,0,0,1),(543,0,0,1),(544,0,0,1),(545,0,0,1),(546,0,0,1),(547,0,0,1),(548,0,0,1),(549,0,0,1),(550,0,0,1),(551,0,0,1),(552,0,0,1),(553,0,0,1),(554,0,0,1),(555,0,0,1),(556,0,0,1),(557,0,0,1),(558,0,0,1),(559,0,0,1),(560,0,0,1),(561,0,0,1),(562,0,0,1),(563,0,0,1),(564,0,0,1),(565,0,0,1),(566,0,0,1),(567,0,0,1),(568,0,0,1),(569,0,0,1),(570,0,0,1),(571,0,0,1),(572,0,0,1),(573,0,0,1),(574,0,0,1),(575,0,0,1),(576,0,0,1),(577,0,0,1),(578,0,0,1),(579,0,0,1),(580,0,0,1),(581,0,0,1),(582,0,0,1),(583,0,0,1),(584,0,0,1),(585,0,0,1),(586,0,0,1),(587,0,0,1),(588,0,0,1),(589,0,0,1),(590,0,0,1),(591,0,0,1),(593,0,0,1),(594,0,0,1),(596,0,0,1),(597,0,0,1),(598,0,0,1),(599,0,0,1),(600,0,0,1),(601,0,0,1),(602,0,0,1),(603,0,0,1),(604,0,0,1),(605,0,0,1),(606,0,0,1),(607,0,0,1),(608,0,0,1),(609,0,0,1),(610,0,0,1),(611,0,0,1),(613,0,0,1),(614,0,0,1),(615,0,0,1),(616,0,0,1),(617,0,0,1),(618,0,0,1),(619,0,0,1),(620,0,0,1),(621,0,0,1),(622,0,0,1),(623,0,0,1),(624,0,0,1),(625,0,0,1),(626,0,0,1),(627,0,0,1),(628,0,0,1),(629,0,0,1),(630,0,0,1),(631,0,0,1),(632,0,0,1),(633,0,0,1),(634,0,0,1),(635,0,0,1),(636,0,0,1),(637,0,0,1),(638,0,0,1),(639,0,0,1),(640,0,0,1),(641,0,0,1),(642,0,0,1),(643,0,0,1),(644,0,0,1),(645,0,0,1),(646,0,0,1),(647,0,0,1),(648,0,0,1),(649,0,0,1),(650,0,0,1),(651,0,0,1),(652,0,0,1),(653,0,0,1),(654,0,0,1),(655,0,0,1),(656,0,0,1),(657,0,0,1),(658,0,0,1),(659,0,0,1),(660,0,0,1),(661,0,0,1),(662,0,0,1),(663,0,0,1),(665,0,0,1),(667,0,0,1),(669,0,0,1),(670,0,0,1),(671,0,0,1),(672,0,0,1),(674,0,0,1),(675,0,0,1),(676,0,0,1),(677,0,0,1),(678,0,0,1),(679,0,0,1),(680,0,0,1),(681,0,0,1),(682,0,0,1),(683,0,0,1),(684,0,0,1),(685,0,0,1),(686,0,0,1),(687,0,0,1),(688,0,0,1),(689,0,0,1),(690,0,0,1),(691,0,0,1),(692,0,0,1),(693,0,0,1),(694,0,0,1),(695,0,0,1),(696,0,0,1),(697,0,0,1),(698,0,0,1),(699,0,0,1),(700,0,0,1),(701,0,0,1),(702,0,0,1),(703,0,0,1),(704,0,0,1),(705,0,0,1),(706,0,0,1),(707,0,0,1),(708,0,0,1),(709,0,0,1),(710,0,0,1),(711,0,0,1),(712,0,0,1),(713,0,0,1),(714,0,0,1),(715,0,0,1),(717,0,0,1),(718,0,0,1),(719,0,0,1),(720,0,0,1),(721,0,0,1),(722,0,0,1),(723,0,0,1),(724,0,0,1),(725,0,0,1),(726,0,0,1),(727,0,0,1),(728,0,0,1),(729,0,0,1),(730,0,0,1),(731,0,0,1),(732,0,0,1),(733,0,0,1),(734,0,0,1),(735,0,0,1),(736,0,0,1),(737,0,0,1),(738,0,0,1),(739,0,0,1),(740,0,0,1),(741,0,0,1),(742,0,0,1),(743,0,0,1),(744,0,0,1),(745,0,0,1),(746,0,0,1),(747,0,0,1),(748,0,0,1),(749,0,0,1),(750,0,0,1),(751,0,0,1),(752,0,0,1),(753,0,0,1),(754,0,0,1),(755,0,0,1),(756,0,0,1),(757,0,0,1),(758,0,0,1),(759,0,0,1),(760,0,0,1),(761,0,0,1),(762,0,0,1),(763,0,0,1),(764,0,0,1),(765,0,0,1),(766,0,0,1),(767,0,0,1),(768,0,0,1),(769,0,0,1),(770,0,0,1),(771,0,0,1),(772,0,0,1),(773,0,0,1),(774,0,0,1),(775,0,0,1),(776,0,0,1),(777,0,0,1),(778,0,0,1),(779,0,0,1),(780,0,0,1),(781,0,0,1),(782,0,0,1),(783,0,0,1),(784,0,0,1),(785,0,0,1),(786,0,0,1),(787,0,0,1),(788,0,0,1),(789,0,0,1),(790,0,0,1),(791,0,0,1),(792,0,0,1),(793,0,0,1),(794,0,0,1),(795,0,0,1),(796,0,0,1),(797,0,0,1),(798,0,0,1),(799,0,0,1),(800,0,0,1),(801,0,0,1),(802,0,0,1),(803,0,0,1),(804,0,0,1),(805,0,0,1),(806,0,0,1),(807,0,0,1),(808,0,0,1),(809,0,0,1),(810,0,0,1),(811,0,0,1),(812,0,0,1),(813,0,0,1),(814,0,0,1),(815,0,0,1),(816,0,0,1),(817,0,0,1),(818,0,0,1),(819,0,0,1),(820,0,0,1),(821,0,0,1),(822,0,0,1),(823,0,0,1),(825,0,0,1),(826,0,0,1),(827,0,0,1),(829,0,0,1),(830,0,0,1),(831,0,0,1),(832,0,0,1),(833,0,0,1),(834,0,0,1),(835,0,0,1),(836,0,0,1),(837,0,0,1),(838,0,0,1),(839,0,0,1),(840,0,0,1),(841,0,0,1),(842,0,0,1),(843,0,0,1),(844,0,0,1),(846,0,0,1),(847,0,0,1),(848,0,0,1),(864,0,0,1),(865,0,0,1),(866,0,0,1),(867,0,0,1),(868,0,0,1),(869,0,0,1),(870,0,0,1),(871,0,0,1),(872,0,0,1),(873,0,0,1),(874,0,0,1),(875,0,0,1),(877,0,0,1),(878,0,0,1),(879,0,0,1),(880,0,0,1),(881,0,0,1),(882,0,0,1),(883,0,0,1),(884,0,0,1),(885,0,0,1),(886,0,0,1),(887,0,0,1),(888,0,0,1),(889,0,0,1),(891,0,0,1),(892,0,0,1),(894,0,0,1),(895,0,0,1),(896,0,0,1),(897,0,0,1),(898,0,0,1),(899,0,0,1),(900,0,0,1),(901,0,0,1),(902,0,0,1),(903,0,0,1),(904,0,0,1),(905,0,0,1),(906,0,0,1),(907,0,0,1),(908,0,0,1),(909,0,0,1),(910,0,0,1),(911,0,0,1),(912,0,0,1),(913,0,0,1),(914,0,0,1),(915,0,0,1),(916,0,0,1),(917,0,0,1),(918,0,0,1),(921,0,0,1),(922,0,0,1),(923,0,0,1),(924,0,0,1),(925,0,0,1),(926,0,0,1),(927,0,0,1),(928,0,0,1),(929,0,0,1),(930,0,0,1),(931,0,0,1),(932,0,0,1),(933,0,0,1),(934,0,0,1),(935,0,0,1),(936,0,0,1),(937,0,0,1),(938,0,0,1),(939,0,0,1),(940,0,0,1),(941,0,0,1),(942,0,0,1),(943,0,0,1),(944,0,0,1),(945,0,0,1),(946,0,0,1),(947,0,0,1),(948,0,0,1),(949,0,0,1),(950,0,0,1),(951,0,0,1),(952,0,0,1),(953,0,0,1),(954,0,0,1),(955,0,0,1),(956,0,0,1),(957,0,0,1),(958,0,0,1),(961,0,0,1),(962,0,0,1),(963,0,0,1),(964,0,0,1),(965,0,0,1),(966,0,0,1),(967,0,0,1),(968,0,0,1),(969,0,0,1),(970,0,0,1),(971,0,0,1),(972,0,0,1),(973,0,0,1),(974,0,0,1),(975,0,0,1),(976,0,0,1),(977,0,0,1),(978,0,0,1),(979,0,0,1),(980,0,0,1),(981,0,0,1),(982,0,0,1),(983,0,0,1),(984,0,0,1),(985,0,0,1),(986,0,0,1),(987,0,0,1),(988,0,0,1),(989,0,0,1),(990,0,0,1),(991,0,0,1),(992,0,0,1),(993,0,0,1),(994,0,0,1),(995,0,0,1),(996,0,0,1),(997,0,0,1),(998,0,0,1),(999,0,0,1),(1000,0,0,1),(1001,0,0,1),(1002,0,0,1),(1003,0,0,1),(1004,0,0,1),(1005,0,0,1),(1006,0,0,1),(1007,0,0,1),(1008,0,0,1),(1009,0,0,1),(1010,0,0,1),(1011,0,0,1),(1012,0,0,1),(1013,0,0,1),(1014,0,0,1),(1015,0,0,1),(1016,0,0,1),(1017,0,0,1),(1018,0,0,1),(1019,0,0,1),(1020,0,0,1),(1021,0,0,1),(1022,0,0,1),(1023,0,0,1),(1024,0,0,1),(1025,0,0,1),(1026,0,0,1),(1028,0,0,1),(1029,0,0,1),(1030,0,0,1),(1031,0,0,1),(1032,0,0,1),(1033,0,0,1),(1034,0,0,1),(1035,0,0,1),(1036,0,0,1),(1037,0,0,1),(1038,0,0,1),(1039,0,0,1),(1040,0,0,1),(1041,0,0,1),(1042,0,0,1),(1043,0,0,1),(1044,0,0,1),(1045,0,0,1),(1046,0,0,1),(1047,0,0,1),(1048,0,0,1),(1049,0,0,1),(1050,0,0,1),(1051,0,0,1),(1052,0,0,1),(1053,0,0,1),(1054,0,0,1),(1055,0,0,1),(1056,0,0,1),(1057,0,0,1),(1058,0,0,1),(1059,0,0,1),(1060,0,0,1),(1061,0,0,1),(1062,0,0,1),(1063,0,0,1),(1064,0,0,1),(1065,0,0,1),(1066,0,0,1),(1067,0,0,1),(1068,0,0,1),(1069,0,0,1),(1070,0,0,1),(1071,0,0,1),(1072,0,0,1),(1073,0,0,1),(1074,0,0,1),(1076,0,0,1),(1077,0,0,1),(1078,0,0,1),(1079,0,0,1),(1080,0,0,1),(1081,0,0,1),(1082,0,0,1),(1083,0,0,1),(1084,0,0,1),(1085,0,0,1),(1086,0,0,1),(1087,0,0,1);

--
-- Table structure for table `wp_yoast_migrations`
--

CREATE TABLE `wp_yoast_migrations` (
  `id` int(11) unsigned NOT NULL AUTO_INCREMENT,
  `version` varchar(191) DEFAULT NULL,
  PRIMARY KEY (`id`),
  UNIQUE KEY `wp_yoast_migrations_version` (`version`)
) ENGINE=InnoDB AUTO_INCREMENT=25 DEFAULT CHARSET=utf8mb4 COLLATE=utf8mb4_unicode_520_ci;

--
-- Dumping data for table `wp_yoast_migrations`
--

INSERT INTO `wp_yoast_migrations` VALUES (1,'20171228151840'),(2,'20171228151841'),(3,'20190529075038'),(4,'20191011111109'),(5,'20200408101900'),(6,'20200420073606'),(7,'20200428123747'),(8,'20200428194858'),(9,'20200429105310'),(10,'20200430075614'),(11,'20200430150130'),(12,'20200507054848'),(13,'20200513133401'),(14,'20200609154515'),(15,'20200616130143'),(16,'20200617122511'),(17,'20200702141921'),(18,'20200728095334'),(19,'20201202144329'),(20,'20201216124002'),(21,'20201216141134'),(22,'20210817092415'),(23,'20211020091404'),(24,'20230417083836');

--
-- Table structure for table `wp_yoast_primary_term`
--

CREATE TABLE `wp_yoast_primary_term` (
  `id` int(11) unsigned NOT NULL AUTO_INCREMENT,
  `post_id` bigint(20) DEFAULT NULL,
  `term_id` bigint(20) DEFAULT NULL,
  `taxonomy` varchar(32) NOT NULL,
  `created_at` datetime DEFAULT NULL,
  `updated_at` timestamp NOT NULL DEFAULT current_timestamp() ON UPDATE current_timestamp(),
  `blog_id` bigint(20) NOT NULL DEFAULT 1,
  PRIMARY KEY (`id`),
  KEY `post_taxonomy` (`post_id`,`taxonomy`),
  KEY `post_term` (`post_id`,`term_id`)
) ENGINE=InnoDB AUTO_INCREMENT=4 DEFAULT CHARSET=utf8mb4 COLLATE=utf8mb4_unicode_520_ci;

--
-- Dumping data for table `wp_yoast_primary_term`
--

INSERT INTO `wp_yoast_primary_term` VALUES (1,11608,222,'product_cat','2023-12-20 12:31:21','2023-12-20 12:37:46',1),(2,6099,214,'product_cat','2024-02-01 06:47:13','2024-02-01 06:47:13',1),(3,6726,202,'product_cat','2024-02-01 06:49:26','2024-02-01 06:49:26',1);

--
-- Table structure for table `wp_yoast_seo_links`
--

CREATE TABLE `wp_yoast_seo_links` (
  `id` bigint(20) unsigned NOT NULL AUTO_INCREMENT,
  `url` varchar(255) DEFAULT NULL,
  `post_id` bigint(20) unsigned DEFAULT NULL,
  `target_post_id` bigint(20) unsigned DEFAULT NULL,
  `type` varchar(8) DEFAULT NULL,
  `indexable_id` int(11) unsigned DEFAULT NULL,
  `target_indexable_id` int(11) unsigned DEFAULT NULL,
  `height` int(11) unsigned DEFAULT NULL,
  `width` int(11) unsigned DEFAULT NULL,
  `size` int(11) unsigned DEFAULT NULL,
  `language` varchar(32) DEFAULT NULL,
  `region` varchar(32) DEFAULT NULL,
  PRIMARY KEY (`id`),
  KEY `link_direction` (`post_id`,`type`),
  KEY `indexable_link_direction` (`indexable_id`,`type`)
) ENGINE=InnoDB AUTO_INCREMENT=4248 DEFAULT CHARSET=utf8 COLLATE=utf8_general_ci;

--
-- Dumping data for table `wp_yoast_seo_links`
--

INSERT INTO `wp_yoast_seo_links` VALUES (199,'https://klbtheme.com/partdo/shop/',1037,NULL,'external',184,NULL,NULL,NULL,NULL,NULL,NULL),(200,'https://klbtheme.com/partdo/shop/?column=5&#038;opt=full-width',1037,NULL,'external',184,NULL,NULL,NULL,NULL,NULL,NULL),(201,'https://klbtheme.com/partdo/shop/',1037,NULL,'external',184,NULL,NULL,NULL,NULL,NULL,NULL),(202,'https://klbtheme.com/partdo/product-category/headlights-lighting/',1037,NULL,'external',184,NULL,NULL,NULL,NULL,NULL,NULL),(203,'https://klbtheme.com/partdo/product-category/headlights-lighting/interior-lights/',1037,NULL,'external',184,NULL,NULL,NULL,NULL,NULL,NULL),(204,'https://klbtheme.com/partdo/product-category/headlights-lighting/license-plate-lights/',1037,NULL,'external',184,NULL,NULL,NULL,NULL,NULL,NULL),(205,'https://klbtheme.com/partdo/product-category/headlights-lighting/rear-fog-lights/',1037,NULL,'external',184,NULL,NULL,NULL,NULL,NULL,NULL),(206,'https://klbtheme.com/partdo/product-category/headlights-lighting/reflectors/',1037,NULL,'external',184,NULL,NULL,NULL,NULL,NULL,NULL),(207,'https://klbtheme.com/partdo/product-category/headlights-lighting/',1037,NULL,'external',184,NULL,NULL,NULL,NULL,NULL,NULL),(208,'https://klbtheme.com/partdo/product-category/interior-accessories/',1037,NULL,'external',184,NULL,NULL,NULL,NULL,NULL,NULL),(209,'https://klbtheme.com/partdo/product-category/interior-accessories/keyless-entry-systems/',1037,NULL,'external',184,NULL,NULL,NULL,NULL,NULL,NULL),(210,'https://klbtheme.com/partdo/product-category/interior-accessories/remote-starters/',1037,NULL,'external',184,NULL,NULL,NULL,NULL,NULL,NULL),(211,'https://klbtheme.com/partdo/product-category/interior-accessories/vehicle-backup-cameras/',1037,NULL,'external',184,NULL,NULL,NULL,NULL,NULL,NULL),(212,'https://klbtheme.com/partdo/product-category/interior-accessories/alarm-systems/',1037,NULL,'external',184,NULL,NULL,NULL,NULL,NULL,NULL),(213,'https://klbtheme.com/partdo/product-category/interior-accessories/',1037,NULL,'external',184,NULL,NULL,NULL,NULL,NULL,NULL),(214,'https://klbtheme.com/partdo/product-category/tires-wheels/',1037,NULL,'external',184,NULL,NULL,NULL,NULL,NULL,NULL),(215,'https://klbtheme.com/partdo/product-category/tires-wheels/truck-bus/',1037,NULL,'external',184,NULL,NULL,NULL,NULL,NULL,NULL),(216,'https://klbtheme.com/partdo/product-category/tires-wheels/all-season/',1037,NULL,'external',184,NULL,NULL,NULL,NULL,NULL,NULL),(217,'https://klbtheme.com/partdo/product-category/tires-wheels/alloy-wheels/',1037,NULL,'external',184,NULL,NULL,NULL,NULL,NULL,NULL),(218,'https://klbtheme.com/partdo/product-category/tires-wheels/competition-tire/',1037,NULL,'external',184,NULL,NULL,NULL,NULL,NULL,NULL),(219,'https://klbtheme.com/partdo/product-category/tires-wheels/',1037,NULL,'external',184,NULL,NULL,NULL,NULL,NULL,NULL),(220,'https://klbtheme.com/partdo/shop/',1037,NULL,'external',184,NULL,NULL,NULL,NULL,NULL,NULL),(221,'https://klbtheme.com/partdo/product/ironman-imove-gen-3-as/',1037,NULL,'external',184,NULL,NULL,NULL,NULL,NULL,NULL),(222,'https://klbtheme.com/partdo/shop/',1037,NULL,'external',184,NULL,NULL,NULL,NULL,NULL,NULL),(223,'https://klbtheme.com/partdo/product/thinkware-f770-dash-cam-dual-channel-wifi-gps-16gb/',1037,NULL,'external',184,NULL,NULL,NULL,NULL,NULL,NULL),(224,'3128',1037,NULL,'internal',184,NULL,NULL,NULL,NULL,NULL,NULL),(225,'https://klbtheme.com/partdo/product/thinkware-f770-dash-cam-dual-channel-wifi-gps-16gb/',1037,NULL,'external',184,NULL,NULL,NULL,NULL,NULL,NULL),(226,'https://klbtheme.com/partdo/product/technaxx-car-alarm-with-charging-function-tx-100/',1037,NULL,'external',184,NULL,NULL,NULL,NULL,NULL,NULL),(227,'3123',1037,NULL,'internal',184,NULL,NULL,NULL,NULL,NULL,NULL),(228,'https://klbtheme.com/partdo/product/technaxx-car-alarm-with-charging-function-tx-100/',1037,NULL,'external',184,NULL,NULL,NULL,NULL,NULL,NULL),(229,'https://klbtheme.com/partdo/product/right-stuff-drilled-and-slotted-brake-rotor/',1037,NULL,'external',184,NULL,NULL,NULL,NULL,NULL,NULL),(230,'3097',1037,NULL,'internal',184,NULL,NULL,NULL,NULL,NULL,NULL),(231,'https://klbtheme.com/partdo/product/right-stuff-drilled-and-slotted-brake-rotor/',1037,NULL,'external',184,NULL,NULL,NULL,NULL,NULL,NULL),(232,'https://klbtheme.com/partdo/product/r1-concepts-eline-series-plain-brake-rotors/',1037,NULL,'external',184,NULL,NULL,NULL,NULL,NULL,NULL),(233,'3090',1037,NULL,'internal',184,NULL,NULL,NULL,NULL,NULL,NULL),(234,'https://klbtheme.com/partdo/product/r1-concepts-eline-series-plain-brake-rotors/',1037,NULL,'external',184,NULL,NULL,NULL,NULL,NULL,NULL),(235,'https://klbtheme.com/partdo/product/power-stop-evolution-drilled-and-slotted/',1037,NULL,'external',184,NULL,NULL,NULL,NULL,NULL,NULL),(236,'3085',1037,NULL,'internal',184,NULL,NULL,NULL,NULL,NULL,NULL),(237,'https://klbtheme.com/partdo/product/power-stop-evolution-drilled-and-slotted/',1037,NULL,'external',184,NULL,NULL,NULL,NULL,NULL,NULL),(238,'https://klbtheme.com/partdo/product/4000xs-drilled-and-slotted-brake-rotor-more-details-on/',1037,NULL,'external',184,NULL,NULL,NULL,NULL,NULL,NULL),(239,'376',1037,NULL,'internal',184,NULL,NULL,NULL,NULL,NULL,NULL),(240,'https://klbtheme.com/partdo/product/4000xs-drilled-and-slotted-brake-rotor-more-details-on/',1037,NULL,'external',184,NULL,NULL,NULL,NULL,NULL,NULL),(241,'https://klbtheme.com/partdo/product/auto-vox-cs-2-wireless-backup-camera-kit/',1037,NULL,'external',184,NULL,NULL,NULL,NULL,NULL,NULL),(242,'354',1037,NULL,'internal',184,NULL,NULL,NULL,NULL,NULL,NULL),(243,'https://klbtheme.com/partdo/product/auto-vox-cs-2-wireless-backup-camera-kit/',1037,NULL,'external',184,NULL,NULL,NULL,NULL,NULL,NULL),(244,'https://klbtheme.com/partdo/product/5_-monitor-with-1080p-backup-camera/',1037,NULL,'external',184,NULL,NULL,NULL,NULL,NULL,NULL),(245,'339',1037,NULL,'internal',184,NULL,NULL,NULL,NULL,NULL,NULL),(246,'https://klbtheme.com/partdo/product/5_-monitor-with-1080p-backup-camera/',1037,NULL,'external',184,NULL,NULL,NULL,NULL,NULL,NULL),(247,'',1037,NULL,'internal',184,NULL,NULL,NULL,NULL,NULL,NULL),(248,'https://klbtheme.com/partdo/product/factory-radio-am-fm-radio-cd-player/',1037,NULL,'external',184,NULL,NULL,NULL,NULL,NULL,NULL),(249,'https://klbtheme.com/partdo/product/leather-honey-leather-conditioner-best-leather-conditioner/',1037,NULL,'external',184,NULL,NULL,NULL,NULL,NULL,NULL),(250,'https://klbtheme.com/partdo/product/niche-m178-trento-gloss-black-with-brushed-face/',1037,NULL,'external',184,NULL,NULL,NULL,NULL,NULL,NULL),(251,'https://klbtheme.com/partdo/shop/',1037,NULL,'external',184,NULL,NULL,NULL,NULL,NULL,NULL),(252,'https://klbtheme.com/partdo/product/vision-147-daytona-hyper-silver/',1037,NULL,'external',184,NULL,NULL,NULL,NULL,NULL,NULL),(253,'3132',1037,NULL,'internal',184,NULL,NULL,NULL,NULL,NULL,NULL),(254,'https://klbtheme.com/partdo/product/vision-147-daytona-hyper-silver/',1037,NULL,'external',184,NULL,NULL,NULL,NULL,NULL,NULL),(255,'https://klbtheme.com/partdo/product/thinkware-f770-dash-cam-dual-channel-wifi-gps-16gb/',1037,NULL,'external',184,NULL,NULL,NULL,NULL,NULL,NULL),(256,'3128',1037,NULL,'internal',184,NULL,NULL,NULL,NULL,NULL,NULL),(257,'https://klbtheme.com/partdo/product/thinkware-f770-dash-cam-dual-channel-wifi-gps-16gb/',1037,NULL,'external',184,NULL,NULL,NULL,NULL,NULL,NULL),(258,'https://klbtheme.com/partdo/product/technaxx-car-alarm-with-charging-function-tx-100/',1037,NULL,'external',184,NULL,NULL,NULL,NULL,NULL,NULL),(259,'3123',1037,NULL,'internal',184,NULL,NULL,NULL,NULL,NULL,NULL),(260,'https://klbtheme.com/partdo/product/technaxx-car-alarm-with-charging-function-tx-100/',1037,NULL,'external',184,NULL,NULL,NULL,NULL,NULL,NULL),(261,'https://klbtheme.com/partdo/product/spyder-projector-headlights/',1037,NULL,'external',184,NULL,NULL,NULL,NULL,NULL,NULL),(262,'3119',1037,NULL,'internal',184,NULL,NULL,NULL,NULL,NULL,NULL),(263,'https://klbtheme.com/partdo/product/spyder-projector-headlights/',1037,NULL,'external',184,NULL,NULL,NULL,NULL,NULL,NULL),(264,'https://klbtheme.com/partdo/product/vision-147-daytona-hyper-silver/',1037,NULL,'external',184,NULL,NULL,NULL,NULL,NULL,NULL),(265,'3132',1037,NULL,'internal',184,NULL,NULL,NULL,NULL,NULL,NULL),(266,'https://klbtheme.com/partdo/product/vision-147-daytona-hyper-silver/',1037,NULL,'external',184,NULL,NULL,NULL,NULL,NULL,NULL),(267,'https://klbtheme.com/partdo/product/car-charger-ainope-smallest-4-8a/',1037,NULL,'external',184,NULL,NULL,NULL,NULL,NULL,NULL),(268,'361',1037,NULL,'internal',184,NULL,NULL,NULL,NULL,NULL,NULL),(269,'https://klbtheme.com/partdo/product/car-charger-ainope-smallest-4-8a/',1037,NULL,'external',184,NULL,NULL,NULL,NULL,NULL,NULL),(270,'https://klbtheme.com/partdo/product/auto-vox-cs-2-wireless-backup-camera-kit/',1037,NULL,'external',184,NULL,NULL,NULL,NULL,NULL,NULL),(271,'354',1037,NULL,'internal',184,NULL,NULL,NULL,NULL,NULL,NULL),(272,'https://klbtheme.com/partdo/product/auto-vox-cs-2-wireless-backup-camera-kit/',1037,NULL,'external',184,NULL,NULL,NULL,NULL,NULL,NULL),(273,'https://klbtheme.com/partdo/product/adams-advanced-graphene-ceramic-coating-60ml/',1037,NULL,'external',184,NULL,NULL,NULL,NULL,NULL,NULL),(274,'349',1037,NULL,'internal',184,NULL,NULL,NULL,NULL,NULL,NULL),(275,'https://klbtheme.com/partdo/product/adams-advanced-graphene-ceramic-coating-60ml/',1037,NULL,'external',184,NULL,NULL,NULL,NULL,NULL,NULL),(276,'https://klbtheme.com/partdo/product/5_-monitor-with-1080p-backup-camera/',1037,NULL,'external',184,NULL,NULL,NULL,NULL,NULL,NULL),(277,'339',1037,NULL,'internal',184,NULL,NULL,NULL,NULL,NULL,NULL),(278,'https://klbtheme.com/partdo/product/5_-monitor-with-1080p-backup-camera/',1037,NULL,'external',184,NULL,NULL,NULL,NULL,NULL,NULL),(279,'https://klbtheme.com/partdo/shop/',1037,NULL,'external',184,NULL,NULL,NULL,NULL,NULL,NULL),(280,'https://klbtheme.com/partdo/shop/',1037,NULL,'external',184,NULL,NULL,NULL,NULL,NULL,NULL),(281,'https://klbtheme.com/partdo/product/vision-147-daytona-hyper-silver/',1037,NULL,'external',184,NULL,NULL,NULL,NULL,NULL,NULL),(282,'3132',1037,NULL,'internal',184,NULL,NULL,NULL,NULL,NULL,NULL),(283,'https://klbtheme.com/partdo/product/vision-147-daytona-hyper-silver/',1037,NULL,'external',184,NULL,NULL,NULL,NULL,NULL,NULL),(284,'https://klbtheme.com/partdo/product/vision-147-daytona-hyper-silver/',1037,NULL,'external',184,NULL,NULL,NULL,NULL,NULL,NULL),(285,'https://klbtheme.com/partdo/product/vision-147-daytona-hyper-silver/',1037,NULL,'external',184,NULL,NULL,NULL,NULL,NULL,NULL),(286,'https://klbtheme.com/partdo/product/thinkware-f770-dash-cam-dual-channel-wifi-gps-16gb/',1037,NULL,'external',184,NULL,NULL,NULL,NULL,NULL,NULL),(287,'https://klbtheme.com/partdo/product/thinkware-f770-dash-cam-dual-channel-wifi-gps-16gb/',1037,NULL,'external',184,NULL,NULL,NULL,NULL,NULL,NULL),(288,'https://klbtheme.com/partdo/product/technaxx-car-alarm-with-charging-function-tx-100/',1037,NULL,'external',184,NULL,NULL,NULL,NULL,NULL,NULL),(289,'https://klbtheme.com/partdo/product/technaxx-car-alarm-with-charging-function-tx-100/',1037,NULL,'external',184,NULL,NULL,NULL,NULL,NULL,NULL),(290,'https://klbtheme.com/partdo/product/vision-147-daytona-hyper-silver/',1037,NULL,'external',184,NULL,NULL,NULL,NULL,NULL,NULL),(291,'3132',1037,NULL,'internal',184,NULL,NULL,NULL,NULL,NULL,NULL),(292,'https://klbtheme.com/partdo/product/vision-147-daytona-hyper-silver/',1037,NULL,'external',184,NULL,NULL,NULL,NULL,NULL,NULL),(293,'https://klbtheme.com/partdo/product/cg-projector-headlights/',1037,NULL,'external',184,NULL,NULL,NULL,NULL,NULL,NULL),(294,'https://klbtheme.com/partdo/product/cg-projector-headlights/',1037,NULL,'external',184,NULL,NULL,NULL,NULL,NULL,NULL),(295,'https://klbtheme.com/partdo/product/auto-vox-cs-2-wireless-backup-camera-kit/',1037,NULL,'external',184,NULL,NULL,NULL,NULL,NULL,NULL),(296,'https://klbtheme.com/partdo/product/auto-vox-cs-2-wireless-backup-camera-kit/',1037,NULL,'external',184,NULL,NULL,NULL,NULL,NULL,NULL),(297,'https://klbtheme.com/partdo/product/5_-monitor-with-1080p-backup-camera/',1037,NULL,'external',184,NULL,NULL,NULL,NULL,NULL,NULL),(298,'https://klbtheme.com/partdo/product/5_-monitor-with-1080p-backup-camera/',1037,NULL,'external',184,NULL,NULL,NULL,NULL,NULL,NULL),(299,'https://klbtheme.com/partdo/shop/',1037,NULL,'external',184,NULL,NULL,NULL,NULL,NULL,NULL),(300,'https://klbtheme.com/partdo/product/right-stuff-drilled-and-slotted-brake-rotor/',1037,NULL,'external',184,NULL,NULL,NULL,NULL,NULL,NULL),(301,'https://klbtheme.com/partdo/product/r1-concepts-eline-series-plain-brake-rotors/',1037,NULL,'external',184,NULL,NULL,NULL,NULL,NULL,NULL),(302,'https://klbtheme.com/partdo/blog/',1037,NULL,'external',184,NULL,NULL,NULL,NULL,NULL,NULL),(303,'https://klbtheme.com/partdo/buying-cheap-used-transmissions-isnt-as-risky-as-you-think/',1037,NULL,'external',184,NULL,NULL,NULL,NULL,NULL,NULL),(304,'https://klbtheme.com/partdo/buying-cheap-used-transmissions-isnt-as-risky-as-you-think/',1037,NULL,'external',184,NULL,NULL,NULL,NULL,NULL,NULL),(305,'https://klbtheme.com/partdo/buying-cheap-used-transmissions-isnt-as-risky-as-you-think/',1037,NULL,'external',184,NULL,NULL,NULL,NULL,NULL,NULL),(306,'https://klbtheme.com/partdo/buying-cheap-used-transmissions-isnt-as-risky-as-you-think/',1037,NULL,'external',184,NULL,NULL,NULL,NULL,NULL,NULL),(307,'https://klbtheme.com/partdo/buying-cheap-used-transmissions-isnt-as-risky-as-you-think/',1037,NULL,'external',184,NULL,NULL,NULL,NULL,NULL,NULL),(308,'https://klbtheme.com/partdo/buying-cheap-used-transmissions-isnt-as-risky-as-you-think/',1037,NULL,'external',184,NULL,NULL,NULL,NULL,NULL,NULL),(309,'https://klbtheme.com/partdo/does-toyota-really-make-the-most-reliable-engines/',1037,NULL,'external',184,NULL,NULL,NULL,NULL,NULL,NULL),(310,'https://klbtheme.com/partdo/does-toyota-really-make-the-most-reliable-engines/',1037,NULL,'external',184,NULL,NULL,NULL,NULL,NULL,NULL),(311,'https://klbtheme.com/partdo/does-toyota-really-make-the-most-reliable-engines/',1037,NULL,'external',184,NULL,NULL,NULL,NULL,NULL,NULL),(312,'https://klbtheme.com/partdo/does-toyota-really-make-the-most-reliable-engines/',1037,NULL,'external',184,NULL,NULL,NULL,NULL,NULL,NULL),(313,'https://klbtheme.com/partdo/does-toyota-really-make-the-most-reliable-engines/',1037,NULL,'external',184,NULL,NULL,NULL,NULL,NULL,NULL),(314,'https://klbtheme.com/partdo/does-toyota-really-make-the-most-reliable-engines/',1037,NULL,'external',184,NULL,NULL,NULL,NULL,NULL,NULL),(315,'https://klbtheme.com/partdo/signs-your-car-needs-a-new-ac-compressor/',1037,NULL,'external',184,NULL,NULL,NULL,NULL,NULL,NULL),(316,'https://klbtheme.com/partdo/signs-your-car-needs-a-new-ac-compressor/',1037,NULL,'external',184,NULL,NULL,NULL,NULL,NULL,NULL),(317,'https://klbtheme.com/partdo/signs-your-car-needs-a-new-ac-compressor/',1037,NULL,'external',184,NULL,NULL,NULL,NULL,NULL,NULL),(318,'https://klbtheme.com/partdo/signs-your-car-needs-a-new-ac-compressor/',1037,NULL,'external',184,NULL,NULL,NULL,NULL,NULL,NULL),(319,'https://klbtheme.com/partdo/signs-your-car-needs-a-new-ac-compressor/',1037,NULL,'external',184,NULL,NULL,NULL,NULL,NULL,NULL),(320,'https://klbtheme.com/partdo/signs-your-car-needs-a-new-ac-compressor/',1037,NULL,'external',184,NULL,NULL,NULL,NULL,NULL,NULL),(321,'https://klbtheme.com/partdo/sul-getreng-seligt-askanka-niliga-kol-reatt-decide-trumpifiering/',1037,NULL,'external',184,NULL,NULL,NULL,NULL,NULL,NULL),(322,'https://klbtheme.com/partdo/sul-getreng-seligt-askanka-niliga-kol-reatt-decide-trumpifiering/',1037,NULL,'external',184,NULL,NULL,NULL,NULL,NULL,NULL),(323,'https://klbtheme.com/partdo/sul-getreng-seligt-askanka-niliga-kol-reatt-decide-trumpifiering/',1037,NULL,'external',184,NULL,NULL,NULL,NULL,NULL,NULL),(324,'https://klbtheme.com/partdo/sul-getreng-seligt-askanka-niliga-kol-reatt-decide-trumpifiering/',1037,NULL,'external',184,NULL,NULL,NULL,NULL,NULL,NULL),(325,'https://klbtheme.com/partdo/sul-getreng-seligt-askanka-niliga-kol-reatt-decide-trumpifiering/',1037,NULL,'external',184,NULL,NULL,NULL,NULL,NULL,NULL),(326,'https://klbtheme.com/partdo/sul-getreng-seligt-askanka-niliga-kol-reatt-decide-trumpifiering/',1037,NULL,'external',184,NULL,NULL,NULL,NULL,NULL,NULL),(327,'',1037,NULL,'internal',184,NULL,NULL,NULL,NULL,NULL,NULL),(328,'',1037,NULL,'internal',184,NULL,NULL,NULL,NULL,NULL,NULL),(329,'',1037,NULL,'internal',184,NULL,NULL,NULL,NULL,NULL,NULL),(330,'',1037,NULL,'internal',184,NULL,NULL,NULL,NULL,NULL,NULL),(331,'',1037,NULL,'internal',184,NULL,NULL,NULL,NULL,NULL,NULL),(332,'',1037,NULL,'internal',184,NULL,NULL,NULL,NULL,NULL,NULL),(333,'',1037,NULL,'internal',184,NULL,NULL,NULL,NULL,NULL,NULL),(334,'https://klbtheme.com/partdo/wp-content/uploads/2022/10/slider-05.jpg',1037,NULL,'image-ex',184,NULL,NULL,NULL,NULL,NULL,NULL),(335,'https://klbtheme.com/partdo/wp-content/uploads/2022/10/slider-06.jpg',1037,NULL,'image-ex',184,NULL,NULL,NULL,NULL,NULL,NULL),(336,'https://klbtheme.com/partdo/wp-content/uploads/2022/10/slider-04.jpg',1037,NULL,'image-ex',184,NULL,NULL,NULL,NULL,NULL,NULL),(337,'https://klbtheme.com/partdo/wp-content/uploads/2022/10/category-glowplug.png',1037,NULL,'image-ex',184,NULL,NULL,NULL,NULL,NULL,NULL),(338,'https://klbtheme.com/partdo/wp-content/uploads/2022/10/category-car-care.png',1037,NULL,'image-ex',184,NULL,NULL,NULL,NULL,NULL,NULL),(339,'https://klbtheme.com/partdo/wp-content/uploads/2022/10/category-tyres.png',1037,NULL,'image-ex',184,NULL,NULL,NULL,NULL,NULL,NULL),(340,'https://klbtheme.com/partdo/wp-content/uploads/2022/10/banner-11.jpg',1037,NULL,'image-ex',184,NULL,NULL,NULL,NULL,NULL,NULL),(341,'https://klbtheme.com/partdo/wp-content/uploads/2022/10/banner-05.jpg',1037,NULL,'image-ex',184,NULL,NULL,NULL,NULL,NULL,NULL),(342,'https://klbtheme.com/partdo/wp-content/uploads/2022/10/1-36-500x500.jpg',1037,NULL,'image-ex',184,NULL,NULL,NULL,NULL,NULL,NULL),(343,'https://klbtheme.com/partdo/wp-content/uploads/2022/10/1-35-500x500.jpg',1037,NULL,'image-ex',184,NULL,NULL,NULL,NULL,NULL,NULL),(344,'https://klbtheme.com/partdo/wp-content/uploads/2022/10/1-29-500x500.jpg',1037,NULL,'image-ex',184,NULL,NULL,NULL,NULL,NULL,NULL),(345,'https://klbtheme.com/partdo/wp-content/uploads/2022/10/1-27-500x500.jpg',1037,NULL,'image-ex',184,NULL,NULL,NULL,NULL,NULL,NULL),(346,'https://klbtheme.com/partdo/wp-content/uploads/2022/10/1-26-500x500.jpg',1037,NULL,'image-ex',184,NULL,NULL,NULL,NULL,NULL,NULL),(347,'https://klbtheme.com/partdo/wp-content/uploads/2022/10/1-8-500x500.jpg',1037,NULL,'image-ex',184,NULL,NULL,NULL,NULL,NULL,NULL),(348,'https://klbtheme.com/partdo/wp-content/uploads/2022/10/1-3-500x500.jpg',1037,NULL,'image-ex',184,NULL,NULL,NULL,NULL,NULL,NULL),(349,'https://klbtheme.com/partdo/wp-content/uploads/2022/10/1-1-500x500.jpg',1037,NULL,'image-ex',184,NULL,NULL,NULL,NULL,NULL,NULL),(350,'https://klbtheme.com/partdo/wp-content/uploads/2022/10/banner-12.jpg',1037,NULL,'image-ex',184,NULL,NULL,NULL,NULL,NULL,NULL),(351,'https://klbtheme.com/partdo/wp-content/uploads/2022/10/banner-13.jpg',1037,NULL,'image-ex',184,NULL,NULL,NULL,NULL,NULL,NULL),(352,'https://klbtheme.com/partdo/wp-content/uploads/2022/10/banner-14.jpg',1037,NULL,'image-ex',184,NULL,NULL,NULL,NULL,NULL,NULL),(353,'https://klbtheme.com/partdo/wp-content/uploads/2022/10/1-37-500x500.jpg',1037,NULL,'image-ex',184,NULL,NULL,NULL,NULL,NULL,NULL),(354,'https://klbtheme.com/partdo/wp-content/uploads/2022/10/1-36-500x500.jpg',1037,NULL,'image-ex',184,NULL,NULL,NULL,NULL,NULL,NULL),(355,'https://klbtheme.com/partdo/wp-content/uploads/2022/10/1-35-500x500.jpg',1037,NULL,'image-ex',184,NULL,NULL,NULL,NULL,NULL,NULL),(356,'https://klbtheme.com/partdo/wp-content/uploads/2022/10/1-34-500x500.jpg',1037,NULL,'image-ex',184,NULL,NULL,NULL,NULL,NULL,NULL),(357,'https://klbtheme.com/partdo/wp-content/uploads/2022/10/1-37-500x500.jpg',1037,NULL,'image-ex',184,NULL,NULL,NULL,NULL,NULL,NULL),(358,'https://klbtheme.com/partdo/wp-content/uploads/2022/10/1-4-500x500.jpg',1037,NULL,'image-ex',184,NULL,NULL,NULL,NULL,NULL,NULL),(359,'https://klbtheme.com/partdo/wp-content/uploads/2022/10/1-3-500x500.jpg',1037,NULL,'image-ex',184,NULL,NULL,NULL,NULL,NULL,NULL),(360,'https://klbtheme.com/partdo/wp-content/uploads/2022/10/1-2-500x500.jpg',1037,NULL,'image-ex',184,NULL,NULL,NULL,NULL,NULL,NULL),(361,'https://klbtheme.com/partdo/wp-content/uploads/2022/10/1-1-500x500.jpg',1037,NULL,'image-ex',184,NULL,NULL,NULL,NULL,NULL,NULL),(362,'https://klbtheme.com/partdo/wp-content/uploads/2022/10/banner-15-1.jpg',1037,NULL,'image-ex',184,NULL,NULL,NULL,NULL,NULL,NULL),(363,'https://klbtheme.com/partdo/wp-content/uploads/2022/10/1-37-500x500.jpg',1037,NULL,'image-ex',184,NULL,NULL,NULL,NULL,NULL,NULL),(364,'https://klbtheme.com/partdo/wp-content/uploads/2022/10/1-37-500x500.jpg',1037,NULL,'image-ex',184,NULL,NULL,NULL,NULL,NULL,NULL),(365,'https://klbtheme.com/partdo/wp-content/uploads/2022/10/1-36-500x500.jpg',1037,NULL,'image-ex',184,NULL,NULL,NULL,NULL,NULL,NULL),(366,'https://klbtheme.com/partdo/wp-content/uploads/2022/10/1-35-500x500.jpg',1037,NULL,'image-ex',184,NULL,NULL,NULL,NULL,NULL,NULL),(367,'https://klbtheme.com/partdo/wp-content/uploads/2022/10/1-37-500x500.jpg',1037,NULL,'image-ex',184,NULL,NULL,NULL,NULL,NULL,NULL),(368,'https://klbtheme.com/partdo/wp-content/uploads/2022/10/1-5-500x500.jpg',1037,NULL,'image-ex',184,NULL,NULL,NULL,NULL,NULL,NULL),(369,'https://klbtheme.com/partdo/wp-content/uploads/2022/10/1-3-500x500.jpg',1037,NULL,'image-ex',184,NULL,NULL,NULL,NULL,NULL,NULL),(370,'https://klbtheme.com/partdo/wp-content/uploads/2022/10/1-1-500x500.jpg',1037,NULL,'image-ex',184,NULL,NULL,NULL,NULL,NULL,NULL),(371,'https://klbtheme.com/partdo/wp-content/uploads/2022/10/banner-08.jpg',1037,NULL,'image-ex',184,NULL,NULL,NULL,NULL,NULL,NULL),(372,'https://klbtheme.com/partdo/wp-content/uploads/2022/10/banner-09.jpg',1037,NULL,'image-ex',184,NULL,NULL,NULL,NULL,NULL,NULL),(373,'https://klbtheme.com/partdo/wp-content/uploads/2022/10/banner-10.jpg',1037,NULL,'image-ex',184,NULL,NULL,NULL,NULL,NULL,NULL),(374,'https://klbtheme.com/partdo/wp-content/uploads/2022/10/blog-04-384x287.jpg',1037,NULL,'image-ex',184,NULL,NULL,NULL,NULL,NULL,NULL),(375,'https://klbtheme.com/partdo/wp-content/uploads/2022/10/blog-03-384x287.jpg',1037,NULL,'image-ex',184,NULL,NULL,NULL,NULL,NULL,NULL),(376,'https://klbtheme.com/partdo/wp-content/uploads/2022/10/blog-02-384x287.jpg',1037,NULL,'image-ex',184,NULL,NULL,NULL,NULL,NULL,NULL),(377,'https://klbtheme.com/partdo/wp-content/uploads/2022/10/blog-01-384x287.jpg',1037,NULL,'image-ex',184,NULL,NULL,NULL,NULL,NULL,NULL),(378,'https://klbtheme.com/partdo/wp-content/uploads/2022/10/logo-8.png',1037,NULL,'image-ex',184,NULL,NULL,NULL,NULL,NULL,NULL),(379,'https://klbtheme.com/partdo/wp-content/uploads/2022/10/logo-7.png',1037,NULL,'image-ex',184,NULL,NULL,NULL,NULL,NULL,NULL),(380,'https://klbtheme.com/partdo/wp-content/uploads/2022/10/logo-5.png',1037,NULL,'image-ex',184,NULL,NULL,NULL,NULL,NULL,NULL),(381,'https://klbtheme.com/partdo/wp-content/uploads/2022/10/logo-6.png',1037,NULL,'image-ex',184,NULL,NULL,NULL,NULL,NULL,NULL),(382,'https://klbtheme.com/partdo/wp-content/uploads/2022/10/logo-4.png',1037,NULL,'image-ex',184,NULL,NULL,NULL,NULL,NULL,NULL),(383,'https://klbtheme.com/partdo/wp-content/uploads/2022/10/logo-2.png',1037,NULL,'image-ex',184,NULL,NULL,NULL,NULL,NULL,NULL),(384,'https://klbtheme.com/partdo/wp-content/uploads/2022/11/logo-1.png',1037,NULL,'image-ex',184,NULL,NULL,NULL,NULL,NULL,NULL),(385,'https://klbtheme.com/partdo/shop/',1308,NULL,'external',185,NULL,NULL,NULL,NULL,NULL,NULL),(386,'https://klbtheme.com/partdo/shop/?column=4&#038;opt=wide',1308,NULL,'external',185,NULL,NULL,NULL,NULL,NULL,NULL),(387,'https://klbtheme.com/partdo/shop/?column=5&#038;opt=wide',1308,NULL,'external',185,NULL,NULL,NULL,NULL,NULL,NULL),(388,'https://klbtheme.com/partdo/shop',1308,NULL,'external',185,NULL,NULL,NULL,NULL,NULL,NULL),(389,'https://klbtheme.com/partdo/product/schumacher-125-chrome-fan-12v/',1308,NULL,'external',185,NULL,NULL,NULL,NULL,NULL,NULL),(390,'https://klbtheme.com/partdo/product/snowyfox-rv-15amp-to-50amp-adapter-15male/',1308,NULL,'external',185,NULL,NULL,NULL,NULL,NULL,NULL),(391,'https://klbtheme.com/partdo/product/right-stuff-drilled-and-slotted-brake-rotor/',1308,NULL,'external',185,NULL,NULL,NULL,NULL,NULL,NULL),(392,'https://klbtheme.com/partdo/product/right-stuff-drilled-and-slotted-brake-rotor/',1308,NULL,'external',185,NULL,NULL,NULL,NULL,NULL,NULL),(393,'https://klbtheme.com/partdo/product/cg-projector-headlights/',1308,NULL,'external',185,NULL,NULL,NULL,NULL,NULL,NULL),(394,'https://klbtheme.com/partdo/product/cg-projector-headlights/',1308,NULL,'external',185,NULL,NULL,NULL,NULL,NULL,NULL),(395,'https://klbtheme.com/partdo/product/auto-vox-cs-2-wireless-backup-camera-kit/',1308,NULL,'external',185,NULL,NULL,NULL,NULL,NULL,NULL),(396,'https://klbtheme.com/partdo/product/auto-vox-cs-2-wireless-backup-camera-kit/',1308,NULL,'external',185,NULL,NULL,NULL,NULL,NULL,NULL),(397,'https://klbtheme.com/partdo/product/adams-advanced-graphene-ceramic-coating-60ml/',1308,NULL,'external',185,NULL,NULL,NULL,NULL,NULL,NULL),(398,'https://klbtheme.com/partdo/product/adams-advanced-graphene-ceramic-coating-60ml/',1308,NULL,'external',185,NULL,NULL,NULL,NULL,NULL,NULL),(399,'https://klbtheme.com/partdo/product/vision-147-daytona-hyper-silver/',1308,NULL,'external',185,NULL,NULL,NULL,NULL,NULL,NULL),(400,'3132',1308,NULL,'internal',185,NULL,NULL,NULL,NULL,NULL,NULL),(401,'https://klbtheme.com/partdo/product/vision-147-daytona-hyper-silver/',1308,NULL,'external',185,NULL,NULL,NULL,NULL,NULL,NULL),(402,'https://klbtheme.com/partdo/product/thinkware-f770-dash-cam-dual-channel-wifi-gps-16gb/',1308,NULL,'external',185,NULL,NULL,NULL,NULL,NULL,NULL),(403,'3128',1308,NULL,'internal',185,NULL,NULL,NULL,NULL,NULL,NULL),(404,'https://klbtheme.com/partdo/product/thinkware-f770-dash-cam-dual-channel-wifi-gps-16gb/',1308,NULL,'external',185,NULL,NULL,NULL,NULL,NULL,NULL),(405,'https://klbtheme.com/partdo/product/technaxx-car-alarm-with-charging-function-tx-100/',1308,NULL,'external',185,NULL,NULL,NULL,NULL,NULL,NULL),(406,'3123',1308,NULL,'internal',185,NULL,NULL,NULL,NULL,NULL,NULL),(407,'https://klbtheme.com/partdo/product/technaxx-car-alarm-with-charging-function-tx-100/',1308,NULL,'external',185,NULL,NULL,NULL,NULL,NULL,NULL),(408,'https://klbtheme.com/partdo/product/spyder-projector-headlights/',1308,NULL,'external',185,NULL,NULL,NULL,NULL,NULL,NULL),(409,'3119',1308,NULL,'internal',185,NULL,NULL,NULL,NULL,NULL,NULL),(410,'https://klbtheme.com/partdo/product/spyder-projector-headlights/',1308,NULL,'external',185,NULL,NULL,NULL,NULL,NULL,NULL),(411,'https://klbtheme.com/partdo/shop/',1308,NULL,'external',185,NULL,NULL,NULL,NULL,NULL,NULL),(412,'https://klbtheme.com/partdo/shop/?column=6&#038;opt=wide',1308,NULL,'external',185,NULL,NULL,NULL,NULL,NULL,NULL),(413,'https://klbtheme.com/partdo/shop/',1308,NULL,'external',185,NULL,NULL,NULL,NULL,NULL,NULL),(414,'https://klbtheme.com/partdo/product/vision-147-daytona-hyper-silver/',1308,NULL,'external',185,NULL,NULL,NULL,NULL,NULL,NULL),(415,'3132',1308,NULL,'internal',185,NULL,NULL,NULL,NULL,NULL,NULL),(416,'https://klbtheme.com/partdo/product/vision-147-daytona-hyper-silver/',1308,NULL,'external',185,NULL,NULL,NULL,NULL,NULL,NULL),(417,'https://klbtheme.com/partdo/shop/',1308,NULL,'external',185,NULL,NULL,NULL,NULL,NULL,NULL),(418,'https://klbtheme.com/partdo/product/vision-147-daytona-hyper-silver/',1308,NULL,'external',185,NULL,NULL,NULL,NULL,NULL,NULL),(419,'3132',1308,NULL,'internal',185,NULL,NULL,NULL,NULL,NULL,NULL),(420,'https://klbtheme.com/partdo/product/vision-147-daytona-hyper-silver/',1308,NULL,'external',185,NULL,NULL,NULL,NULL,NULL,NULL),(421,'https://klbtheme.com/partdo/product/thinkware-f770-dash-cam-dual-channel-wifi-gps-16gb/',1308,NULL,'external',185,NULL,NULL,NULL,NULL,NULL,NULL),(422,'3128',1308,NULL,'internal',185,NULL,NULL,NULL,NULL,NULL,NULL),(423,'https://klbtheme.com/partdo/product/thinkware-f770-dash-cam-dual-channel-wifi-gps-16gb/',1308,NULL,'external',185,NULL,NULL,NULL,NULL,NULL,NULL),(424,'https://klbtheme.com/partdo/product/technaxx-car-alarm-with-charging-function-tx-100/',1308,NULL,'external',185,NULL,NULL,NULL,NULL,NULL,NULL),(425,'3123',1308,NULL,'internal',185,NULL,NULL,NULL,NULL,NULL,NULL),(426,'https://klbtheme.com/partdo/product/technaxx-car-alarm-with-charging-function-tx-100/',1308,NULL,'external',185,NULL,NULL,NULL,NULL,NULL,NULL),(427,'https://klbtheme.com/partdo/product/spyder-projector-headlights/',1308,NULL,'external',185,NULL,NULL,NULL,NULL,NULL,NULL),(428,'3119',1308,NULL,'internal',185,NULL,NULL,NULL,NULL,NULL,NULL),(429,'https://klbtheme.com/partdo/product/spyder-projector-headlights/',1308,NULL,'external',185,NULL,NULL,NULL,NULL,NULL,NULL),(430,'',1308,NULL,'internal',185,NULL,NULL,NULL,NULL,NULL,NULL),(431,'https://klbtheme.com/partdo/product/auto-vox-cs-2-wireless-backup-camera-kit/',1308,NULL,'external',185,NULL,NULL,NULL,NULL,NULL,NULL),(432,'https://klbtheme.com/partdo/product/auto-vox-cs-2-wireless-backup-camera-kit/',1308,NULL,'external',185,NULL,NULL,NULL,NULL,NULL,NULL),(433,'https://klbtheme.com/partdo/product/adams-advanced-graphene-ceramic-coating-60ml/',1308,NULL,'external',185,NULL,NULL,NULL,NULL,NULL,NULL),(434,'https://klbtheme.com/partdo/product/adams-advanced-graphene-ceramic-coating-60ml/',1308,NULL,'external',185,NULL,NULL,NULL,NULL,NULL,NULL),(435,'https://klbtheme.com/partdo/product/5_-monitor-with-1080p-backup-camera/',1308,NULL,'external',185,NULL,NULL,NULL,NULL,NULL,NULL),(436,'https://klbtheme.com/partdo/product/5_-monitor-with-1080p-backup-camera/',1308,NULL,'external',185,NULL,NULL,NULL,NULL,NULL,NULL),(437,'https://klbtheme.com/partdo/shop/?filter_cat=24',1308,NULL,'external',185,NULL,NULL,NULL,NULL,NULL,NULL),(438,'https://klbtheme.com/partdo/product/auto-vox-cs-2-wireless-backup-camera-kit/',1308,NULL,'external',185,NULL,NULL,NULL,NULL,NULL,NULL),(439,'https://klbtheme.com/partdo/product/auto-vox-cs-2-wireless-backup-camera-kit/',1308,NULL,'external',185,NULL,NULL,NULL,NULL,NULL,NULL),(440,'https://klbtheme.com/partdo/product/adams-advanced-graphene-ceramic-coating-60ml/',1308,NULL,'external',185,NULL,NULL,NULL,NULL,NULL,NULL),(441,'https://klbtheme.com/partdo/product/adams-advanced-graphene-ceramic-coating-60ml/',1308,NULL,'external',185,NULL,NULL,NULL,NULL,NULL,NULL),(442,'https://klbtheme.com/partdo/product/5_-monitor-with-1080p-backup-camera/',1308,NULL,'external',185,NULL,NULL,NULL,NULL,NULL,NULL),(443,'https://klbtheme.com/partdo/product/5_-monitor-with-1080p-backup-camera/',1308,NULL,'external',185,NULL,NULL,NULL,NULL,NULL,NULL),(444,'https://klbtheme.com/partdo/shop/?ft=load-more',1308,NULL,'external',185,NULL,NULL,NULL,NULL,NULL,NULL),(445,'https://klbtheme.com/partdo/shop/?featured=yes',1308,NULL,'external',185,NULL,NULL,NULL,NULL,NULL,NULL),(446,'https://klbtheme.com/partdo/shop/',1308,NULL,'external',185,NULL,NULL,NULL,NULL,NULL,NULL),(447,'https://klbtheme.com/partdo/product/vision-147-daytona-hyper-silver/',1308,NULL,'external',185,NULL,NULL,NULL,NULL,NULL,NULL),(448,'3132',1308,NULL,'internal',185,NULL,NULL,NULL,NULL,NULL,NULL),(449,'https://klbtheme.com/partdo/product/vision-147-daytona-hyper-silver/',1308,NULL,'external',185,NULL,NULL,NULL,NULL,NULL,NULL),(450,'https://klbtheme.com/partdo/product/thinkware-f770-dash-cam-dual-channel-wifi-gps-16gb/',1308,NULL,'external',185,NULL,NULL,NULL,NULL,NULL,NULL),(451,'3128',1308,NULL,'internal',185,NULL,NULL,NULL,NULL,NULL,NULL),(452,'https://klbtheme.com/partdo/product/thinkware-f770-dash-cam-dual-channel-wifi-gps-16gb/',1308,NULL,'external',185,NULL,NULL,NULL,NULL,NULL,NULL),(453,'https://klbtheme.com/partdo/product/technaxx-car-alarm-with-charging-function-tx-100/',1308,NULL,'external',185,NULL,NULL,NULL,NULL,NULL,NULL),(454,'3123',1308,NULL,'internal',185,NULL,NULL,NULL,NULL,NULL,NULL),(455,'https://klbtheme.com/partdo/product/technaxx-car-alarm-with-charging-function-tx-100/',1308,NULL,'external',185,NULL,NULL,NULL,NULL,NULL,NULL),(456,'https://klbtheme.com/partdo/product/spyder-projector-headlights/',1308,NULL,'external',185,NULL,NULL,NULL,NULL,NULL,NULL),(457,'3119',1308,NULL,'internal',185,NULL,NULL,NULL,NULL,NULL,NULL),(458,'https://klbtheme.com/partdo/product/spyder-projector-headlights/',1308,NULL,'external',185,NULL,NULL,NULL,NULL,NULL,NULL),(459,'https://klbtheme.com/partdo/shop/?filter_cat=50',1308,NULL,'external',185,NULL,NULL,NULL,NULL,NULL,NULL),(460,'https://klbtheme.com/partdo/shop/?orderby=popularity',1308,NULL,'external',185,NULL,NULL,NULL,NULL,NULL,NULL),(461,'https://klbtheme.com/partdo/blog/',1308,NULL,'external',185,NULL,NULL,NULL,NULL,NULL,NULL),(462,'https://klbtheme.com/partdo/buying-cheap-used-transmissions-isnt-as-risky-as-you-think/',1308,NULL,'external',185,NULL,NULL,NULL,NULL,NULL,NULL),(463,'https://klbtheme.com/partdo/buying-cheap-used-transmissions-isnt-as-risky-as-you-think/',1308,NULL,'external',185,NULL,NULL,NULL,NULL,NULL,NULL),(464,'https://klbtheme.com/partdo/buying-cheap-used-transmissions-isnt-as-risky-as-you-think/',1308,NULL,'external',185,NULL,NULL,NULL,NULL,NULL,NULL),(465,'https://klbtheme.com/partdo/buying-cheap-used-transmissions-isnt-as-risky-as-you-think/',1308,NULL,'external',185,NULL,NULL,NULL,NULL,NULL,NULL),(466,'https://klbtheme.com/partdo/buying-cheap-used-transmissions-isnt-as-risky-as-you-think/',1308,NULL,'external',185,NULL,NULL,NULL,NULL,NULL,NULL),(467,'https://klbtheme.com/partdo/buying-cheap-used-transmissions-isnt-as-risky-as-you-think/',1308,NULL,'external',185,NULL,NULL,NULL,NULL,NULL,NULL),(468,'https://klbtheme.com/partdo/does-toyota-really-make-the-most-reliable-engines/',1308,NULL,'external',185,NULL,NULL,NULL,NULL,NULL,NULL),(469,'https://klbtheme.com/partdo/does-toyota-really-make-the-most-reliable-engines/',1308,NULL,'external',185,NULL,NULL,NULL,NULL,NULL,NULL),(470,'https://klbtheme.com/partdo/does-toyota-really-make-the-most-reliable-engines/',1308,NULL,'external',185,NULL,NULL,NULL,NULL,NULL,NULL),(471,'https://klbtheme.com/partdo/does-toyota-really-make-the-most-reliable-engines/',1308,NULL,'external',185,NULL,NULL,NULL,NULL,NULL,NULL),(472,'https://klbtheme.com/partdo/does-toyota-really-make-the-most-reliable-engines/',1308,NULL,'external',185,NULL,NULL,NULL,NULL,NULL,NULL),(473,'https://klbtheme.com/partdo/does-toyota-really-make-the-most-reliable-engines/',1308,NULL,'external',185,NULL,NULL,NULL,NULL,NULL,NULL),(474,'https://klbtheme.com/partdo/signs-your-car-needs-a-new-ac-compressor/',1308,NULL,'external',185,NULL,NULL,NULL,NULL,NULL,NULL),(475,'https://klbtheme.com/partdo/signs-your-car-needs-a-new-ac-compressor/',1308,NULL,'external',185,NULL,NULL,NULL,NULL,NULL,NULL),(476,'https://klbtheme.com/partdo/signs-your-car-needs-a-new-ac-compressor/',1308,NULL,'external',185,NULL,NULL,NULL,NULL,NULL,NULL),(477,'https://klbtheme.com/partdo/signs-your-car-needs-a-new-ac-compressor/',1308,NULL,'external',185,NULL,NULL,NULL,NULL,NULL,NULL),(478,'https://klbtheme.com/partdo/signs-your-car-needs-a-new-ac-compressor/',1308,NULL,'external',185,NULL,NULL,NULL,NULL,NULL,NULL),(479,'https://klbtheme.com/partdo/signs-your-car-needs-a-new-ac-compressor/',1308,NULL,'external',185,NULL,NULL,NULL,NULL,NULL,NULL),(480,'https://klbtheme.com/partdo/sul-getreng-seligt-askanka-niliga-kol-reatt-decide-trumpifiering/',1308,NULL,'external',185,NULL,NULL,NULL,NULL,NULL,NULL),(481,'https://klbtheme.com/partdo/sul-getreng-seligt-askanka-niliga-kol-reatt-decide-trumpifiering/',1308,NULL,'external',185,NULL,NULL,NULL,NULL,NULL,NULL),(482,'https://klbtheme.com/partdo/sul-getreng-seligt-askanka-niliga-kol-reatt-decide-trumpifiering/',1308,NULL,'external',185,NULL,NULL,NULL,NULL,NULL,NULL),(483,'https://klbtheme.com/partdo/sul-getreng-seligt-askanka-niliga-kol-reatt-decide-trumpifiering/',1308,NULL,'external',185,NULL,NULL,NULL,NULL,NULL,NULL),(484,'https://klbtheme.com/partdo/sul-getreng-seligt-askanka-niliga-kol-reatt-decide-trumpifiering/',1308,NULL,'external',185,NULL,NULL,NULL,NULL,NULL,NULL),(485,'https://klbtheme.com/partdo/sul-getreng-seligt-askanka-niliga-kol-reatt-decide-trumpifiering/',1308,NULL,'external',185,NULL,NULL,NULL,NULL,NULL,NULL),(486,'https://klbtheme.com/partdo/wp-content/uploads/2022/11/slider-01.jpg',1308,NULL,'image-ex',185,NULL,NULL,NULL,NULL,NULL,NULL),(487,'https://klbtheme.com/partdo/wp-content/uploads/2022/11/slider-07.jpg',1308,NULL,'image-ex',185,NULL,NULL,NULL,NULL,NULL,NULL),(488,'https://klbtheme.com/partdo/wp-content/uploads/2022/11/slider-08.jpg',1308,NULL,'image-ex',185,NULL,NULL,NULL,NULL,NULL,NULL),(489,'https://klbtheme.com/partdo/wp-content/uploads/2022/11/banner-16.jpg',1308,NULL,'image-ex',185,NULL,NULL,NULL,NULL,NULL,NULL),(490,'https://klbtheme.com/partdo/wp-content/uploads/2022/10/banner-17.jpg',1308,NULL,'image-ex',185,NULL,NULL,NULL,NULL,NULL,NULL),(491,'https://klbtheme.com/partdo/wp-content/uploads/2022/10/banner-18.jpg',1308,NULL,'image-ex',185,NULL,NULL,NULL,NULL,NULL,NULL),(492,'https://klbtheme.com/partdo/wp-content/uploads/2022/10/1-29-500x500.jpg',1308,NULL,'image-ex',185,NULL,NULL,NULL,NULL,NULL,NULL),(493,'https://klbtheme.com/partdo/wp-content/uploads/2022/10/1-5-500x500.jpg',1308,NULL,'image-ex',185,NULL,NULL,NULL,NULL,NULL,NULL),(494,'https://klbtheme.com/partdo/wp-content/uploads/2022/10/1-3-500x500.jpg',1308,NULL,'image-ex',185,NULL,NULL,NULL,NULL,NULL,NULL),(495,'https://klbtheme.com/partdo/wp-content/uploads/2022/10/1-2-500x500.jpg',1308,NULL,'image-ex',185,NULL,NULL,NULL,NULL,NULL,NULL),(496,'https://klbtheme.com/partdo/wp-content/uploads/2022/10/1-37-500x500.jpg',1308,NULL,'image-ex',185,NULL,NULL,NULL,NULL,NULL,NULL),(497,'https://klbtheme.com/partdo/wp-content/uploads/2022/10/1-36-500x500.jpg',1308,NULL,'image-ex',185,NULL,NULL,NULL,NULL,NULL,NULL),(498,'https://klbtheme.com/partdo/wp-content/uploads/2022/10/1-35-500x500.jpg',1308,NULL,'image-ex',185,NULL,NULL,NULL,NULL,NULL,NULL),(499,'https://klbtheme.com/partdo/wp-content/uploads/2022/10/1-34-500x500.jpg',1308,NULL,'image-ex',185,NULL,NULL,NULL,NULL,NULL,NULL),(500,'https://klbtheme.com/partdo/wp-content/uploads/2022/11/banner-19.jpg',1308,NULL,'image-ex',185,NULL,NULL,NULL,NULL,NULL,NULL),(501,'https://klbtheme.com/partdo/wp-content/uploads/2022/10/banner-20.jpg',1308,NULL,'image-ex',185,NULL,NULL,NULL,NULL,NULL,NULL),(502,'https://klbtheme.com/partdo/wp-content/uploads/2022/10/banner-21.jpg',1308,NULL,'image-ex',185,NULL,NULL,NULL,NULL,NULL,NULL),(503,'https://klbtheme.com/partdo/wp-content/uploads/2022/10/1-37-500x500.jpg',1308,NULL,'image-ex',185,NULL,NULL,NULL,NULL,NULL,NULL),(504,'https://klbtheme.com/partdo/wp-content/uploads/2022/10/banner-22.jpg',1308,NULL,'image-ex',185,NULL,NULL,NULL,NULL,NULL,NULL),(505,'https://klbtheme.com/partdo/wp-content/uploads/2022/10/1-37-500x500.jpg',1308,NULL,'image-ex',185,NULL,NULL,NULL,NULL,NULL,NULL),(506,'https://klbtheme.com/partdo/wp-content/uploads/2022/10/1-36-500x500.jpg',1308,NULL,'image-ex',185,NULL,NULL,NULL,NULL,NULL,NULL),(507,'https://klbtheme.com/partdo/wp-content/uploads/2022/10/1-35-500x500.jpg',1308,NULL,'image-ex',185,NULL,NULL,NULL,NULL,NULL,NULL),(508,'https://klbtheme.com/partdo/wp-content/uploads/2022/10/1-34-500x500.jpg',1308,NULL,'image-ex',185,NULL,NULL,NULL,NULL,NULL,NULL),(509,'https://klbtheme.com/partdo/wp-content/uploads/2022/10/1-3-500x500.jpg',1308,NULL,'image-ex',185,NULL,NULL,NULL,NULL,NULL,NULL),(510,'https://klbtheme.com/partdo/wp-content/uploads/2022/10/1-2-500x500.jpg',1308,NULL,'image-ex',185,NULL,NULL,NULL,NULL,NULL,NULL),(511,'https://klbtheme.com/partdo/wp-content/uploads/2022/10/1-1-500x500.jpg',1308,NULL,'image-ex',185,NULL,NULL,NULL,NULL,NULL,NULL),(512,'https://klbtheme.com/partdo/wp-content/uploads/2022/10/banner-23.jpg',1308,NULL,'image-ex',185,NULL,NULL,NULL,NULL,NULL,NULL),(513,'https://klbtheme.com/partdo/wp-content/uploads/2022/10/1-3-500x500.jpg',1308,NULL,'image-ex',185,NULL,NULL,NULL,NULL,NULL,NULL),(514,'https://klbtheme.com/partdo/wp-content/uploads/2022/10/1-2-500x500.jpg',1308,NULL,'image-ex',185,NULL,NULL,NULL,NULL,NULL,NULL),(515,'https://klbtheme.com/partdo/wp-content/uploads/2022/10/1-1-500x500.jpg',1308,NULL,'image-ex',185,NULL,NULL,NULL,NULL,NULL,NULL),(516,'https://klbtheme.com/partdo/wp-content/uploads/2022/10/banner-24-1.jpg',1308,NULL,'image-ex',185,NULL,NULL,NULL,NULL,NULL,NULL),(517,'https://klbtheme.com/partdo/wp-content/uploads/2022/10/banner-25.jpg',1308,NULL,'image-ex',185,NULL,NULL,NULL,NULL,NULL,NULL),(518,'https://klbtheme.com/partdo/wp-content/uploads/2022/10/1-37-500x500.jpg',1308,NULL,'image-ex',185,NULL,NULL,NULL,NULL,NULL,NULL),(519,'https://klbtheme.com/partdo/wp-content/uploads/2022/10/1-36-500x500.jpg',1308,NULL,'image-ex',185,NULL,NULL,NULL,NULL,NULL,NULL),(520,'https://klbtheme.com/partdo/wp-content/uploads/2022/10/1-35-500x500.jpg',1308,NULL,'image-ex',185,NULL,NULL,NULL,NULL,NULL,NULL),(521,'https://klbtheme.com/partdo/wp-content/uploads/2022/10/1-34-500x500.jpg',1308,NULL,'image-ex',185,NULL,NULL,NULL,NULL,NULL,NULL),(522,'https://klbtheme.com/partdo/wp-content/uploads/2022/11/avatar-01.jpg',1308,NULL,'image-ex',185,NULL,NULL,NULL,NULL,NULL,NULL),(523,'https://klbtheme.com/partdo/wp-content/uploads/2022/10/avatar-02.jpg',1308,NULL,'image-ex',185,NULL,NULL,NULL,NULL,NULL,NULL),(524,'https://klbtheme.com/partdo/wp-content/uploads/2022/10/avatar-03.jpg',1308,NULL,'image-ex',185,NULL,NULL,NULL,NULL,NULL,NULL),(525,'https://klbtheme.com/partdo/wp-content/uploads/2022/10/avatar-04.jpg',1308,NULL,'image-ex',185,NULL,NULL,NULL,NULL,NULL,NULL),(526,'https://klbtheme.com/partdo/wp-content/uploads/2022/10/banner-26.jpg',1308,NULL,'image-ex',185,NULL,NULL,NULL,NULL,NULL,NULL),(527,'https://klbtheme.com/partdo/wp-content/uploads/2022/10/banner-07.jpg',1308,NULL,'image-ex',185,NULL,NULL,NULL,NULL,NULL,NULL),(528,'https://klbtheme.com/partdo/wp-content/uploads/2022/10/blog-04-369x269.jpg',1308,NULL,'image-ex',185,NULL,NULL,NULL,NULL,NULL,NULL),(529,'https://klbtheme.com/partdo/wp-content/uploads/2022/10/blog-03-369x269.jpg',1308,NULL,'image-ex',185,NULL,NULL,NULL,NULL,NULL,NULL),(530,'https://klbtheme.com/partdo/wp-content/uploads/2022/10/blog-02-369x269.jpg',1308,NULL,'image-ex',185,NULL,NULL,NULL,NULL,NULL,NULL),(531,'https://klbtheme.com/partdo/wp-content/uploads/2022/10/blog-01-369x269.jpg',1308,NULL,'image-ex',185,NULL,NULL,NULL,NULL,NULL,NULL),(532,'https://klbtheme.com/partdo/shop/',1643,NULL,'external',186,NULL,NULL,NULL,NULL,NULL,NULL),(533,'https://klbtheme.com/partdo/shop/',1643,NULL,'external',186,NULL,NULL,NULL,NULL,NULL,NULL),(534,'https://klbtheme.com/partdo/shop/',1643,NULL,'external',186,NULL,NULL,NULL,NULL,NULL,NULL),(535,'',1643,NULL,'internal',186,NULL,NULL,NULL,NULL,NULL,NULL),(536,'',1643,NULL,'internal',186,NULL,NULL,NULL,NULL,NULL,NULL),(537,'https://klbtheme.com/partdo/shop/',1643,NULL,'external',186,NULL,NULL,NULL,NULL,NULL,NULL),(538,'https://klbtheme.com/partdo/product/vision-147-daytona-hyper-silver/',1643,NULL,'external',186,NULL,NULL,NULL,NULL,NULL,NULL),(539,'3132',1643,NULL,'internal',186,NULL,NULL,NULL,NULL,NULL,NULL),(540,'https://klbtheme.com/partdo/product/vision-147-daytona-hyper-silver/',1643,NULL,'external',186,NULL,NULL,NULL,NULL,NULL,NULL),(541,'https://klbtheme.com/partdo/product/thinkware-f770-dash-cam-dual-channel-wifi-gps-16gb/',1643,NULL,'external',186,NULL,NULL,NULL,NULL,NULL,NULL),(542,'3128',1643,NULL,'internal',186,NULL,NULL,NULL,NULL,NULL,NULL),(543,'https://klbtheme.com/partdo/product/thinkware-f770-dash-cam-dual-channel-wifi-gps-16gb/',1643,NULL,'external',186,NULL,NULL,NULL,NULL,NULL,NULL),(544,'https://klbtheme.com/partdo/product/technaxx-car-alarm-with-charging-function-tx-100/',1643,NULL,'external',186,NULL,NULL,NULL,NULL,NULL,NULL),(545,'3123',1643,NULL,'internal',186,NULL,NULL,NULL,NULL,NULL,NULL),(546,'https://klbtheme.com/partdo/product/technaxx-car-alarm-with-charging-function-tx-100/',1643,NULL,'external',186,NULL,NULL,NULL,NULL,NULL,NULL),(547,'https://klbtheme.com/partdo/product/spyder-projector-headlights/',1643,NULL,'external',186,NULL,NULL,NULL,NULL,NULL,NULL),(548,'3119',1643,NULL,'internal',186,NULL,NULL,NULL,NULL,NULL,NULL),(549,'https://klbtheme.com/partdo/product/spyder-projector-headlights/',1643,NULL,'external',186,NULL,NULL,NULL,NULL,NULL,NULL),(550,'https://klbtheme.com/partdo/product/spec-d-projector-headlights/',1643,NULL,'external',186,NULL,NULL,NULL,NULL,NULL,NULL),(551,'3115',1643,NULL,'internal',186,NULL,NULL,NULL,NULL,NULL,NULL),(552,'https://klbtheme.com/partdo/product/spec-d-projector-headlights/',1643,NULL,'external',186,NULL,NULL,NULL,NULL,NULL,NULL),(553,'',1643,NULL,'internal',186,NULL,NULL,NULL,NULL,NULL,NULL),(554,'https://klbtheme.com/partdo/shop/',1643,NULL,'external',186,NULL,NULL,NULL,NULL,NULL,NULL),(555,'https://klbtheme.com/partdo/product/vision-147-daytona-hyper-silver/',1643,NULL,'external',186,NULL,NULL,NULL,NULL,NULL,NULL),(556,'3132',1643,NULL,'internal',186,NULL,NULL,NULL,NULL,NULL,NULL),(557,'https://klbtheme.com/partdo/product/vision-147-daytona-hyper-silver/',1643,NULL,'external',186,NULL,NULL,NULL,NULL,NULL,NULL),(558,'https://klbtheme.com/partdo/product/thinkware-f770-dash-cam-dual-channel-wifi-gps-16gb/',1643,NULL,'external',186,NULL,NULL,NULL,NULL,NULL,NULL),(559,'3128',1643,NULL,'internal',186,NULL,NULL,NULL,NULL,NULL,NULL),(560,'https://klbtheme.com/partdo/product/thinkware-f770-dash-cam-dual-channel-wifi-gps-16gb/',1643,NULL,'external',186,NULL,NULL,NULL,NULL,NULL,NULL),(561,'https://klbtheme.com/partdo/product/technaxx-car-alarm-with-charging-function-tx-100/',1643,NULL,'external',186,NULL,NULL,NULL,NULL,NULL,NULL),(562,'3123',1643,NULL,'internal',186,NULL,NULL,NULL,NULL,NULL,NULL),(563,'https://klbtheme.com/partdo/product/technaxx-car-alarm-with-charging-function-tx-100/',1643,NULL,'external',186,NULL,NULL,NULL,NULL,NULL,NULL),(564,'https://klbtheme.com/partdo/product/spyder-projector-headlights/',1643,NULL,'external',186,NULL,NULL,NULL,NULL,NULL,NULL),(565,'3119',1643,NULL,'internal',186,NULL,NULL,NULL,NULL,NULL,NULL),(566,'https://klbtheme.com/partdo/product/spyder-projector-headlights/',1643,NULL,'external',186,NULL,NULL,NULL,NULL,NULL,NULL),(567,'https://klbtheme.com/partdo/product/spec-d-projector-headlights/',1643,NULL,'external',186,NULL,NULL,NULL,NULL,NULL,NULL),(568,'3115',1643,NULL,'internal',186,NULL,NULL,NULL,NULL,NULL,NULL),(569,'https://klbtheme.com/partdo/product/spec-d-projector-headlights/',1643,NULL,'external',186,NULL,NULL,NULL,NULL,NULL,NULL),(570,'https://klbtheme.com/partdo/product/snowyfox-rv-15amp-to-50amp-adapter-15male/',1643,NULL,'external',186,NULL,NULL,NULL,NULL,NULL,NULL),(571,'3109',1643,NULL,'internal',186,NULL,NULL,NULL,NULL,NULL,NULL),(572,'https://klbtheme.com/partdo/product/snowyfox-rv-15amp-to-50amp-adapter-15male/',1643,NULL,'external',186,NULL,NULL,NULL,NULL,NULL,NULL),(573,'https://klbtheme.com/partdo/product/vision-147-daytona-hyper-silver/',1643,NULL,'external',186,NULL,NULL,NULL,NULL,NULL,NULL),(574,'3132',1643,NULL,'internal',186,NULL,NULL,NULL,NULL,NULL,NULL),(575,'https://klbtheme.com/partdo/product/vision-147-daytona-hyper-silver/',1643,NULL,'external',186,NULL,NULL,NULL,NULL,NULL,NULL),(576,'https://klbtheme.com/partdo/product/thinkware-f770-dash-cam-dual-channel-wifi-gps-16gb/',1643,NULL,'external',186,NULL,NULL,NULL,NULL,NULL,NULL),(577,'3128',1643,NULL,'internal',186,NULL,NULL,NULL,NULL,NULL,NULL),(578,'https://klbtheme.com/partdo/product/thinkware-f770-dash-cam-dual-channel-wifi-gps-16gb/',1643,NULL,'external',186,NULL,NULL,NULL,NULL,NULL,NULL),(579,'https://klbtheme.com/partdo/product/technaxx-car-alarm-with-charging-function-tx-100/',1643,NULL,'external',186,NULL,NULL,NULL,NULL,NULL,NULL),(580,'3123',1643,NULL,'internal',186,NULL,NULL,NULL,NULL,NULL,NULL),(581,'https://klbtheme.com/partdo/product/technaxx-car-alarm-with-charging-function-tx-100/',1643,NULL,'external',186,NULL,NULL,NULL,NULL,NULL,NULL),(582,'https://klbtheme.com/partdo/product/spyder-projector-headlights/',1643,NULL,'external',186,NULL,NULL,NULL,NULL,NULL,NULL),(583,'3119',1643,NULL,'internal',186,NULL,NULL,NULL,NULL,NULL,NULL),(584,'https://klbtheme.com/partdo/product/spyder-projector-headlights/',1643,NULL,'external',186,NULL,NULL,NULL,NULL,NULL,NULL),(585,'https://klbtheme.com/partdo/product/spec-d-projector-headlights/',1643,NULL,'external',186,NULL,NULL,NULL,NULL,NULL,NULL),(586,'3115',1643,NULL,'internal',186,NULL,NULL,NULL,NULL,NULL,NULL),(587,'https://klbtheme.com/partdo/product/spec-d-projector-headlights/',1643,NULL,'external',186,NULL,NULL,NULL,NULL,NULL,NULL),(588,'https://klbtheme.com/partdo/product/snowyfox-rv-15amp-to-50amp-adapter-15male/',1643,NULL,'external',186,NULL,NULL,NULL,NULL,NULL,NULL),(589,'3109',1643,NULL,'internal',186,NULL,NULL,NULL,NULL,NULL,NULL),(590,'https://klbtheme.com/partdo/product/snowyfox-rv-15amp-to-50amp-adapter-15male/',1643,NULL,'external',186,NULL,NULL,NULL,NULL,NULL,NULL),(591,'https://klbtheme.com/partdo/shop/',1643,NULL,'external',186,NULL,NULL,NULL,NULL,NULL,NULL),(592,'',1643,NULL,'internal',186,NULL,NULL,NULL,NULL,NULL,NULL),(593,'https://klbtheme.com/partdo/shop/',1643,NULL,'external',186,NULL,NULL,NULL,NULL,NULL,NULL),(594,'https://klbtheme.com/partdo/product-category/tires-wheels/',1643,NULL,'external',186,NULL,NULL,NULL,NULL,NULL,NULL),(595,'https://klbtheme.com/partdo/product-category/interior-accessories/',1643,NULL,'external',186,NULL,NULL,NULL,NULL,NULL,NULL),(596,'https://klbtheme.com/partdo/product-category/headlights-lighting/',1643,NULL,'external',186,NULL,NULL,NULL,NULL,NULL,NULL),(597,'https://klbtheme.com/partdo/product-category/garage-tools/',1643,NULL,'external',186,NULL,NULL,NULL,NULL,NULL,NULL),(598,'https://klbtheme.com/partdo/product-category/auto-safety-security/',1643,NULL,'external',186,NULL,NULL,NULL,NULL,NULL,NULL),(599,'',1643,NULL,'internal',186,NULL,NULL,NULL,NULL,NULL,NULL),(600,'',1643,NULL,'internal',186,NULL,NULL,NULL,NULL,NULL,NULL),(601,'',1643,NULL,'internal',186,NULL,NULL,NULL,NULL,NULL,NULL),(602,'https://klbtheme.com/partdo/shop/',1643,NULL,'external',186,NULL,NULL,NULL,NULL,NULL,NULL),(603,'https://klbtheme.com/partdo/product/vision-147-daytona-hyper-silver/',1643,NULL,'external',186,NULL,NULL,NULL,NULL,NULL,NULL),(604,'3132',1643,NULL,'internal',186,NULL,NULL,NULL,NULL,NULL,NULL),(605,'https://klbtheme.com/partdo/product/vision-147-daytona-hyper-silver/',1643,NULL,'external',186,NULL,NULL,NULL,NULL,NULL,NULL),(606,'https://klbtheme.com/partdo/product/vision-147-daytona-hyper-silver/',1643,NULL,'external',186,NULL,NULL,NULL,NULL,NULL,NULL),(607,'https://klbtheme.com/partdo/product/vision-147-daytona-hyper-silver/',1643,NULL,'external',186,NULL,NULL,NULL,NULL,NULL,NULL),(608,'https://klbtheme.com/partdo/product/thinkware-f770-dash-cam-dual-channel-wifi-gps-16gb/',1643,NULL,'external',186,NULL,NULL,NULL,NULL,NULL,NULL),(609,'https://klbtheme.com/partdo/product/thinkware-f770-dash-cam-dual-channel-wifi-gps-16gb/',1643,NULL,'external',186,NULL,NULL,NULL,NULL,NULL,NULL),(610,'https://klbtheme.com/partdo/product/technaxx-car-alarm-with-charging-function-tx-100/',1643,NULL,'external',186,NULL,NULL,NULL,NULL,NULL,NULL),(611,'https://klbtheme.com/partdo/product/technaxx-car-alarm-with-charging-function-tx-100/',1643,NULL,'external',186,NULL,NULL,NULL,NULL,NULL,NULL),(612,'https://klbtheme.com/partdo/product/vision-147-daytona-hyper-silver/',1643,NULL,'external',186,NULL,NULL,NULL,NULL,NULL,NULL),(613,'3132',1643,NULL,'internal',186,NULL,NULL,NULL,NULL,NULL,NULL),(614,'https://klbtheme.com/partdo/product/vision-147-daytona-hyper-silver/',1643,NULL,'external',186,NULL,NULL,NULL,NULL,NULL,NULL),(615,'https://klbtheme.com/partdo/product/vision-147-daytona-hyper-silver/',1643,NULL,'external',186,NULL,NULL,NULL,NULL,NULL,NULL),(616,'https://klbtheme.com/partdo/product/vision-147-daytona-hyper-silver/',1643,NULL,'external',186,NULL,NULL,NULL,NULL,NULL,NULL),(617,'https://klbtheme.com/partdo/product/thinkware-f770-dash-cam-dual-channel-wifi-gps-16gb/',1643,NULL,'external',186,NULL,NULL,NULL,NULL,NULL,NULL),(618,'https://klbtheme.com/partdo/product/thinkware-f770-dash-cam-dual-channel-wifi-gps-16gb/',1643,NULL,'external',186,NULL,NULL,NULL,NULL,NULL,NULL),(619,'https://klbtheme.com/partdo/product/technaxx-car-alarm-with-charging-function-tx-100/',1643,NULL,'external',186,NULL,NULL,NULL,NULL,NULL,NULL),(620,'https://klbtheme.com/partdo/product/technaxx-car-alarm-with-charging-function-tx-100/',1643,NULL,'external',186,NULL,NULL,NULL,NULL,NULL,NULL),(621,'',1643,NULL,'internal',186,NULL,NULL,NULL,NULL,NULL,NULL),(622,'',1643,NULL,'internal',186,NULL,NULL,NULL,NULL,NULL,NULL),(623,'https://klbtheme.com/partdo/blog/',1643,NULL,'external',186,NULL,NULL,NULL,NULL,NULL,NULL),(624,'https://klbtheme.com/partdo/buying-cheap-used-transmissions-isnt-as-risky-as-you-think/',1643,NULL,'external',186,NULL,NULL,NULL,NULL,NULL,NULL),(625,'https://klbtheme.com/partdo/buying-cheap-used-transmissions-isnt-as-risky-as-you-think/',1643,NULL,'external',186,NULL,NULL,NULL,NULL,NULL,NULL),(626,'https://klbtheme.com/partdo/buying-cheap-used-transmissions-isnt-as-risky-as-you-think/',1643,NULL,'external',186,NULL,NULL,NULL,NULL,NULL,NULL),(627,'https://klbtheme.com/partdo/buying-cheap-used-transmissions-isnt-as-risky-as-you-think/',1643,NULL,'external',186,NULL,NULL,NULL,NULL,NULL,NULL),(628,'https://klbtheme.com/partdo/buying-cheap-used-transmissions-isnt-as-risky-as-you-think/',1643,NULL,'external',186,NULL,NULL,NULL,NULL,NULL,NULL),(629,'https://klbtheme.com/partdo/buying-cheap-used-transmissions-isnt-as-risky-as-you-think/',1643,NULL,'external',186,NULL,NULL,NULL,NULL,NULL,NULL),(630,'https://klbtheme.com/partdo/does-toyota-really-make-the-most-reliable-engines/',1643,NULL,'external',186,NULL,NULL,NULL,NULL,NULL,NULL),(631,'https://klbtheme.com/partdo/does-toyota-really-make-the-most-reliable-engines/',1643,NULL,'external',186,NULL,NULL,NULL,NULL,NULL,NULL),(632,'https://klbtheme.com/partdo/does-toyota-really-make-the-most-reliable-engines/',1643,NULL,'external',186,NULL,NULL,NULL,NULL,NULL,NULL),(633,'https://klbtheme.com/partdo/does-toyota-really-make-the-most-reliable-engines/',1643,NULL,'external',186,NULL,NULL,NULL,NULL,NULL,NULL),(634,'https://klbtheme.com/partdo/does-toyota-really-make-the-most-reliable-engines/',1643,NULL,'external',186,NULL,NULL,NULL,NULL,NULL,NULL),(635,'https://klbtheme.com/partdo/does-toyota-really-make-the-most-reliable-engines/',1643,NULL,'external',186,NULL,NULL,NULL,NULL,NULL,NULL),(636,'https://klbtheme.com/partdo/signs-your-car-needs-a-new-ac-compressor/',1643,NULL,'external',186,NULL,NULL,NULL,NULL,NULL,NULL),(637,'https://klbtheme.com/partdo/signs-your-car-needs-a-new-ac-compressor/',1643,NULL,'external',186,NULL,NULL,NULL,NULL,NULL,NULL),(638,'https://klbtheme.com/partdo/signs-your-car-needs-a-new-ac-compressor/',1643,NULL,'external',186,NULL,NULL,NULL,NULL,NULL,NULL),(639,'https://klbtheme.com/partdo/signs-your-car-needs-a-new-ac-compressor/',1643,NULL,'external',186,NULL,NULL,NULL,NULL,NULL,NULL),(640,'https://klbtheme.com/partdo/signs-your-car-needs-a-new-ac-compressor/',1643,NULL,'external',186,NULL,NULL,NULL,NULL,NULL,NULL),(641,'https://klbtheme.com/partdo/signs-your-car-needs-a-new-ac-compressor/',1643,NULL,'external',186,NULL,NULL,NULL,NULL,NULL,NULL),(642,'https://klbtheme.com/partdo/wp-content/uploads/2022/10/slider-09-1.jpg',1643,NULL,'image-ex',186,NULL,NULL,NULL,NULL,NULL,NULL),(643,'https://klbtheme.com/partdo/wp-content/uploads/2022/10/slider-10-1.jpg',1643,NULL,'image-ex',186,NULL,NULL,NULL,NULL,NULL,NULL),(644,'https://klbtheme.com/partdo/wp-content/uploads/2022/10/slider-11-1.jpg',1643,NULL,'image-ex',186,NULL,NULL,NULL,NULL,NULL,NULL),(645,'https://klbtheme.com/partdo/wp-content/uploads/2022/10/banner-27.jpg',1643,NULL,'image-ex',186,NULL,NULL,NULL,NULL,NULL,NULL),(646,'https://klbtheme.com/partdo/wp-content/uploads/2022/10/banner-28.jpg',1643,NULL,'image-ex',186,NULL,NULL,NULL,NULL,NULL,NULL),(647,'https://klbtheme.com/partdo/wp-content/uploads/2022/10/1-37-500x500.jpg',1643,NULL,'image-ex',186,NULL,NULL,NULL,NULL,NULL,NULL),(648,'https://klbtheme.com/partdo/wp-content/uploads/2022/10/1-36-500x500.jpg',1643,NULL,'image-ex',186,NULL,NULL,NULL,NULL,NULL,NULL),(649,'https://klbtheme.com/partdo/wp-content/uploads/2022/10/1-35-500x500.jpg',1643,NULL,'image-ex',186,NULL,NULL,NULL,NULL,NULL,NULL),(650,'https://klbtheme.com/partdo/wp-content/uploads/2022/10/1-34-500x500.jpg',1643,NULL,'image-ex',186,NULL,NULL,NULL,NULL,NULL,NULL),(651,'https://klbtheme.com/partdo/wp-content/uploads/2022/10/1-33-500x500.jpg',1643,NULL,'image-ex',186,NULL,NULL,NULL,NULL,NULL,NULL),(652,'https://klbtheme.com/partdo/wp-content/uploads/2022/10/banner-29-1.jpg',1643,NULL,'image-ex',186,NULL,NULL,NULL,NULL,NULL,NULL),(653,'https://klbtheme.com/partdo/wp-content/uploads/2022/10/1-37-500x500.jpg',1643,NULL,'image-ex',186,NULL,NULL,NULL,NULL,NULL,NULL),(654,'https://klbtheme.com/partdo/wp-content/uploads/2022/10/1-36-500x500.jpg',1643,NULL,'image-ex',186,NULL,NULL,NULL,NULL,NULL,NULL),(655,'https://klbtheme.com/partdo/wp-content/uploads/2022/10/1-35-500x500.jpg',1643,NULL,'image-ex',186,NULL,NULL,NULL,NULL,NULL,NULL),(656,'https://klbtheme.com/partdo/wp-content/uploads/2022/10/1-34-500x500.jpg',1643,NULL,'image-ex',186,NULL,NULL,NULL,NULL,NULL,NULL),(657,'https://klbtheme.com/partdo/wp-content/uploads/2022/10/1-33-500x500.jpg',1643,NULL,'image-ex',186,NULL,NULL,NULL,NULL,NULL,NULL),(658,'https://klbtheme.com/partdo/wp-content/uploads/2022/10/1-32-500x500.jpg',1643,NULL,'image-ex',186,NULL,NULL,NULL,NULL,NULL,NULL),(659,'https://klbtheme.com/partdo/wp-content/uploads/2022/10/1-37-500x500.jpg',1643,NULL,'image-ex',186,NULL,NULL,NULL,NULL,NULL,NULL),(660,'https://klbtheme.com/partdo/wp-content/uploads/2022/10/1-36-500x500.jpg',1643,NULL,'image-ex',186,NULL,NULL,NULL,NULL,NULL,NULL),(661,'https://klbtheme.com/partdo/wp-content/uploads/2022/10/1-35-500x500.jpg',1643,NULL,'image-ex',186,NULL,NULL,NULL,NULL,NULL,NULL),(662,'https://klbtheme.com/partdo/wp-content/uploads/2022/10/1-34-500x500.jpg',1643,NULL,'image-ex',186,NULL,NULL,NULL,NULL,NULL,NULL),(663,'https://klbtheme.com/partdo/wp-content/uploads/2022/10/1-33-500x500.jpg',1643,NULL,'image-ex',186,NULL,NULL,NULL,NULL,NULL,NULL),(664,'https://klbtheme.com/partdo/wp-content/uploads/2022/10/1-32-500x500.jpg',1643,NULL,'image-ex',186,NULL,NULL,NULL,NULL,NULL,NULL),(665,'https://klbtheme.com/partdo/wp-content/uploads/2022/10/banner-30.jpg',1643,NULL,'image-ex',186,NULL,NULL,NULL,NULL,NULL,NULL),(666,'https://klbtheme.com/partdo/wp-content/uploads/2022/10/banner-31.jpg',1643,NULL,'image-ex',186,NULL,NULL,NULL,NULL,NULL,NULL),(667,'https://klbtheme.com/partdo/wp-content/uploads/2022/10/category-tyres.png',1643,NULL,'image-ex',186,NULL,NULL,NULL,NULL,NULL,NULL),(668,'https://klbtheme.com/partdo/wp-content/uploads/2022/10/category-car-care.png',1643,NULL,'image-ex',186,NULL,NULL,NULL,NULL,NULL,NULL),(669,'https://klbtheme.com/partdo/wp-content/uploads/2022/10/category-glowplug.png',1643,NULL,'image-ex',186,NULL,NULL,NULL,NULL,NULL,NULL),(670,'https://klbtheme.com/partdo/wp-content/uploads/2022/10/category-brakes.png',1643,NULL,'image-ex',186,NULL,NULL,NULL,NULL,NULL,NULL),(671,'https://klbtheme.com/partdo/wp-content/uploads/2022/10/category-electrics.png',1643,NULL,'image-ex',186,NULL,NULL,NULL,NULL,NULL,NULL),(672,'https://klbtheme.com/partdo/wp-content/uploads/2022/10/banner-32.jpg',1643,NULL,'image-ex',186,NULL,NULL,NULL,NULL,NULL,NULL),(673,'https://klbtheme.com/partdo/wp-content/uploads/2022/10/banner-33.jpg',1643,NULL,'image-ex',186,NULL,NULL,NULL,NULL,NULL,NULL),(674,'https://klbtheme.com/partdo/wp-content/uploads/2022/10/banner-34.jpg',1643,NULL,'image-ex',186,NULL,NULL,NULL,NULL,NULL,NULL),(675,'https://klbtheme.com/partdo/wp-content/uploads/2022/10/1-37-500x500.jpg',1643,NULL,'image-ex',186,NULL,NULL,NULL,NULL,NULL,NULL),(676,'https://klbtheme.com/partdo/wp-content/uploads/2022/10/1-37-500x500.jpg',1643,NULL,'image-ex',186,NULL,NULL,NULL,NULL,NULL,NULL),(677,'https://klbtheme.com/partdo/wp-content/uploads/2022/10/1-36-500x500.jpg',1643,NULL,'image-ex',186,NULL,NULL,NULL,NULL,NULL,NULL),(678,'https://klbtheme.com/partdo/wp-content/uploads/2022/10/1-35-500x500.jpg',1643,NULL,'image-ex',186,NULL,NULL,NULL,NULL,NULL,NULL),(679,'https://klbtheme.com/partdo/wp-content/uploads/2022/10/1-37-500x500.jpg',1643,NULL,'image-ex',186,NULL,NULL,NULL,NULL,NULL,NULL),(680,'https://klbtheme.com/partdo/wp-content/uploads/2022/10/1-37-500x500.jpg',1643,NULL,'image-ex',186,NULL,NULL,NULL,NULL,NULL,NULL),(681,'https://klbtheme.com/partdo/wp-content/uploads/2022/10/1-36-500x500.jpg',1643,NULL,'image-ex',186,NULL,NULL,NULL,NULL,NULL,NULL),(682,'https://klbtheme.com/partdo/wp-content/uploads/2022/10/1-35-500x500.jpg',1643,NULL,'image-ex',186,NULL,NULL,NULL,NULL,NULL,NULL),(683,'https://klbtheme.com/partdo/wp-content/uploads/2022/10/banner-27-1.jpg',1643,NULL,'image-ex',186,NULL,NULL,NULL,NULL,NULL,NULL),(684,'https://klbtheme.com/partdo/wp-content/uploads/2022/10/banner-28-1.jpg',1643,NULL,'image-ex',186,NULL,NULL,NULL,NULL,NULL,NULL),(685,'https://klbtheme.com/partdo/wp-content/uploads/2022/10/blog-04-397x297.jpg',1643,NULL,'image-ex',186,NULL,NULL,NULL,NULL,NULL,NULL),(686,'https://klbtheme.com/partdo/wp-content/uploads/2022/10/blog-03-397x297.jpg',1643,NULL,'image-ex',186,NULL,NULL,NULL,NULL,NULL,NULL),(687,'https://klbtheme.com/partdo/wp-content/uploads/2022/10/blog-02-397x297.jpg',1643,NULL,'image-ex',186,NULL,NULL,NULL,NULL,NULL,NULL),(688,'http://klbtheme.com/partdo/shop/',1892,NULL,'external',187,NULL,NULL,NULL,NULL,NULL,NULL),(689,'http://klbtheme.com/partdo/shop/',1892,NULL,'external',187,NULL,NULL,NULL,NULL,NULL,NULL),(690,'',1892,NULL,'internal',187,NULL,NULL,NULL,NULL,NULL,NULL),(691,'',1892,NULL,'internal',187,NULL,NULL,NULL,NULL,NULL,NULL),(692,'',1892,NULL,'internal',187,NULL,NULL,NULL,NULL,NULL,NULL),(693,'http://klbtheme.com/partdo/shop/',1892,NULL,'external',187,NULL,NULL,NULL,NULL,NULL,NULL),(694,'https://klbtheme.com/partdo/product-category/auto-safety-security/',1892,NULL,'external',187,NULL,NULL,NULL,NULL,NULL,NULL),(695,'https://klbtheme.com/partdo/product-category/garage-tools-equipment/',1892,NULL,'external',187,NULL,NULL,NULL,NULL,NULL,NULL),(696,'https://klbtheme.com/partdo/product-category/headlights-lighting/',1892,NULL,'external',187,NULL,NULL,NULL,NULL,NULL,NULL),(697,'https://klbtheme.com/partdo/product-category/interior-accessories/',1892,NULL,'external',187,NULL,NULL,NULL,NULL,NULL,NULL),(698,'https://klbtheme.com/partdo/product-category/tires-wheels/',1892,NULL,'external',187,NULL,NULL,NULL,NULL,NULL,NULL),(699,'https://klbtheme.com/partdo/product-category/tools-equipment/',1892,NULL,'external',187,NULL,NULL,NULL,NULL,NULL,NULL),(700,'',1892,NULL,'internal',187,NULL,NULL,NULL,NULL,NULL,NULL),(701,'http://klbtheme.com/partdo/shop/',1892,NULL,'external',187,NULL,NULL,NULL,NULL,NULL,NULL),(702,'https://klbtheme.com/partdo/product/thinkware-f770-dash-cam-dual-channel-wifi-gps-16gb/',1892,NULL,'external',187,NULL,NULL,NULL,NULL,NULL,NULL),(703,'3128',1892,NULL,'internal',187,NULL,NULL,NULL,NULL,NULL,NULL),(704,'https://klbtheme.com/partdo/product/thinkware-f770-dash-cam-dual-channel-wifi-gps-16gb/',1892,NULL,'external',187,NULL,NULL,NULL,NULL,NULL,NULL),(705,'https://klbtheme.com/partdo/product/technaxx-car-alarm-with-charging-function-tx-100/',1892,NULL,'external',187,NULL,NULL,NULL,NULL,NULL,NULL),(706,'3123',1892,NULL,'internal',187,NULL,NULL,NULL,NULL,NULL,NULL),(707,'https://klbtheme.com/partdo/product/technaxx-car-alarm-with-charging-function-tx-100/',1892,NULL,'external',187,NULL,NULL,NULL,NULL,NULL,NULL),(708,'https://klbtheme.com/partdo/product/leather-honey-leather-conditioner-best-leather-conditioner/',1892,NULL,'external',187,NULL,NULL,NULL,NULL,NULL,NULL),(709,'3042',1892,NULL,'internal',187,NULL,NULL,NULL,NULL,NULL,NULL),(710,'https://klbtheme.com/partdo/product/leather-honey-leather-conditioner-best-leather-conditioner/',1892,NULL,'external',187,NULL,NULL,NULL,NULL,NULL,NULL),(711,'https://klbtheme.com/partdo/product/factory-radio-am-fm-radio-cd-player/',1892,NULL,'external',187,NULL,NULL,NULL,NULL,NULL,NULL),(712,'3018',1892,NULL,'internal',187,NULL,NULL,NULL,NULL,NULL,NULL),(713,'https://klbtheme.com/partdo/product/factory-radio-am-fm-radio-cd-player/',1892,NULL,'external',187,NULL,NULL,NULL,NULL,NULL,NULL),(714,'https://klbtheme.com/partdo/product/comsoon-upgraded-bluetooth-5-0-receiver-for-car/',1892,NULL,'external',187,NULL,NULL,NULL,NULL,NULL,NULL),(715,'369',1892,NULL,'internal',187,NULL,NULL,NULL,NULL,NULL,NULL),(716,'https://klbtheme.com/partdo/product/comsoon-upgraded-bluetooth-5-0-receiver-for-car/',1892,NULL,'external',187,NULL,NULL,NULL,NULL,NULL,NULL),(717,'https://klbtheme.com/partdo/product/car-charger-ainope-smallest-4-8a/',1892,NULL,'external',187,NULL,NULL,NULL,NULL,NULL,NULL),(718,'361',1892,NULL,'internal',187,NULL,NULL,NULL,NULL,NULL,NULL),(719,'https://klbtheme.com/partdo/product/car-charger-ainope-smallest-4-8a/',1892,NULL,'external',187,NULL,NULL,NULL,NULL,NULL,NULL),(720,'https://klbtheme.com/partdo/product/auto-vox-cs-2-wireless-backup-camera-kit/',1892,NULL,'external',187,NULL,NULL,NULL,NULL,NULL,NULL),(721,'354',1892,NULL,'internal',187,NULL,NULL,NULL,NULL,NULL,NULL),(722,'https://klbtheme.com/partdo/product/auto-vox-cs-2-wireless-backup-camera-kit/',1892,NULL,'external',187,NULL,NULL,NULL,NULL,NULL,NULL),(723,'https://klbtheme.com/partdo/product/adams-advanced-graphene-ceramic-coating-60ml/',1892,NULL,'external',187,NULL,NULL,NULL,NULL,NULL,NULL),(724,'349',1892,NULL,'internal',187,NULL,NULL,NULL,NULL,NULL,NULL),(725,'https://klbtheme.com/partdo/product/adams-advanced-graphene-ceramic-coating-60ml/',1892,NULL,'external',187,NULL,NULL,NULL,NULL,NULL,NULL),(726,'',1892,NULL,'internal',187,NULL,NULL,NULL,NULL,NULL,NULL),(727,'',1892,NULL,'internal',187,NULL,NULL,NULL,NULL,NULL,NULL),(728,'',1892,NULL,'internal',187,NULL,NULL,NULL,NULL,NULL,NULL),(729,'http://klbtheme.com/partdo/shop/',1892,NULL,'external',187,NULL,NULL,NULL,NULL,NULL,NULL),(730,'https://klbtheme.com/partdo/product/vision-147-daytona-hyper-silver/',1892,NULL,'external',187,NULL,NULL,NULL,NULL,NULL,NULL),(731,'https://klbtheme.com/partdo/product/vision-147-daytona-hyper-silver/',1892,NULL,'external',187,NULL,NULL,NULL,NULL,NULL,NULL),(732,'https://klbtheme.com/partdo/product/thinkware-f770-dash-cam-dual-channel-wifi-gps-16gb/',1892,NULL,'external',187,NULL,NULL,NULL,NULL,NULL,NULL),(733,'https://klbtheme.com/partdo/product/thinkware-f770-dash-cam-dual-channel-wifi-gps-16gb/',1892,NULL,'external',187,NULL,NULL,NULL,NULL,NULL,NULL),(734,'https://klbtheme.com/partdo/product/technaxx-car-alarm-with-charging-function-tx-100/',1892,NULL,'external',187,NULL,NULL,NULL,NULL,NULL,NULL),(735,'https://klbtheme.com/partdo/product/technaxx-car-alarm-with-charging-function-tx-100/',1892,NULL,'external',187,NULL,NULL,NULL,NULL,NULL,NULL),(736,'',1892,NULL,'internal',187,NULL,NULL,NULL,NULL,NULL,NULL),(737,'https://klbtheme.com/partdo/product/auto-vox-cs-2-wireless-backup-camera-kit/',1892,NULL,'external',187,NULL,NULL,NULL,NULL,NULL,NULL),(738,'https://klbtheme.com/partdo/product/auto-vox-cs-2-wireless-backup-camera-kit/',1892,NULL,'external',187,NULL,NULL,NULL,NULL,NULL,NULL),(739,'https://klbtheme.com/partdo/product/adams-advanced-graphene-ceramic-coating-60ml/',1892,NULL,'external',187,NULL,NULL,NULL,NULL,NULL,NULL),(740,'https://klbtheme.com/partdo/product/adams-advanced-graphene-ceramic-coating-60ml/',1892,NULL,'external',187,NULL,NULL,NULL,NULL,NULL,NULL),(741,'https://klbtheme.com/partdo/product/5_-monitor-with-1080p-backup-camera/',1892,NULL,'external',187,NULL,NULL,NULL,NULL,NULL,NULL),(742,'https://klbtheme.com/partdo/product/5_-monitor-with-1080p-backup-camera/',1892,NULL,'external',187,NULL,NULL,NULL,NULL,NULL,NULL),(743,'',1892,NULL,'internal',187,NULL,NULL,NULL,NULL,NULL,NULL),(744,'http://klbtheme.com/partdo/shop/',1892,NULL,'external',187,NULL,NULL,NULL,NULL,NULL,NULL),(745,'https://klbtheme.com/partdo/product/vision-147-daytona-hyper-silver/',1892,NULL,'external',187,NULL,NULL,NULL,NULL,NULL,NULL),(746,'3132',1892,NULL,'internal',187,NULL,NULL,NULL,NULL,NULL,NULL),(747,'https://klbtheme.com/partdo/product/vision-147-daytona-hyper-silver/',1892,NULL,'external',187,NULL,NULL,NULL,NULL,NULL,NULL),(748,'https://klbtheme.com/partdo/product/thinkware-f770-dash-cam-dual-channel-wifi-gps-16gb/',1892,NULL,'external',187,NULL,NULL,NULL,NULL,NULL,NULL),(749,'3128',1892,NULL,'internal',187,NULL,NULL,NULL,NULL,NULL,NULL),(750,'https://klbtheme.com/partdo/product/thinkware-f770-dash-cam-dual-channel-wifi-gps-16gb/',1892,NULL,'external',187,NULL,NULL,NULL,NULL,NULL,NULL),(751,'https://klbtheme.com/partdo/product/technaxx-car-alarm-with-charging-function-tx-100/',1892,NULL,'external',187,NULL,NULL,NULL,NULL,NULL,NULL),(752,'3123',1892,NULL,'internal',187,NULL,NULL,NULL,NULL,NULL,NULL),(753,'https://klbtheme.com/partdo/product/technaxx-car-alarm-with-charging-function-tx-100/',1892,NULL,'external',187,NULL,NULL,NULL,NULL,NULL,NULL),(754,'https://klbtheme.com/partdo/product/snowyfox-rv-15amp-to-50amp-adapter-15male/',1892,NULL,'external',187,NULL,NULL,NULL,NULL,NULL,NULL),(755,'3109',1892,NULL,'internal',187,NULL,NULL,NULL,NULL,NULL,NULL),(756,'https://klbtheme.com/partdo/product/snowyfox-rv-15amp-to-50amp-adapter-15male/',1892,NULL,'external',187,NULL,NULL,NULL,NULL,NULL,NULL),(757,'https://klbtheme.com/partdo/product/shell-rotella-t1-sae-30-conventional-heavy-duty/',1892,NULL,'external',187,NULL,NULL,NULL,NULL,NULL,NULL),(758,'3106',1892,NULL,'internal',187,NULL,NULL,NULL,NULL,NULL,NULL),(759,'https://klbtheme.com/partdo/product/shell-rotella-t1-sae-30-conventional-heavy-duty/',1892,NULL,'external',187,NULL,NULL,NULL,NULL,NULL,NULL),(760,'',1892,NULL,'internal',187,NULL,NULL,NULL,NULL,NULL,NULL),(761,'',1892,NULL,'internal',187,NULL,NULL,NULL,NULL,NULL,NULL),(762,'',1892,NULL,'internal',187,NULL,NULL,NULL,NULL,NULL,NULL),(763,'',1892,NULL,'internal',187,NULL,NULL,NULL,NULL,NULL,NULL),(764,'',1892,NULL,'internal',187,NULL,NULL,NULL,NULL,NULL,NULL),(765,'',1892,NULL,'internal',187,NULL,NULL,NULL,NULL,NULL,NULL),(766,'',1892,NULL,'internal',187,NULL,NULL,NULL,NULL,NULL,NULL),(767,'',1892,NULL,'internal',187,NULL,NULL,NULL,NULL,NULL,NULL),(768,'',1892,NULL,'internal',187,NULL,NULL,NULL,NULL,NULL,NULL),(769,'http://klbtheme.com/partdo/blog/',1892,NULL,'external',187,NULL,NULL,NULL,NULL,NULL,NULL),(770,'https://klbtheme.com/partdo/2022/10/13/buying-cheap-used-transmissions-isnt-as-risky-as-you-think/',1892,NULL,'external',187,NULL,NULL,NULL,NULL,NULL,NULL),(771,'https://klbtheme.com/partdo/2022/10/13/buying-cheap-used-transmissions-isnt-as-risky-as-you-think/',1892,NULL,'external',187,NULL,NULL,NULL,NULL,NULL,NULL),(772,'https://klbtheme.com/partdo/2022/10/13/buying-cheap-used-transmissions-isnt-as-risky-as-you-think/',1892,NULL,'external',187,NULL,NULL,NULL,NULL,NULL,NULL),(773,'https://klbtheme.com/partdo/2022/10/13/buying-cheap-used-transmissions-isnt-as-risky-as-you-think/',1892,NULL,'external',187,NULL,NULL,NULL,NULL,NULL,NULL),(774,'https://klbtheme.com/partdo/2022/10/13/buying-cheap-used-transmissions-isnt-as-risky-as-you-think/',1892,NULL,'external',187,NULL,NULL,NULL,NULL,NULL,NULL),(775,'https://klbtheme.com/partdo/2022/10/13/buying-cheap-used-transmissions-isnt-as-risky-as-you-think/',1892,NULL,'external',187,NULL,NULL,NULL,NULL,NULL,NULL),(776,'https://klbtheme.com/partdo/2022/10/13/does-toyota-really-make-the-most-reliable-engines/',1892,NULL,'external',187,NULL,NULL,NULL,NULL,NULL,NULL),(777,'https://klbtheme.com/partdo/2022/10/13/does-toyota-really-make-the-most-reliable-engines/',1892,NULL,'external',187,NULL,NULL,NULL,NULL,NULL,NULL),(778,'https://klbtheme.com/partdo/2022/10/13/does-toyota-really-make-the-most-reliable-engines/',1892,NULL,'external',187,NULL,NULL,NULL,NULL,NULL,NULL),(779,'https://klbtheme.com/partdo/2022/10/13/does-toyota-really-make-the-most-reliable-engines/',1892,NULL,'external',187,NULL,NULL,NULL,NULL,NULL,NULL),(780,'https://klbtheme.com/partdo/2022/10/13/does-toyota-really-make-the-most-reliable-engines/',1892,NULL,'external',187,NULL,NULL,NULL,NULL,NULL,NULL),(781,'https://klbtheme.com/partdo/2022/10/13/does-toyota-really-make-the-most-reliable-engines/',1892,NULL,'external',187,NULL,NULL,NULL,NULL,NULL,NULL),(782,'https://klbtheme.com/partdo/2022/10/13/signs-your-car-needs-a-new-ac-compressor/',1892,NULL,'external',187,NULL,NULL,NULL,NULL,NULL,NULL),(783,'https://klbtheme.com/partdo/2022/10/13/signs-your-car-needs-a-new-ac-compressor/',1892,NULL,'external',187,NULL,NULL,NULL,NULL,NULL,NULL),(784,'https://klbtheme.com/partdo/2022/10/13/signs-your-car-needs-a-new-ac-compressor/',1892,NULL,'external',187,NULL,NULL,NULL,NULL,NULL,NULL),(785,'https://klbtheme.com/partdo/2022/10/13/signs-your-car-needs-a-new-ac-compressor/',1892,NULL,'external',187,NULL,NULL,NULL,NULL,NULL,NULL),(786,'https://klbtheme.com/partdo/2022/10/13/signs-your-car-needs-a-new-ac-compressor/',1892,NULL,'external',187,NULL,NULL,NULL,NULL,NULL,NULL),(787,'https://klbtheme.com/partdo/2022/10/13/signs-your-car-needs-a-new-ac-compressor/',1892,NULL,'external',187,NULL,NULL,NULL,NULL,NULL,NULL),(788,'https://klbtheme.com/partdo/2022/10/13/sul-getreng-seligt-askanka-niliga-kol-reatt-decide-trumpifiering/',1892,NULL,'external',187,NULL,NULL,NULL,NULL,NULL,NULL),(789,'https://klbtheme.com/partdo/2022/10/13/sul-getreng-seligt-askanka-niliga-kol-reatt-decide-trumpifiering/',1892,NULL,'external',187,NULL,NULL,NULL,NULL,NULL,NULL),(790,'https://klbtheme.com/partdo/2022/10/13/sul-getreng-seligt-askanka-niliga-kol-reatt-decide-trumpifiering/',1892,NULL,'external',187,NULL,NULL,NULL,NULL,NULL,NULL),(791,'https://klbtheme.com/partdo/2022/10/13/sul-getreng-seligt-askanka-niliga-kol-reatt-decide-trumpifiering/',1892,NULL,'external',187,NULL,NULL,NULL,NULL,NULL,NULL),(792,'https://klbtheme.com/partdo/2022/10/13/sul-getreng-seligt-askanka-niliga-kol-reatt-decide-trumpifiering/',1892,NULL,'external',187,NULL,NULL,NULL,NULL,NULL,NULL),(793,'https://klbtheme.com/partdo/2022/10/13/sul-getreng-seligt-askanka-niliga-kol-reatt-decide-trumpifiering/',1892,NULL,'external',187,NULL,NULL,NULL,NULL,NULL,NULL),(794,'http://klbtheme.com/partdo/wp-content/uploads/2022/10/banner-35.jpg',1892,NULL,'image-ex',187,NULL,NULL,NULL,NULL,NULL,NULL),(795,'http://klbtheme.com/partdo/wp-content/uploads/2022/10/banner-36.jpg',1892,NULL,'image-ex',187,NULL,NULL,NULL,NULL,NULL,NULL),(796,'http://klbtheme.com/partdo/wp-content/uploads/2022/10/banner-37.jpg',1892,NULL,'image-ex',187,NULL,NULL,NULL,NULL,NULL,NULL),(797,'http://klbtheme.com/partdo/wp-content/uploads/2022/10/banner-39.jpg',1892,NULL,'image-ex',187,NULL,NULL,NULL,NULL,NULL,NULL),(798,'http://klbtheme.com/partdo/wp-content/uploads/2022/10/banner-38.jpg',1892,NULL,'image-ex',187,NULL,NULL,NULL,NULL,NULL,NULL),(799,'https://klbtheme.com/partdo/wp-content/uploads/2022/10/category-electrics.png',1892,NULL,'image-ex',187,NULL,NULL,NULL,NULL,NULL,NULL),(800,'https://klbtheme.com/partdo/wp-content/uploads/2022/10/category-brakes.png',1892,NULL,'image-ex',187,NULL,NULL,NULL,NULL,NULL,NULL),(801,'https://klbtheme.com/partdo/wp-content/uploads/2022/10/category-glowplug.png',1892,NULL,'image-ex',187,NULL,NULL,NULL,NULL,NULL,NULL),(802,'https://klbtheme.com/partdo/wp-content/uploads/2022/10/category-car-care.png',1892,NULL,'image-ex',187,NULL,NULL,NULL,NULL,NULL,NULL),(803,'https://klbtheme.com/partdo/wp-content/uploads/2022/10/category-tyres.png',1892,NULL,'image-ex',187,NULL,NULL,NULL,NULL,NULL,NULL),(804,'https://klbtheme.com/partdo/wp-content/uploads/2022/10/category-filters.png',1892,NULL,'image-ex',187,NULL,NULL,NULL,NULL,NULL,NULL),(805,'https://klbtheme.com/partdo/wp-content/uploads/2022/10/1-36.jpg',1892,NULL,'image-ex',187,NULL,NULL,NULL,NULL,NULL,NULL),(806,'https://klbtheme.com/partdo/wp-content/uploads/2022/10/1-35.jpg',1892,NULL,'image-ex',187,NULL,NULL,NULL,NULL,NULL,NULL),(807,'https://klbtheme.com/partdo/wp-content/uploads/2022/10/1-15.jpg',1892,NULL,'image-ex',187,NULL,NULL,NULL,NULL,NULL,NULL),(808,'https://klbtheme.com/partdo/wp-content/uploads/2022/10/1-9.jpg',1892,NULL,'image-ex',187,NULL,NULL,NULL,NULL,NULL,NULL),(809,'https://klbtheme.com/partdo/wp-content/uploads/2022/10/1-6.jpg',1892,NULL,'image-ex',187,NULL,NULL,NULL,NULL,NULL,NULL),(810,'https://klbtheme.com/partdo/wp-content/uploads/2022/10/1-4.jpg',1892,NULL,'image-ex',187,NULL,NULL,NULL,NULL,NULL,NULL),(811,'https://klbtheme.com/partdo/wp-content/uploads/2022/10/1-3.jpg',1892,NULL,'image-ex',187,NULL,NULL,NULL,NULL,NULL,NULL),(812,'https://klbtheme.com/partdo/wp-content/uploads/2022/10/1-2.jpg',1892,NULL,'image-ex',187,NULL,NULL,NULL,NULL,NULL,NULL),(813,'http://klbtheme.com/partdo/wp-content/uploads/2022/10/banner-40.jpg',1892,NULL,'image-ex',187,NULL,NULL,NULL,NULL,NULL,NULL),(814,'http://klbtheme.com/partdo/wp-content/uploads/2022/10/banner-41.jpg',1892,NULL,'image-ex',187,NULL,NULL,NULL,NULL,NULL,NULL),(815,'http://klbtheme.com/partdo/wp-content/uploads/2022/10/banner-42.jpg',1892,NULL,'image-ex',187,NULL,NULL,NULL,NULL,NULL,NULL),(816,'https://klbtheme.com/partdo/wp-content/uploads/2022/10/1-37.jpg',1892,NULL,'image-ex',187,NULL,NULL,NULL,NULL,NULL,NULL),(817,'https://klbtheme.com/partdo/wp-content/uploads/2022/10/1-36.jpg',1892,NULL,'image-ex',187,NULL,NULL,NULL,NULL,NULL,NULL),(818,'https://klbtheme.com/partdo/wp-content/uploads/2022/10/1-35.jpg',1892,NULL,'image-ex',187,NULL,NULL,NULL,NULL,NULL,NULL),(819,'http://klbtheme.com/partdo/wp-content/uploads/2022/10/banner-43.jpg',1892,NULL,'image-ex',187,NULL,NULL,NULL,NULL,NULL,NULL),(820,'https://klbtheme.com/partdo/wp-content/uploads/2022/10/1-3.jpg',1892,NULL,'image-ex',187,NULL,NULL,NULL,NULL,NULL,NULL),(821,'https://klbtheme.com/partdo/wp-content/uploads/2022/10/1-2.jpg',1892,NULL,'image-ex',187,NULL,NULL,NULL,NULL,NULL,NULL),(822,'https://klbtheme.com/partdo/wp-content/uploads/2022/10/1-1.jpg',1892,NULL,'image-ex',187,NULL,NULL,NULL,NULL,NULL,NULL),(823,'http://klbtheme.com/partdo/wp-content/uploads/2022/10/banner-44.jpg',1892,NULL,'image-ex',187,NULL,NULL,NULL,NULL,NULL,NULL),(824,'https://klbtheme.com/partdo/wp-content/uploads/2022/10/1-37.jpg',1892,NULL,'image-ex',187,NULL,NULL,NULL,NULL,NULL,NULL),(825,'https://klbtheme.com/partdo/wp-content/uploads/2022/10/1-36.jpg',1892,NULL,'image-ex',187,NULL,NULL,NULL,NULL,NULL,NULL),(826,'https://klbtheme.com/partdo/wp-content/uploads/2022/10/1-35.jpg',1892,NULL,'image-ex',187,NULL,NULL,NULL,NULL,NULL,NULL),(827,'https://klbtheme.com/partdo/wp-content/uploads/2022/10/1-32.jpg',1892,NULL,'image-ex',187,NULL,NULL,NULL,NULL,NULL,NULL),(828,'https://klbtheme.com/partdo/wp-content/uploads/2022/10/1-31.jpg',1892,NULL,'image-ex',187,NULL,NULL,NULL,NULL,NULL,NULL),(829,'https://klbtheme.com/partdo/wp-content/uploads/2022/11/avatar-01.jpg',1892,NULL,'image-ex',187,NULL,NULL,NULL,NULL,NULL,NULL),(830,'http://klbtheme.com/partdo/wp-content/uploads/2022/10/avatar-02.jpg',1892,NULL,'image-ex',187,NULL,NULL,NULL,NULL,NULL,NULL),(831,'http://klbtheme.com/partdo/wp-content/uploads/2022/10/avatar-03.jpg',1892,NULL,'image-ex',187,NULL,NULL,NULL,NULL,NULL,NULL),(832,'http://klbtheme.com/partdo/wp-content/uploads/2022/10/avatar-04.jpg',1892,NULL,'image-ex',187,NULL,NULL,NULL,NULL,NULL,NULL),(833,'http://klbtheme.com/partdo/wp-content/uploads/2022/10/banner-27.jpg',1892,NULL,'image-ex',187,NULL,NULL,NULL,NULL,NULL,NULL),(834,'http://klbtheme.com/partdo/wp-content/uploads/2022/10/banner-28.jpg',1892,NULL,'image-ex',187,NULL,NULL,NULL,NULL,NULL,NULL),(835,'http://klbtheme.com/partdo/wp-content/uploads/2022/10/logo-8.png',1892,NULL,'image-ex',187,NULL,NULL,NULL,NULL,NULL,NULL),(836,'http://klbtheme.com/partdo/wp-content/uploads/2022/10/logo-7.png',1892,NULL,'image-ex',187,NULL,NULL,NULL,NULL,NULL,NULL),(837,'http://klbtheme.com/partdo/wp-content/uploads/2022/10/logo-5.png',1892,NULL,'image-ex',187,NULL,NULL,NULL,NULL,NULL,NULL),(838,'http://klbtheme.com/partdo/wp-content/uploads/2022/10/logo-6.png',1892,NULL,'image-ex',187,NULL,NULL,NULL,NULL,NULL,NULL),(839,'http://klbtheme.com/partdo/wp-content/uploads/2022/10/logo-4.png',1892,NULL,'image-ex',187,NULL,NULL,NULL,NULL,NULL,NULL),(840,'http://klbtheme.com/partdo/wp-content/uploads/2022/10/logo-3.png',1892,NULL,'image-ex',187,NULL,NULL,NULL,NULL,NULL,NULL),(841,'https://klbtheme.com/partdo/wp-content/uploads/2022/11/logo-1.png',1892,NULL,'image-ex',187,NULL,NULL,NULL,NULL,NULL,NULL),(842,'https://klbtheme.com/partdo/wp-content/uploads/2022/10/blog-04-360x269.jpg',1892,NULL,'image-ex',187,NULL,NULL,NULL,NULL,NULL,NULL),(843,'https://klbtheme.com/partdo/wp-content/uploads/2022/10/blog-03-360x269.jpg',1892,NULL,'image-ex',187,NULL,NULL,NULL,NULL,NULL,NULL),(844,'https://klbtheme.com/partdo/wp-content/uploads/2022/10/blog-02-360x269.jpg',1892,NULL,'image-ex',187,NULL,NULL,NULL,NULL,NULL,NULL),(845,'https://klbtheme.com/partdo/wp-content/uploads/2022/10/blog-01-360x269.jpg',1892,NULL,'image-ex',187,NULL,NULL,NULL,NULL,NULL,NULL),(846,'https://klbtheme.com/partdo/shop/',2051,NULL,'external',188,NULL,NULL,NULL,NULL,NULL,NULL),(847,'https://klbtheme.com/partdo/shop/',2051,NULL,'external',188,NULL,NULL,NULL,NULL,NULL,NULL),(848,'https://klbtheme.com/partdo/shop/',2051,NULL,'external',188,NULL,NULL,NULL,NULL,NULL,NULL),(849,'',2051,NULL,'internal',188,NULL,NULL,NULL,NULL,NULL,NULL),(850,'',2051,NULL,'internal',188,NULL,NULL,NULL,NULL,NULL,NULL),(851,'',2051,NULL,'internal',188,NULL,NULL,NULL,NULL,NULL,NULL),(852,'',2051,NULL,'internal',188,NULL,NULL,NULL,NULL,NULL,NULL),(853,'',2051,NULL,'internal',188,NULL,NULL,NULL,NULL,NULL,NULL),(854,'',2051,NULL,'internal',188,NULL,NULL,NULL,NULL,NULL,NULL),(855,'',2051,NULL,'internal',188,NULL,NULL,NULL,NULL,NULL,NULL),(856,'https://klbtheme.com/partdo/product-category/headlights-lighting/',2051,NULL,'external',188,NULL,NULL,NULL,NULL,NULL,NULL),(857,'https://klbtheme.com/partdo/product-category/headlights-lighting/interior-lights/',2051,NULL,'external',188,NULL,NULL,NULL,NULL,NULL,NULL),(858,'https://klbtheme.com/partdo/product-category/headlights-lighting/license-plate-lights/',2051,NULL,'external',188,NULL,NULL,NULL,NULL,NULL,NULL),(859,'https://klbtheme.com/partdo/product-category/headlights-lighting/rear-fog-lights/',2051,NULL,'external',188,NULL,NULL,NULL,NULL,NULL,NULL),(860,'https://klbtheme.com/partdo/product-category/headlights-lighting/reflectors/',2051,NULL,'external',188,NULL,NULL,NULL,NULL,NULL,NULL),(861,'https://klbtheme.com/partdo/product-category/headlights-lighting/',2051,NULL,'external',188,NULL,NULL,NULL,NULL,NULL,NULL),(862,'https://klbtheme.com/partdo/product-category/interior-accessories/',2051,NULL,'external',188,NULL,NULL,NULL,NULL,NULL,NULL),(863,'https://klbtheme.com/partdo/product-category/interior-accessories/keyless-entry-systems/',2051,NULL,'external',188,NULL,NULL,NULL,NULL,NULL,NULL),(864,'https://klbtheme.com/partdo/product-category/interior-accessories/remote-starters/',2051,NULL,'external',188,NULL,NULL,NULL,NULL,NULL,NULL),(865,'https://klbtheme.com/partdo/product-category/interior-accessories/vehicle-backup-cameras/',2051,NULL,'external',188,NULL,NULL,NULL,NULL,NULL,NULL),(866,'https://klbtheme.com/partdo/product-category/interior-accessories/alarm-systems/',2051,NULL,'external',188,NULL,NULL,NULL,NULL,NULL,NULL),(867,'https://klbtheme.com/partdo/product-category/interior-accessories/',2051,NULL,'external',188,NULL,NULL,NULL,NULL,NULL,NULL),(868,'https://klbtheme.com/partdo/product-category/tires-wheels/',2051,NULL,'external',188,NULL,NULL,NULL,NULL,NULL,NULL),(869,'https://klbtheme.com/partdo/product-category/tires-wheels/truck-bus/',2051,NULL,'external',188,NULL,NULL,NULL,NULL,NULL,NULL),(870,'https://klbtheme.com/partdo/product-category/tires-wheels/all-season/',2051,NULL,'external',188,NULL,NULL,NULL,NULL,NULL,NULL),(871,'https://klbtheme.com/partdo/product-category/tires-wheels/alloy-wheels/',2051,NULL,'external',188,NULL,NULL,NULL,NULL,NULL,NULL),(872,'https://klbtheme.com/partdo/product-category/tires-wheels/competition-tire/',2051,NULL,'external',188,NULL,NULL,NULL,NULL,NULL,NULL),(873,'https://klbtheme.com/partdo/product-category/tires-wheels/',2051,NULL,'external',188,NULL,NULL,NULL,NULL,NULL,NULL),(874,'https://klbtheme.com/partdo/shop/',2051,NULL,'external',188,NULL,NULL,NULL,NULL,NULL,NULL),(875,'https://klbtheme.com/partdo/product/thinkware-f770-dash-cam-dual-channel-wifi-gps-16gb/',2051,NULL,'external',188,NULL,NULL,NULL,NULL,NULL,NULL),(876,'3128',2051,NULL,'internal',188,NULL,NULL,NULL,NULL,NULL,NULL),(877,'https://klbtheme.com/partdo/product/thinkware-f770-dash-cam-dual-channel-wifi-gps-16gb/',2051,NULL,'external',188,NULL,NULL,NULL,NULL,NULL,NULL),(878,'https://klbtheme.com/partdo/product/technaxx-car-alarm-with-charging-function-tx-100/',2051,NULL,'external',188,NULL,NULL,NULL,NULL,NULL,NULL),(879,'3123',2051,NULL,'internal',188,NULL,NULL,NULL,NULL,NULL,NULL),(880,'https://klbtheme.com/partdo/product/technaxx-car-alarm-with-charging-function-tx-100/',2051,NULL,'external',188,NULL,NULL,NULL,NULL,NULL,NULL),(881,'https://klbtheme.com/partdo/product/leather-honey-leather-conditioner-best-leather-conditioner/',2051,NULL,'external',188,NULL,NULL,NULL,NULL,NULL,NULL),(882,'3042',2051,NULL,'internal',188,NULL,NULL,NULL,NULL,NULL,NULL),(883,'https://klbtheme.com/partdo/product/leather-honey-leather-conditioner-best-leather-conditioner/',2051,NULL,'external',188,NULL,NULL,NULL,NULL,NULL,NULL),(884,'https://klbtheme.com/partdo/product/factory-radio-am-fm-radio-cd-player/',2051,NULL,'external',188,NULL,NULL,NULL,NULL,NULL,NULL),(885,'3018',2051,NULL,'internal',188,NULL,NULL,NULL,NULL,NULL,NULL),(886,'https://klbtheme.com/partdo/product/factory-radio-am-fm-radio-cd-player/',2051,NULL,'external',188,NULL,NULL,NULL,NULL,NULL,NULL),(887,'https://klbtheme.com/partdo/product/comsoon-upgraded-bluetooth-5-0-receiver-for-car/',2051,NULL,'external',188,NULL,NULL,NULL,NULL,NULL,NULL),(888,'369',2051,NULL,'internal',188,NULL,NULL,NULL,NULL,NULL,NULL),(889,'https://klbtheme.com/partdo/product/comsoon-upgraded-bluetooth-5-0-receiver-for-car/',2051,NULL,'external',188,NULL,NULL,NULL,NULL,NULL,NULL),(890,'https://klbtheme.com/partdo/product/car-charger-ainope-smallest-4-8a/',2051,NULL,'external',188,NULL,NULL,NULL,NULL,NULL,NULL),(891,'361',2051,NULL,'internal',188,NULL,NULL,NULL,NULL,NULL,NULL),(892,'https://klbtheme.com/partdo/product/car-charger-ainope-smallest-4-8a/',2051,NULL,'external',188,NULL,NULL,NULL,NULL,NULL,NULL),(893,'https://klbtheme.com/partdo/product/auto-vox-cs-2-wireless-backup-camera-kit/',2051,NULL,'external',188,NULL,NULL,NULL,NULL,NULL,NULL),(894,'354',2051,NULL,'internal',188,NULL,NULL,NULL,NULL,NULL,NULL),(895,'https://klbtheme.com/partdo/product/auto-vox-cs-2-wireless-backup-camera-kit/',2051,NULL,'external',188,NULL,NULL,NULL,NULL,NULL,NULL),(896,'https://klbtheme.com/partdo/product/adams-advanced-graphene-ceramic-coating-60ml/',2051,NULL,'external',188,NULL,NULL,NULL,NULL,NULL,NULL),(897,'349',2051,NULL,'internal',188,NULL,NULL,NULL,NULL,NULL,NULL),(898,'https://klbtheme.com/partdo/product/adams-advanced-graphene-ceramic-coating-60ml/',2051,NULL,'external',188,NULL,NULL,NULL,NULL,NULL,NULL),(899,'',2051,NULL,'internal',188,NULL,NULL,NULL,NULL,NULL,NULL),(900,'',2051,NULL,'internal',188,NULL,NULL,NULL,NULL,NULL,NULL),(901,'https://klbtheme.com/partdo/shop/',2051,NULL,'external',188,NULL,NULL,NULL,NULL,NULL,NULL),(902,'https://klbtheme.com/partdo/product/vision-147-daytona-hyper-silver/',2051,NULL,'external',188,NULL,NULL,NULL,NULL,NULL,NULL),(903,'3132',2051,NULL,'internal',188,NULL,NULL,NULL,NULL,NULL,NULL),(904,'https://klbtheme.com/partdo/product/vision-147-daytona-hyper-silver/',2051,NULL,'external',188,NULL,NULL,NULL,NULL,NULL,NULL),(905,'https://klbtheme.com/partdo/product/vision-147-daytona-hyper-silver/',2051,NULL,'external',188,NULL,NULL,NULL,NULL,NULL,NULL),(906,'https://klbtheme.com/partdo/product/vision-147-daytona-hyper-silver/',2051,NULL,'external',188,NULL,NULL,NULL,NULL,NULL,NULL),(907,'https://klbtheme.com/partdo/product/thinkware-f770-dash-cam-dual-channel-wifi-gps-16gb/',2051,NULL,'external',188,NULL,NULL,NULL,NULL,NULL,NULL),(908,'https://klbtheme.com/partdo/product/thinkware-f770-dash-cam-dual-channel-wifi-gps-16gb/',2051,NULL,'external',188,NULL,NULL,NULL,NULL,NULL,NULL),(909,'https://klbtheme.com/partdo/product/technaxx-car-alarm-with-charging-function-tx-100/',2051,NULL,'external',188,NULL,NULL,NULL,NULL,NULL,NULL),(910,'https://klbtheme.com/partdo/product/technaxx-car-alarm-with-charging-function-tx-100/',2051,NULL,'external',188,NULL,NULL,NULL,NULL,NULL,NULL),(911,'https://klbtheme.com/partdo/product/cooper-tires-cobra-radial-g_t/',2051,NULL,'external',188,NULL,NULL,NULL,NULL,NULL,NULL),(912,'372',2051,NULL,'internal',188,NULL,NULL,NULL,NULL,NULL,NULL),(913,'https://klbtheme.com/partdo/product/cooper-tires-cobra-radial-g_t/',2051,NULL,'external',188,NULL,NULL,NULL,NULL,NULL,NULL),(914,'https://klbtheme.com/partdo/product/auto-vox-cs-2-wireless-backup-camera-kit/',2051,NULL,'external',188,NULL,NULL,NULL,NULL,NULL,NULL),(915,'https://klbtheme.com/partdo/product/auto-vox-cs-2-wireless-backup-camera-kit/',2051,NULL,'external',188,NULL,NULL,NULL,NULL,NULL,NULL),(916,'https://klbtheme.com/partdo/product/adams-advanced-graphene-ceramic-coating-60ml/',2051,NULL,'external',188,NULL,NULL,NULL,NULL,NULL,NULL),(917,'https://klbtheme.com/partdo/product/adams-advanced-graphene-ceramic-coating-60ml/',2051,NULL,'external',188,NULL,NULL,NULL,NULL,NULL,NULL),(918,'https://klbtheme.com/partdo/product/5_-monitor-with-1080p-backup-camera/',2051,NULL,'external',188,NULL,NULL,NULL,NULL,NULL,NULL),(919,'https://klbtheme.com/partdo/product/5_-monitor-with-1080p-backup-camera/',2051,NULL,'external',188,NULL,NULL,NULL,NULL,NULL,NULL),(920,'',2051,NULL,'internal',188,NULL,NULL,NULL,NULL,NULL,NULL),(921,'https://klbtheme.com/partdo/shop/',2051,NULL,'external',188,NULL,NULL,NULL,NULL,NULL,NULL),(922,'https://klbtheme.com/partdo/product/vision-147-daytona-hyper-silver/',2051,NULL,'external',188,NULL,NULL,NULL,NULL,NULL,NULL),(923,'3132',2051,NULL,'internal',188,NULL,NULL,NULL,NULL,NULL,NULL),(924,'https://klbtheme.com/partdo/product/vision-147-daytona-hyper-silver/',2051,NULL,'external',188,NULL,NULL,NULL,NULL,NULL,NULL),(925,'https://klbtheme.com/partdo/product/thinkware-f770-dash-cam-dual-channel-wifi-gps-16gb/',2051,NULL,'external',188,NULL,NULL,NULL,NULL,NULL,NULL),(926,'3128',2051,NULL,'internal',188,NULL,NULL,NULL,NULL,NULL,NULL),(927,'https://klbtheme.com/partdo/product/thinkware-f770-dash-cam-dual-channel-wifi-gps-16gb/',2051,NULL,'external',188,NULL,NULL,NULL,NULL,NULL,NULL),(928,'https://klbtheme.com/partdo/product/technaxx-car-alarm-with-charging-function-tx-100/',2051,NULL,'external',188,NULL,NULL,NULL,NULL,NULL,NULL),(929,'3123',2051,NULL,'internal',188,NULL,NULL,NULL,NULL,NULL,NULL),(930,'https://klbtheme.com/partdo/product/technaxx-car-alarm-with-charging-function-tx-100/',2051,NULL,'external',188,NULL,NULL,NULL,NULL,NULL,NULL),(931,'https://klbtheme.com/partdo/product/spyder-projector-headlights/',2051,NULL,'external',188,NULL,NULL,NULL,NULL,NULL,NULL),(932,'3119',2051,NULL,'internal',188,NULL,NULL,NULL,NULL,NULL,NULL),(933,'https://klbtheme.com/partdo/product/spyder-projector-headlights/',2051,NULL,'external',188,NULL,NULL,NULL,NULL,NULL,NULL),(934,'https://klbtheme.com/partdo/product/vision-147-daytona-hyper-silver/',2051,NULL,'external',188,NULL,NULL,NULL,NULL,NULL,NULL),(935,'3132',2051,NULL,'internal',188,NULL,NULL,NULL,NULL,NULL,NULL),(936,'https://klbtheme.com/partdo/product/vision-147-daytona-hyper-silver/',2051,NULL,'external',188,NULL,NULL,NULL,NULL,NULL,NULL),(937,'https://klbtheme.com/partdo/product/vision-147-daytona-hyper-silver/',2051,NULL,'external',188,NULL,NULL,NULL,NULL,NULL,NULL),(938,'3132',2051,NULL,'internal',188,NULL,NULL,NULL,NULL,NULL,NULL),(939,'https://klbtheme.com/partdo/product/vision-147-daytona-hyper-silver/',2051,NULL,'external',188,NULL,NULL,NULL,NULL,NULL,NULL),(940,'https://klbtheme.com/partdo/product/thinkware-f770-dash-cam-dual-channel-wifi-gps-16gb/',2051,NULL,'external',188,NULL,NULL,NULL,NULL,NULL,NULL),(941,'3128',2051,NULL,'internal',188,NULL,NULL,NULL,NULL,NULL,NULL),(942,'https://klbtheme.com/partdo/product/thinkware-f770-dash-cam-dual-channel-wifi-gps-16gb/',2051,NULL,'external',188,NULL,NULL,NULL,NULL,NULL,NULL),(943,'https://klbtheme.com/partdo/product/technaxx-car-alarm-with-charging-function-tx-100/',2051,NULL,'external',188,NULL,NULL,NULL,NULL,NULL,NULL),(944,'3123',2051,NULL,'internal',188,NULL,NULL,NULL,NULL,NULL,NULL),(945,'https://klbtheme.com/partdo/product/technaxx-car-alarm-with-charging-function-tx-100/',2051,NULL,'external',188,NULL,NULL,NULL,NULL,NULL,NULL),(946,'https://klbtheme.com/partdo/product/spyder-projector-headlights/',2051,NULL,'external',188,NULL,NULL,NULL,NULL,NULL,NULL),(947,'3119',2051,NULL,'internal',188,NULL,NULL,NULL,NULL,NULL,NULL),(948,'https://klbtheme.com/partdo/product/spyder-projector-headlights/',2051,NULL,'external',188,NULL,NULL,NULL,NULL,NULL,NULL),(949,'',2051,NULL,'internal',188,NULL,NULL,NULL,NULL,NULL,NULL),(950,'',2051,NULL,'internal',188,NULL,NULL,NULL,NULL,NULL,NULL),(951,'',2051,NULL,'internal',188,NULL,NULL,NULL,NULL,NULL,NULL),(952,'https://klbtheme.com/partdo/shop/',2051,NULL,'external',188,NULL,NULL,NULL,NULL,NULL,NULL),(953,'https://klbtheme.com/partdo/product/comsoon-upgraded-bluetooth-5-0-receiver-for-car/',2051,NULL,'external',188,NULL,NULL,NULL,NULL,NULL,NULL),(954,'369',2051,NULL,'internal',188,NULL,NULL,NULL,NULL,NULL,NULL),(955,'https://klbtheme.com/partdo/product/comsoon-upgraded-bluetooth-5-0-receiver-for-car/',2051,NULL,'external',188,NULL,NULL,NULL,NULL,NULL,NULL),(956,'https://klbtheme.com/partdo/product/adams-advanced-graphene-ceramic-coating-60ml/',2051,NULL,'external',188,NULL,NULL,NULL,NULL,NULL,NULL),(957,'349',2051,NULL,'internal',188,NULL,NULL,NULL,NULL,NULL,NULL),(958,'https://klbtheme.com/partdo/product/adams-advanced-graphene-ceramic-coating-60ml/',2051,NULL,'external',188,NULL,NULL,NULL,NULL,NULL,NULL),(959,'',2051,NULL,'internal',188,NULL,NULL,NULL,NULL,NULL,NULL),(960,'https://klbtheme.com/partdo/blog/',2051,NULL,'external',188,NULL,NULL,NULL,NULL,NULL,NULL),(961,'https://klbtheme.com/partdo/buying-cheap-used-transmissions-isnt-as-risky-as-you-think/',2051,NULL,'external',188,NULL,NULL,NULL,NULL,NULL,NULL),(962,'https://klbtheme.com/partdo/buying-cheap-used-transmissions-isnt-as-risky-as-you-think/',2051,NULL,'external',188,NULL,NULL,NULL,NULL,NULL,NULL),(963,'https://klbtheme.com/partdo/buying-cheap-used-transmissions-isnt-as-risky-as-you-think/',2051,NULL,'external',188,NULL,NULL,NULL,NULL,NULL,NULL),(964,'https://klbtheme.com/partdo/buying-cheap-used-transmissions-isnt-as-risky-as-you-think/',2051,NULL,'external',188,NULL,NULL,NULL,NULL,NULL,NULL),(965,'https://klbtheme.com/partdo/buying-cheap-used-transmissions-isnt-as-risky-as-you-think/',2051,NULL,'external',188,NULL,NULL,NULL,NULL,NULL,NULL),(966,'https://klbtheme.com/partdo/buying-cheap-used-transmissions-isnt-as-risky-as-you-think/',2051,NULL,'external',188,NULL,NULL,NULL,NULL,NULL,NULL),(967,'https://klbtheme.com/partdo/does-toyota-really-make-the-most-reliable-engines/',2051,NULL,'external',188,NULL,NULL,NULL,NULL,NULL,NULL),(968,'https://klbtheme.com/partdo/does-toyota-really-make-the-most-reliable-engines/',2051,NULL,'external',188,NULL,NULL,NULL,NULL,NULL,NULL),(969,'https://klbtheme.com/partdo/does-toyota-really-make-the-most-reliable-engines/',2051,NULL,'external',188,NULL,NULL,NULL,NULL,NULL,NULL),(970,'https://klbtheme.com/partdo/does-toyota-really-make-the-most-reliable-engines/',2051,NULL,'external',188,NULL,NULL,NULL,NULL,NULL,NULL),(971,'https://klbtheme.com/partdo/does-toyota-really-make-the-most-reliable-engines/',2051,NULL,'external',188,NULL,NULL,NULL,NULL,NULL,NULL),(972,'https://klbtheme.com/partdo/does-toyota-really-make-the-most-reliable-engines/',2051,NULL,'external',188,NULL,NULL,NULL,NULL,NULL,NULL),(973,'https://klbtheme.com/partdo/signs-your-car-needs-a-new-ac-compressor/',2051,NULL,'external',188,NULL,NULL,NULL,NULL,NULL,NULL),(974,'https://klbtheme.com/partdo/signs-your-car-needs-a-new-ac-compressor/',2051,NULL,'external',188,NULL,NULL,NULL,NULL,NULL,NULL),(975,'https://klbtheme.com/partdo/signs-your-car-needs-a-new-ac-compressor/',2051,NULL,'external',188,NULL,NULL,NULL,NULL,NULL,NULL),(976,'https://klbtheme.com/partdo/signs-your-car-needs-a-new-ac-compressor/',2051,NULL,'external',188,NULL,NULL,NULL,NULL,NULL,NULL),(977,'https://klbtheme.com/partdo/signs-your-car-needs-a-new-ac-compressor/',2051,NULL,'external',188,NULL,NULL,NULL,NULL,NULL,NULL),(978,'https://klbtheme.com/partdo/signs-your-car-needs-a-new-ac-compressor/',2051,NULL,'external',188,NULL,NULL,NULL,NULL,NULL,NULL),(979,'https://klbtheme.com/partdo/wp-content/uploads/2022/10/slider-12.jpg',2051,NULL,'image-ex',188,NULL,NULL,NULL,NULL,NULL,NULL),(980,'https://klbtheme.com/partdo/wp-content/uploads/2022/10/slider-13.jpg',2051,NULL,'image-ex',188,NULL,NULL,NULL,NULL,NULL,NULL),(981,'https://klbtheme.com/partdo/wp-content/uploads/2022/10/slider-14.jpg',2051,NULL,'image-ex',188,NULL,NULL,NULL,NULL,NULL,NULL),(982,'https://klbtheme.com/partdo/wp-content/uploads/2022/10/logo-8.png',2051,NULL,'image-ex',188,NULL,NULL,NULL,NULL,NULL,NULL),(983,'https://klbtheme.com/partdo/wp-content/uploads/2022/10/logo-7.png',2051,NULL,'image-ex',188,NULL,NULL,NULL,NULL,NULL,NULL),(984,'https://klbtheme.com/partdo/wp-content/uploads/2022/10/logo-6.png',2051,NULL,'image-ex',188,NULL,NULL,NULL,NULL,NULL,NULL),(985,'https://klbtheme.com/partdo/wp-content/uploads/2022/10/logo-5.png',2051,NULL,'image-ex',188,NULL,NULL,NULL,NULL,NULL,NULL),(986,'https://klbtheme.com/partdo/wp-content/uploads/2022/10/logo-4.png',2051,NULL,'image-ex',188,NULL,NULL,NULL,NULL,NULL,NULL),(987,'https://klbtheme.com/partdo/wp-content/uploads/2022/10/logo-3.png',2051,NULL,'image-ex',188,NULL,NULL,NULL,NULL,NULL,NULL),(988,'https://klbtheme.com/partdo/wp-content/uploads/2022/11/logo-1.png',2051,NULL,'image-ex',188,NULL,NULL,NULL,NULL,NULL,NULL),(989,'https://klbtheme.com/partdo/wp-content/uploads/2022/10/category-glowplug.png',2051,NULL,'image-ex',188,NULL,NULL,NULL,NULL,NULL,NULL),(990,'https://klbtheme.com/partdo/wp-content/uploads/2022/10/category-car-care.png',2051,NULL,'image-ex',188,NULL,NULL,NULL,NULL,NULL,NULL),(991,'https://klbtheme.com/partdo/wp-content/uploads/2022/10/category-tyres.png',2051,NULL,'image-ex',188,NULL,NULL,NULL,NULL,NULL,NULL),(992,'https://klbtheme.com/partdo/wp-content/uploads/2022/10/1-36-500x500.jpg',2051,NULL,'image-ex',188,NULL,NULL,NULL,NULL,NULL,NULL),(993,'https://klbtheme.com/partdo/wp-content/uploads/2022/10/1-35-500x500.jpg',2051,NULL,'image-ex',188,NULL,NULL,NULL,NULL,NULL,NULL),(994,'https://klbtheme.com/partdo/wp-content/uploads/2022/10/1-15-500x500.jpg',2051,NULL,'image-ex',188,NULL,NULL,NULL,NULL,NULL,NULL),(995,'https://klbtheme.com/partdo/wp-content/uploads/2022/10/1-9-500x500.jpg',2051,NULL,'image-ex',188,NULL,NULL,NULL,NULL,NULL,NULL),(996,'https://klbtheme.com/partdo/wp-content/uploads/2022/10/1-6-500x500.jpg',2051,NULL,'image-ex',188,NULL,NULL,NULL,NULL,NULL,NULL),(997,'https://klbtheme.com/partdo/wp-content/uploads/2022/10/1-4-500x500.jpg',2051,NULL,'image-ex',188,NULL,NULL,NULL,NULL,NULL,NULL),(998,'https://klbtheme.com/partdo/wp-content/uploads/2022/10/1-3-500x500.jpg',2051,NULL,'image-ex',188,NULL,NULL,NULL,NULL,NULL,NULL),(999,'https://klbtheme.com/partdo/wp-content/uploads/2022/10/1-2-500x500.jpg',2051,NULL,'image-ex',188,NULL,NULL,NULL,NULL,NULL,NULL),(1000,'https://klbtheme.com/partdo/wp-content/uploads/2022/10/banner-45.jpg',2051,NULL,'image-ex',188,NULL,NULL,NULL,NULL,NULL,NULL),(1001,'https://klbtheme.com/partdo/wp-content/uploads/2022/10/banner-46.jpg',2051,NULL,'image-ex',188,NULL,NULL,NULL,NULL,NULL,NULL),(1002,'https://klbtheme.com/partdo/wp-content/uploads/2022/10/1-37-500x500.jpg',2051,NULL,'image-ex',188,NULL,NULL,NULL,NULL,NULL,NULL),(1003,'https://klbtheme.com/partdo/wp-content/uploads/2022/10/1-37-500x500.jpg',2051,NULL,'image-ex',188,NULL,NULL,NULL,NULL,NULL,NULL),(1004,'https://klbtheme.com/partdo/wp-content/uploads/2022/10/1-36-500x500.jpg',2051,NULL,'image-ex',188,NULL,NULL,NULL,NULL,NULL,NULL),(1005,'https://klbtheme.com/partdo/wp-content/uploads/2022/10/1-35-500x500.jpg',2051,NULL,'image-ex',188,NULL,NULL,NULL,NULL,NULL,NULL),(1006,'https://klbtheme.com/partdo/wp-content/uploads/2022/10/1-7-500x500.jpg',2051,NULL,'image-ex',188,NULL,NULL,NULL,NULL,NULL,NULL),(1007,'https://klbtheme.com/partdo/wp-content/uploads/2022/10/1-3-500x500.jpg',2051,NULL,'image-ex',188,NULL,NULL,NULL,NULL,NULL,NULL),(1008,'https://klbtheme.com/partdo/wp-content/uploads/2022/10/1-2-500x500.jpg',2051,NULL,'image-ex',188,NULL,NULL,NULL,NULL,NULL,NULL),(1009,'https://klbtheme.com/partdo/wp-content/uploads/2022/10/1-1-500x500.jpg',2051,NULL,'image-ex',188,NULL,NULL,NULL,NULL,NULL,NULL),(1010,'https://klbtheme.com/partdo/wp-content/uploads/2022/10/banner-44.jpg',2051,NULL,'image-ex',188,NULL,NULL,NULL,NULL,NULL,NULL),(1011,'https://klbtheme.com/partdo/wp-content/uploads/2022/10/1-37-500x500.jpg',2051,NULL,'image-ex',188,NULL,NULL,NULL,NULL,NULL,NULL),(1012,'https://klbtheme.com/partdo/wp-content/uploads/2022/10/1-36-500x500.jpg',2051,NULL,'image-ex',188,NULL,NULL,NULL,NULL,NULL,NULL),(1013,'https://klbtheme.com/partdo/wp-content/uploads/2022/10/1-35-500x500.jpg',2051,NULL,'image-ex',188,NULL,NULL,NULL,NULL,NULL,NULL),(1014,'https://klbtheme.com/partdo/wp-content/uploads/2022/10/1-34-500x500.jpg',2051,NULL,'image-ex',188,NULL,NULL,NULL,NULL,NULL,NULL),(1015,'https://klbtheme.com/partdo/wp-content/uploads/2022/10/1-37-500x500.jpg',2051,NULL,'image-ex',188,NULL,NULL,NULL,NULL,NULL,NULL),(1016,'https://klbtheme.com/partdo/wp-content/uploads/2022/10/1-37-500x500.jpg',2051,NULL,'image-ex',188,NULL,NULL,NULL,NULL,NULL,NULL),(1017,'https://klbtheme.com/partdo/wp-content/uploads/2022/10/1-36-500x500.jpg',2051,NULL,'image-ex',188,NULL,NULL,NULL,NULL,NULL,NULL),(1018,'https://klbtheme.com/partdo/wp-content/uploads/2022/10/1-35-500x500.jpg',2051,NULL,'image-ex',188,NULL,NULL,NULL,NULL,NULL,NULL),(1019,'https://klbtheme.com/partdo/wp-content/uploads/2022/10/1-34-500x500.jpg',2051,NULL,'image-ex',188,NULL,NULL,NULL,NULL,NULL,NULL),(1020,'https://klbtheme.com/partdo/wp-content/uploads/2022/10/banner-32.jpg',2051,NULL,'image-ex',188,NULL,NULL,NULL,NULL,NULL,NULL),(1021,'https://klbtheme.com/partdo/wp-content/uploads/2022/10/banner-33.jpg',2051,NULL,'image-ex',188,NULL,NULL,NULL,NULL,NULL,NULL),(1022,'https://klbtheme.com/partdo/wp-content/uploads/2022/10/banner-34.jpg',2051,NULL,'image-ex',188,NULL,NULL,NULL,NULL,NULL,NULL),(1023,'https://klbtheme.com/partdo/wp-content/uploads/2022/10/1-6.jpg',2051,NULL,'image-ex',188,NULL,NULL,NULL,NULL,NULL,NULL),(1024,'https://klbtheme.com/partdo/wp-content/uploads/2022/10/1-2.jpg',2051,NULL,'image-ex',188,NULL,NULL,NULL,NULL,NULL,NULL),(1025,'https://klbtheme.com/partdo/wp-content/uploads/2022/10/blog-04-397x297.jpg',2051,NULL,'image-ex',188,NULL,NULL,NULL,NULL,NULL,NULL),(1026,'https://klbtheme.com/partdo/wp-content/uploads/2022/10/blog-03-397x297.jpg',2051,NULL,'image-ex',188,NULL,NULL,NULL,NULL,NULL,NULL),(1027,'https://klbtheme.com/partdo/wp-content/uploads/2022/10/blog-02-397x297.jpg',2051,NULL,'image-ex',188,NULL,NULL,NULL,NULL,NULL,NULL),(1030,'',2349,NULL,'internal',202,NULL,NULL,NULL,NULL,NULL,NULL),(1031,'',2349,NULL,'internal',202,NULL,NULL,NULL,NULL,NULL,NULL),(1032,'',2349,NULL,'internal',202,NULL,NULL,NULL,NULL,NULL,NULL),(1033,'',2349,NULL,'internal',202,NULL,NULL,NULL,NULL,NULL,NULL),(1034,'',2349,NULL,'internal',202,NULL,NULL,NULL,NULL,NULL,NULL),(1035,'',2349,NULL,'internal',202,NULL,NULL,NULL,NULL,NULL,NULL),(1036,'',2349,NULL,'internal',202,NULL,NULL,NULL,NULL,NULL,NULL),(1037,'https://klbtheme.com/partdo/wp-content/plugins/partdo-core/elementor/images/image-01.jpg',2349,NULL,'image-ex',202,NULL,NULL,NULL,NULL,NULL,NULL),(1038,'https://klbtheme.com/partdo/wp-content/uploads/2022/10/image-02.jpg',2349,NULL,'image-ex',202,NULL,NULL,NULL,NULL,NULL,NULL),(1039,'https://klbtheme.com/partdo/wp-content/uploads/2022/10/image-03.jpg',2349,NULL,'image-ex',202,NULL,NULL,NULL,NULL,NULL,NULL),(1040,'https://klbtheme.com/partdo/wp-content/uploads/2022/10/image-04.jpg',2349,NULL,'image-ex',202,NULL,NULL,NULL,NULL,NULL,NULL),(1041,'https://klbtheme.com/partdo/wp-content/uploads/2022/10/image-05.jpg',2349,NULL,'image-ex',202,NULL,NULL,NULL,NULL,NULL,NULL),(1042,'http://klbtheme.com/partdo/wp-content/uploads/2022/10/logo-8.png',2349,NULL,'image-ex',202,NULL,NULL,NULL,NULL,NULL,NULL),(1043,'http://klbtheme.com/partdo/wp-content/uploads/2022/10/logo-7.png',2349,NULL,'image-ex',202,NULL,NULL,NULL,NULL,NULL,NULL),(1044,'http://klbtheme.com/partdo/wp-content/uploads/2022/10/logo-6.png',2349,NULL,'image-ex',202,NULL,NULL,NULL,NULL,NULL,NULL),(1045,'http://klbtheme.com/partdo/wp-content/uploads/2022/10/logo-5.png',2349,NULL,'image-ex',202,NULL,NULL,NULL,NULL,NULL,NULL),(1046,'http://klbtheme.com/partdo/wp-content/uploads/2022/10/logo-4.png',2349,NULL,'image-ex',202,NULL,NULL,NULL,NULL,NULL,NULL),(1047,'http://klbtheme.com/partdo/wp-content/plugins/partdo-core/elementor/images/logo-1.png',2349,NULL,'image-ex',202,NULL,NULL,NULL,NULL,NULL,NULL),(1048,'http://klbtheme.com/partdo/wp-content/plugins/partdo-core/elementor/images/logo-1.png',2349,NULL,'image-ex',202,NULL,NULL,NULL,NULL,NULL,NULL),(1222,'http://rpower.local/cart-2/?remove_item=98f13708210194c475687be6106a3b84&#038;_wpnonce=f15902b908',7,124,'internal',239,179,NULL,NULL,NULL,NULL,NULL),(1223,'http://rpower.local/product/r-power-db500kse-500kva-220-400v-groupe-electrogene-industriel-insonorise-1500tr-min/',7,20,'internal',239,1,NULL,NULL,NULL,NULL,NULL),(1224,'http://rpower.local/product/r-power-db500kse-500kva-220-400v-groupe-electrogene-industriel-insonorise-1500tr-min/',7,20,'internal',239,1,NULL,NULL,NULL,NULL,NULL),(1225,'#',7,4115,'internal',239,177,NULL,NULL,NULL,NULL,NULL),(1226,'http://rpower.local/checkout-2/',7,125,'internal',239,180,NULL,NULL,NULL,NULL,NULL),(1227,'http://rpower.local/cart-2/?remove_item=98f13708210194c475687be6106a3b84&#038;_wpnonce=f15902b908',7,124,'internal',239,179,NULL,NULL,NULL,NULL,NULL),(1228,'http://rpower.local/product/r-power-db500kse-500kva-220-400v-groupe-electrogene-industriel-insonorise-1500tr-min/',7,20,'internal',239,1,NULL,NULL,NULL,NULL,NULL),(1229,'http://rpower.local/product/r-power-db500kse-500kva-220-400v-groupe-electrogene-industriel-insonorise-1500tr-min/',7,20,'internal',239,1,NULL,NULL,NULL,NULL,NULL),(1230,'#',7,4115,'internal',239,177,NULL,NULL,NULL,NULL,NULL),(1231,'http://rpower.local/checkout-2/',7,125,'internal',239,180,NULL,NULL,NULL,NULL,NULL),(1232,'http://rpower.local/wp-content/uploads/2023/06/r-power-db500kse-500kva-220400v-groupe-electrogene-industriel-insonorise-1500trmin-450x450.jpg',7,21,'image-in',239,NULL,1344,1792,453669,NULL,NULL),(1233,'http://rpower.local/wp-content/uploads/2023/06/r-power-db500kse-500kva-220400v-groupe-electrogene-industriel-insonorise-1500trmin-450x450.jpg',7,21,'image-in',239,NULL,1344,1792,453669,NULL,NULL),(3090,'http://rpower.local',7243,4115,'internal',826,177,NULL,NULL,NULL,NULL,NULL),(3091,'http://rpower.local',7244,4115,'internal',827,177,NULL,NULL,NULL,NULL,NULL),(3260,'#',4115,4115,'internal',177,177,NULL,NULL,NULL,NULL,NULL),(3261,'#',4115,4115,'internal',177,177,NULL,NULL,NULL,NULL,NULL),(3262,'#',4115,4115,'internal',177,177,NULL,NULL,NULL,NULL,NULL),(3267,'#',4115,4115,'internal',177,177,NULL,NULL,NULL,NULL,NULL),(3407,'#',7278,4115,'internal',830,177,NULL,NULL,NULL,NULL,NULL),(3408,'https://karma-consult.com/',7278,NULL,'external',830,NULL,NULL,NULL,NULL,NULL,NULL),(3417,'http://rpower.local/product/avr-as440/?tiwp=7',314,7089,'internal',183,282,NULL,NULL,NULL,NULL,NULL),(3418,'http://rpower.local/product/avr-as440/?tiwp=7',314,7089,'internal',183,282,NULL,NULL,NULL,NULL,NULL),(3419,'http://rpower.local/product/test/?tiwp=4',314,7271,'internal',183,828,NULL,NULL,NULL,NULL,NULL),(3420,'http://rpower.local/product/test/?tiwp=4',314,7271,'internal',183,828,NULL,NULL,NULL,NULL,NULL),(3421,'http://rpower.local/product/test/',314,7271,'internal',183,828,NULL,NULL,NULL,NULL,NULL),(3422,'http://rpower.local/product/balais-dalternateur-porte-charbon-10kw-125kva/?tiwp=2',314,7087,'internal',183,283,NULL,NULL,NULL,NULL,NULL),(3423,'http://rpower.local/product/balais-dalternateur-porte-charbon-10kw-125kva/?tiwp=2',314,7087,'internal',183,283,NULL,NULL,NULL,NULL,NULL),(3424,'http://rpower.local/product/avr-as440/?tiwp=1',314,7089,'internal',183,282,NULL,NULL,NULL,NULL,NULL),(3425,'http://rpower.local/product/avr-as440/?tiwp=1',314,7089,'internal',183,282,NULL,NULL,NULL,NULL,NULL),(3426,'https://www.facebook.com/sharer/sharer.php?u=http%3A%2F%2Frpower.local%2Fwishlist%2F335581%2F',314,NULL,'external',183,NULL,NULL,NULL,NULL,NULL,NULL),(3427,'https://twitter.com/share?url=http%3A%2F%2Frpower.local%2Fwishlist%2F335581%2F',314,NULL,'external',183,NULL,NULL,NULL,NULL,NULL,NULL),(3428,'http://pinterest.com/pin/create/button/?url=http%3A%2F%2Frpower.local%2Fwishlist%2F335581%2F',314,NULL,'external',183,NULL,NULL,NULL,NULL,NULL,NULL),(3429,'https://api.whatsapp.com/send?text=http%3A%2F%2Frpower.local%2Fwishlist%2F335581%2F',314,NULL,'external',183,NULL,NULL,NULL,NULL,NULL,NULL),(3430,'http://rpower.local/wishlist/335581/',314,314,'internal',183,183,NULL,NULL,NULL,NULL,NULL),(3431,'mailto:?body=http%3A%2F%2Frpower.local%2Fwishlist%2F335581%2F',314,NULL,'external',183,NULL,NULL,NULL,NULL,NULL,NULL),(3432,'http://rpower.local/wp-content/uploads/2023/07/avr-as440-300x300.jpg',314,7088,'image-in',183,NULL,455,711,61604,NULL,NULL),(3433,'http://rpower.local/wp-content/uploads/woocommerce-placeholder-300x300.png',314,5,'image-in',183,NULL,1200,1200,102644,NULL,NULL),(3434,'http://rpower.local/wp-content/uploads/2023/07/balais-d-alternateur-porte-charbon-10kw-125kva-300x300.jpg',314,7085,'image-in',183,NULL,1564,1564,89878,NULL,NULL),(3435,'http://rpower.local/wp-content/uploads/2023/07/avr-as440-300x300.jpg',314,7088,'image-in',183,NULL,455,711,61604,NULL,NULL),(3436,'http://rpower.local',314,4115,'internal',183,177,NULL,NULL,NULL,NULL,NULL),(3437,'http://rpower.local',7459,4115,'internal',839,177,NULL,NULL,NULL,NULL,NULL),(3438,'http://rpower.local',7477,4115,'internal',840,177,NULL,NULL,NULL,NULL,NULL),(3439,'https://rpower.shop/nous-contacter',7477,NULL,'external',840,NULL,NULL,NULL,NULL,NULL,NULL),(3440,'https://www.payplug.com/hubfs/CGV%20PayPlug%20Oney%20pour%20CGV%20site%20marchand.pdf',7477,NULL,'external',840,NULL,NULL,NULL,NULL,NULL,NULL),(3441,'https://rpower.shop/nous-contacter',7477,NULL,'external',840,NULL,NULL,NULL,NULL,NULL,NULL),(3442,'https://rpower.shop/nous-contacter',7477,NULL,'external',840,NULL,NULL,NULL,NULL,NULL,NULL),(3443,'http://rpower.local',7483,4115,'internal',841,177,NULL,NULL,NULL,NULL,NULL),(3444,'https://rpower.shop/img/cms/cms-logo-paypal.png',7483,NULL,'image-ex',841,NULL,NULL,NULL,NULL,NULL,NULL),(3445,'https://rpower.shop/img/cms/cms-logo-virement-bancaire.png',7483,NULL,'image-ex',841,NULL,NULL,NULL,NULL,NULL,NULL),(3446,'https://rpower.shop/img/cms/cms-logo-credit-card.png',7483,NULL,'image-ex',841,NULL,NULL,NULL,NULL,NULL,NULL),(3479,'https://dev.rpower.shop',7222,4115,'internal',823,177,NULL,NULL,NULL,NULL,NULL),(3480,'https://shop-fbi.fr/img/cms/3.jpeg',5777,NULL,'image-ex',705,NULL,NULL,NULL,NULL,NULL,NULL),(3481,'https://shop-fbi.fr/img/cms/4.jpeg',5777,NULL,'image-ex',705,NULL,NULL,NULL,NULL,NULL,NULL),(3482,'https://shop-fbi.fr/img/cms/5.jpeg',5777,NULL,'image-ex',705,NULL,NULL,NULL,NULL,NULL,NULL),(3483,'https://shop-fbi.fr/img/cms/6.jpeg',5777,NULL,'image-ex',705,NULL,NULL,NULL,NULL,NULL,NULL),(3484,'https://shop-fbi.fr/img/cms/7.jpeg',5777,NULL,'image-ex',705,NULL,NULL,NULL,NULL,NULL,NULL),(3485,'https://shop-fbi.fr/img/cms/8.jpeg',5777,NULL,'image-ex',705,NULL,NULL,NULL,NULL,NULL,NULL),(3517,'https://dev.rpower.shop',7307,4115,'internal',832,177,NULL,NULL,NULL,NULL,NULL),(3519,'http://rpower.local',2144,NULL,'external',201,NULL,NULL,NULL,NULL,NULL,NULL),(3521,'http://rpower.local',126,NULL,'external',181,NULL,NULL,NULL,NULL,NULL,NULL),(3522,'https://dev.rpower.shop',7278,4115,'internal',830,177,NULL,NULL,NULL,NULL,NULL),(3523,'/contact/',7278,2144,'internal',830,201,NULL,NULL,NULL,NULL,NULL),(3525,'http://rpower.local',125,NULL,'external',180,NULL,NULL,NULL,NULL,NULL,NULL),(3572,'https://dev.rpower.shop/wp-content/uploads/2023/06/icon_.png',4115,4358,'image-in',177,NULL,58,58,2412,NULL,NULL),(3573,'https://dev.rpower.shop/wp-content/uploads/2023/06/icon_2.png',4115,4359,'image-in',177,NULL,58,58,2046,NULL,NULL),(3574,'https://dev.rpower.shop/wp-content/uploads/2023/06/icon_3.png',4115,4360,'image-in',177,NULL,58,58,2364,NULL,NULL),(3575,'https://dev.rpower.shop/wp-content/uploads/2023/06/icon_4-1.png',4115,4362,'image-in',177,NULL,58,58,1680,NULL,NULL),(3660,'https://klbtheme.com/partdo/shop/',4115,NULL,'external',177,NULL,NULL,NULL,NULL,NULL,NULL),(3662,'https://klbtheme.com/partdo/shop/?filter_cat=37',4115,NULL,'external',177,NULL,NULL,NULL,NULL,NULL,NULL),(3663,'https://klbtheme.com/partdo/shop/?filter_cat=49',4115,NULL,'external',177,NULL,NULL,NULL,NULL,NULL,NULL),(3664,'https://klbtheme.com/partdo/shop/',4115,NULL,'external',177,NULL,NULL,NULL,NULL,NULL,NULL),(3665,'https://klbtheme.com/partdo/shop/?orderby=popularity',4115,NULL,'external',177,NULL,NULL,NULL,NULL,NULL,NULL),(3666,'',4115,NULL,'internal',177,3,NULL,NULL,NULL,NULL,NULL),(3667,'https://klbtheme.com/partdo/shop/?featured=yes',4115,NULL,'external',177,NULL,NULL,NULL,NULL,NULL,NULL),(3671,'https://dev.rpower.shop/pieces-detachees-1500tr-min-diesel/avr-as440/',4115,NULL,'internal',177,NULL,NULL,NULL,NULL,NULL,NULL),(3672,'https://dev.rpower.shop/pieces-detachees-1500tr-min-diesel/avr-as440/',4115,NULL,'internal',177,NULL,NULL,NULL,NULL,NULL,NULL),(3673,'https://dev.rpower.shop/pieces-generatrices-electrique/balais-dalternateur-porte-charbon-10kw-125kva/',4115,NULL,'internal',177,NULL,NULL,NULL,NULL,NULL,NULL),(3674,'https://dev.rpower.shop/pieces-generatrices-electrique/balais-dalternateur-porte-charbon-10kw-125kva/',4115,NULL,'internal',177,NULL,NULL,NULL,NULL,NULL,NULL),(3675,'https://dev.rpower.shop/pieces-detachees-3000tr-min/carter-moteur-diesel-d400/',4115,NULL,'internal',177,NULL,NULL,NULL,NULL,NULL,NULL),(3676,'https://dev.rpower.shop/pieces-detachees-3000tr-min/carter-moteur-diesel-d400/',4115,NULL,'internal',177,NULL,NULL,NULL,NULL,NULL,NULL),(3677,'https://dev.rpower.shop/pieces-detachees-3000tr-min/carter-moteur-diesel-d400/',4115,NULL,'internal',177,NULL,NULL,NULL,NULL,NULL,NULL),(3678,'https://dev.rpower.shop/pieces-detachees-3000tr-min/joint-de-culasse-d400/',4115,NULL,'internal',177,NULL,NULL,NULL,NULL,NULL,NULL),(3679,'https://dev.rpower.shop/pieces-detachees-3000tr-min/joint-de-culasse-d400/',4115,NULL,'internal',177,NULL,NULL,NULL,NULL,NULL,NULL),(3680,'https://dev.rpower.shop/pieces-detachees-3000tr-min/flasque-carter-moteur-diesel-d400/',4115,NULL,'internal',177,NULL,NULL,NULL,NULL,NULL,NULL),(3681,'https://dev.rpower.shop/pieces-detachees-3000tr-min/flasque-carter-moteur-diesel-d400/',4115,NULL,'internal',177,NULL,NULL,NULL,NULL,NULL,NULL),(3682,'https://dev.rpower.shop/consommables/filtre-a-huile-tamis-d300-d400-d500/',4115,NULL,'internal',177,NULL,NULL,NULL,NULL,NULL,NULL),(3683,'https://dev.rpower.shop/consommables/filtre-a-huile-tamis-d300-d400-d500/',4115,NULL,'internal',177,NULL,NULL,NULL,NULL,NULL,NULL),(3684,'https://dev.rpower.shop/pieces-detachees-3000tr-min/piston-diesel-d400/',4115,NULL,'internal',177,NULL,NULL,NULL,NULL,NULL,NULL),(3685,'https://dev.rpower.shop/pieces-detachees-3000tr-min/piston-diesel-d400/',4115,NULL,'internal',177,NULL,NULL,NULL,NULL,NULL,NULL),(3686,'https://klbtheme.com/partdo/shop/?ft=load-more',4115,NULL,'external',177,NULL,NULL,NULL,NULL,NULL,NULL),(3687,'https://klbtheme.com/partdo/shop/?column=2',4115,NULL,'external',177,NULL,NULL,NULL,NULL,NULL,NULL),(3688,'https://klbtheme.com/partdo/shop/?ft=load-more',4115,NULL,'external',177,NULL,NULL,NULL,NULL,NULL,NULL),(3689,'https://klbtheme.com/partdo/shop/',4115,NULL,'external',177,NULL,NULL,NULL,NULL,NULL,NULL),(3690,'https://klbtheme.com/partdo/product/fuel-d771-twitch-1pc-candy-red-with-milled-accents/',4115,NULL,'external',177,NULL,NULL,NULL,NULL,NULL,NULL),(3691,'https://klbtheme.com/partdo/product/general-altimax-365aw/',4115,NULL,'external',177,NULL,NULL,NULL,NULL,NULL,NULL),(3692,'https://klbtheme.com/partdo/product/radar-dimax-as-8-215_55r17-94v/',4115,NULL,'external',177,NULL,NULL,NULL,NULL,NULL,NULL),(3693,'',4115,NULL,'internal',177,3,NULL,NULL,NULL,NULL,NULL),(3694,'https://klbtheme.com/partdo/blog/',4115,NULL,'external',177,NULL,NULL,NULL,NULL,NULL,NULL),(3695,'https://dev.rpower.shop/buying-cheap-used-transmissions-isnt-as-risky-as-you-think/',4115,807,'internal',177,200,NULL,NULL,NULL,NULL,NULL),(3696,'https://dev.rpower.shop/buying-cheap-used-transmissions-isnt-as-risky-as-you-think/',4115,807,'internal',177,200,NULL,NULL,NULL,NULL,NULL),(3697,'https://dev.rpower.shop/buying-cheap-used-transmissions-isnt-as-risky-as-you-think/',4115,807,'internal',177,200,NULL,NULL,NULL,NULL,NULL),(3698,'https://dev.rpower.shop/buying-cheap-used-transmissions-isnt-as-risky-as-you-think/',4115,807,'internal',177,200,NULL,NULL,NULL,NULL,NULL),(3699,'https://dev.rpower.shop/buying-cheap-used-transmissions-isnt-as-risky-as-you-think/',4115,807,'internal',177,200,NULL,NULL,NULL,NULL,NULL),(3700,'https://dev.rpower.shop/buying-cheap-used-transmissions-isnt-as-risky-as-you-think/',4115,807,'internal',177,200,NULL,NULL,NULL,NULL,NULL),(3701,'https://dev.rpower.shop/does-toyota-really-make-the-most-reliable-engines/',4115,805,'internal',177,199,NULL,NULL,NULL,NULL,NULL),(3702,'https://dev.rpower.shop/does-toyota-really-make-the-most-reliable-engines/',4115,805,'internal',177,199,NULL,NULL,NULL,NULL,NULL),(3703,'https://dev.rpower.shop/does-toyota-really-make-the-most-reliable-engines/',4115,805,'internal',177,199,NULL,NULL,NULL,NULL,NULL),(3704,'https://dev.rpower.shop/does-toyota-really-make-the-most-reliable-engines/',4115,805,'internal',177,199,NULL,NULL,NULL,NULL,NULL),(3705,'https://dev.rpower.shop/does-toyota-really-make-the-most-reliable-engines/',4115,805,'internal',177,199,NULL,NULL,NULL,NULL,NULL),(3706,'https://dev.rpower.shop/does-toyota-really-make-the-most-reliable-engines/',4115,805,'internal',177,199,NULL,NULL,NULL,NULL,NULL),(3707,'https://dev.rpower.shop/signs-your-car-needs-a-new-ac-compressor/',4115,800,'internal',177,198,NULL,NULL,NULL,NULL,NULL),(3708,'https://dev.rpower.shop/signs-your-car-needs-a-new-ac-compressor/',4115,800,'internal',177,198,NULL,NULL,NULL,NULL,NULL),(3709,'https://dev.rpower.shop/signs-your-car-needs-a-new-ac-compressor/',4115,800,'internal',177,198,NULL,NULL,NULL,NULL,NULL),(3710,'https://dev.rpower.shop/signs-your-car-needs-a-new-ac-compressor/',4115,800,'internal',177,198,NULL,NULL,NULL,NULL,NULL),(3711,'https://dev.rpower.shop/signs-your-car-needs-a-new-ac-compressor/',4115,800,'internal',177,198,NULL,NULL,NULL,NULL,NULL),(3712,'https://dev.rpower.shop/signs-your-car-needs-a-new-ac-compressor/',4115,800,'internal',177,198,NULL,NULL,NULL,NULL,NULL),(3713,'https://dev.rpower.shop/sul-getreng-seligt-askanka-niliga-kol-reatt-decide-trumpifiering/',4115,797,'internal',177,197,NULL,NULL,NULL,NULL,NULL),(3714,'https://dev.rpower.shop/sul-getreng-seligt-askanka-niliga-kol-reatt-decide-trumpifiering/',4115,797,'internal',177,197,NULL,NULL,NULL,NULL,NULL),(3715,'https://dev.rpower.shop/sul-getreng-seligt-askanka-niliga-kol-reatt-decide-trumpifiering/',4115,797,'internal',177,197,NULL,NULL,NULL,NULL,NULL),(3716,'https://dev.rpower.shop/sul-getreng-seligt-askanka-niliga-kol-reatt-decide-trumpifiering/',4115,797,'internal',177,197,NULL,NULL,NULL,NULL,NULL),(3717,'https://dev.rpower.shop/sul-getreng-seligt-askanka-niliga-kol-reatt-decide-trumpifiering/',4115,797,'internal',177,197,NULL,NULL,NULL,NULL,NULL),(3718,'https://dev.rpower.shop/sul-getreng-seligt-askanka-niliga-kol-reatt-decide-trumpifiering/',4115,797,'internal',177,197,NULL,NULL,NULL,NULL,NULL),(3719,'',4115,NULL,'internal',177,3,NULL,NULL,NULL,NULL,NULL),(3720,'',4115,NULL,'internal',177,3,NULL,NULL,NULL,NULL,NULL),(3721,'',4115,NULL,'internal',177,3,NULL,NULL,NULL,NULL,NULL),(3722,'',4115,NULL,'internal',177,3,NULL,NULL,NULL,NULL,NULL),(3723,'',4115,NULL,'internal',177,3,NULL,NULL,NULL,NULL,NULL),(3724,'',4115,NULL,'internal',177,3,NULL,NULL,NULL,NULL,NULL),(3725,'',4115,NULL,'internal',177,3,NULL,NULL,NULL,NULL,NULL),(3726,'',4115,NULL,'internal',177,3,NULL,NULL,NULL,NULL,NULL),(3728,'https://dev.rpower.shop/wp-content/uploads/2023/06/banner_img.png',4115,4338,'image-in',177,NULL,246,1250,664835,NULL,NULL),(3729,'https://dev.rpower.shop/wp-content/uploads/2023/06/card_1.png',4115,4622,'image-in',177,NULL,233,397,41901,NULL,NULL),(3730,'https://dev.rpower.shop/wp-content/uploads/2023/06/card_2.png',4115,4623,'image-in',177,NULL,233,397,40015,NULL,NULL),(3731,'https://dev.rpower.shop/wp-content/uploads/2023/06/card_3.png',4115,4624,'image-in',177,NULL,233,397,27608,NULL,NULL),(3732,'https://dev.rpower.shop/wp-content/uploads/2023/06/testimonial.png',4115,4447,'image-in',177,NULL,93,104,10984,NULL,NULL),(3733,'',4115,NULL,'image-in',177,NULL,NULL,NULL,NULL,NULL,NULL),(3734,'',4115,NULL,'image-in',177,NULL,NULL,NULL,NULL,NULL,NULL),(3735,'',4115,NULL,'image-in',177,NULL,NULL,NULL,NULL,NULL,NULL),(3736,'',4115,NULL,'image-in',177,NULL,NULL,NULL,NULL,NULL,NULL),(3737,'https://klbtheme.com/partdo/wp-content/uploads/2022/11/banner-04.jpg',4115,NULL,'image-ex',177,NULL,NULL,NULL,NULL,NULL,NULL),(3739,'https://dev.rpower.shop/wp-content/uploads/2023/08/avr-as440-13-689-500x500.jpg',4115,11157,'image-in',177,NULL,455,711,61604,NULL,NULL),(3740,'https://dev.rpower.shop/wp-content/uploads/2023/08/balais-d-alternateur-porte-charbon-10kw-125kva-84-691-500x500.jpg',4115,11155,'image-in',177,NULL,1564,1564,89878,NULL,NULL),(3741,'https://dev.rpower.shop/wp-content/uploads/2023/08/carter-moteur-diesel-d400-43-692-1-500x500.jpg',4115,11154,'image-in',177,NULL,1682,1682,200734,NULL,NULL),(3742,'https://dev.rpower.shop/wp-content/uploads/2023/08/joint-de-culasse-d400-d450-d500-13-694-500x500.jpg',4115,11152,'image-in',177,NULL,1388,1388,83096,NULL,NULL),(3743,'https://dev.rpower.shop/wp-content/uploads/2023/08/flasque-carter-moteur-diesel-d400-10-696-500x500.jpg',4115,11150,'image-in',177,NULL,1848,1848,356605,NULL,NULL),(3744,'https://dev.rpower.shop/wp-content/uploads/2023/08/filtre-a-huile-tamis-d400-d450-d500-8-699-500x500.jpg',4115,11149,'image-in',177,NULL,1864,1864,157585,NULL,NULL),(3745,'https://dev.rpower.shop/wp-content/uploads/2023/08/piston-diesel-d400-19-763-500x500.jpg',4115,11145,'image-in',177,NULL,1448,2048,139004,NULL,NULL),(3746,'https://klbtheme.com/partdo/wp-content/uploads/2022/10/banner-05.jpg',4115,NULL,'image-ex',177,NULL,NULL,NULL,NULL,NULL,NULL),(3747,'https://klbtheme.com/partdo/wp-content/uploads/2022/10/banner-06.jpg',4115,NULL,'image-ex',177,NULL,NULL,NULL,NULL,NULL,NULL),(3748,'https://klbtheme.com/partdo/wp-content/uploads/2022/10/banner-08.jpg',4115,NULL,'image-ex',177,NULL,NULL,NULL,NULL,NULL,NULL),(3749,'https://klbtheme.com/partdo/wp-content/uploads/2022/10/banner-09.jpg',4115,NULL,'image-ex',177,NULL,NULL,NULL,NULL,NULL,NULL),(3750,'https://klbtheme.com/partdo/wp-content/uploads/2022/10/banner-10.jpg',4115,NULL,'image-ex',177,NULL,NULL,NULL,NULL,NULL,NULL),(3751,'https://klbtheme.com/partdo/wp-content/uploads/2022/11/avatar-01.jpg',4115,NULL,'image-ex',177,NULL,NULL,NULL,NULL,NULL,NULL),(3752,'https://klbtheme.com/partdo/wp-content/uploads/2022/10/avatar-02.jpg',4115,NULL,'image-ex',177,NULL,NULL,NULL,NULL,NULL,NULL),(3753,'https://klbtheme.com/partdo/wp-content/uploads/2022/10/avatar-03.jpg',4115,NULL,'image-ex',177,NULL,NULL,NULL,NULL,NULL,NULL),(3754,'https://klbtheme.com/partdo/wp-content/uploads/2022/10/avatar-04.jpg',4115,NULL,'image-ex',177,NULL,NULL,NULL,NULL,NULL,NULL),(3755,'https://dev.rpower.shop/wp-content/uploads/2022/10/blog-04-384x287.jpg',4115,803,'image-in',177,NULL,718,960,123895,NULL,NULL),(3756,'https://dev.rpower.shop/wp-content/uploads/2022/10/blog-03-384x287.jpg',4115,802,'image-in',177,NULL,718,960,80951,NULL,NULL),(3757,'https://dev.rpower.shop/wp-content/uploads/2022/10/blog-02-384x287.jpg',4115,801,'image-in',177,NULL,718,960,135469,NULL,NULL),(3758,'https://dev.rpower.shop/wp-content/uploads/2022/10/blog-01-384x287.jpg',4115,799,'image-in',177,NULL,718,960,175368,NULL,NULL),(3759,'https://klbtheme.com/partdo/wp-content/uploads/2022/10/logo-8.png',4115,NULL,'image-ex',177,NULL,NULL,NULL,NULL,NULL,NULL),(3760,'https://klbtheme.com/partdo/wp-content/uploads/2022/10/logo-7.png',4115,NULL,'image-ex',177,NULL,NULL,NULL,NULL,NULL,NULL),(3761,'https://klbtheme.com/partdo/wp-content/uploads/2022/10/logo-6.png',4115,NULL,'image-ex',177,NULL,NULL,NULL,NULL,NULL,NULL),(3762,'https://klbtheme.com/partdo/wp-content/uploads/2022/10/logo-5.png',4115,NULL,'image-ex',177,NULL,NULL,NULL,NULL,NULL,NULL),(3763,'https://klbtheme.com/partdo/wp-content/uploads/2022/10/logo-4.png',4115,NULL,'image-ex',177,NULL,NULL,NULL,NULL,NULL,NULL),(3764,'https://klbtheme.com/partdo/wp-content/uploads/2022/10/logo-3.png',4115,NULL,'image-ex',177,NULL,NULL,NULL,NULL,NULL,NULL),(3765,'https://klbtheme.com/partdo/wp-content/uploads/2022/10/logo-2.png',4115,NULL,'image-ex',177,NULL,NULL,NULL,NULL,NULL,NULL),(3766,'https://klbtheme.com/partdo/wp-content/uploads/2022/11/logo-1.png',4115,NULL,'image-ex',177,NULL,NULL,NULL,NULL,NULL,NULL),(3825,'https://klbtheme.com/partdo/wp-content/uploads/2022/11/slider-01.jpg',4115,NULL,'image-ex',177,NULL,NULL,NULL,NULL,NULL,NULL),(3826,'https://dev.rpower.shop/wp-content/uploads/2023/09/COMAP_LOGO.png.png',4115,11507,'image-in',177,NULL,59,165,7172,NULL,NULL),(3827,'https://dev.rpower.shop/wp-content/uploads/2023/09/DATAKOM.jpg.png',4115,11506,'image-in',177,NULL,62,176,7598,NULL,NULL),(3828,'https://dev.rpower.shop/wp-content/uploads/2023/09/LEROY_SOMER_LOGO.png.png',4115,11505,'image-in',177,NULL,45,139,6692,NULL,NULL),(3829,'https://dev.rpower.shop/wp-content/uploads/2023/09/ANNOVI_LOGO.png.png',4115,11504,'image-in',177,NULL,49,140,4682,NULL,NULL),(3830,'https://dev.rpower.shop/wp-content/uploads/2023/09/ANNOVI_LOGO.png-1.png',4115,11503,'image-in',177,NULL,75,144,3436,NULL,NULL),(3831,'https://dev.rpower.shop/wp-content/uploads/2023/09/ANNOVI_LOGO.png-2.png',4115,11502,'image-in',177,NULL,61,144,3234,NULL,NULL),(3832,'https://dev.rpower.shop/wp-content/uploads/2023/09/ANNOVI_LOGO.png-3.png',4115,11501,'image-in',177,NULL,51,144,4235,NULL,NULL),(3833,'https://dev.rpower.shop/wp-content/uploads/2023/09/ANNOVI_LOGO.png-5.png',4115,11499,'image-in',177,NULL,51,144,7939,NULL,NULL),(3834,'https://dev.rpower.shop/wp-content/uploads/2023/09/ANNOVI_LOGO.png-4.png',4115,11500,'image-in',177,NULL,51,144,4185,NULL,NULL),(3835,'https://dev.rpower.shop/wp-content/uploads/2023/09/ANNOVI_LOGO.png-6.png',4115,11498,'image-in',177,NULL,51,144,4725,NULL,NULL),(3836,'https://dev.rpower.shop/wp-content/uploads/2023/09/baudouin-color.png',4115,11497,'image-in',177,NULL,80,180,5710,NULL,NULL),(3837,'https://dev.rpower.shop/wp-content/uploads/2023/09/ANNOVI_LOGO.png-8.png',4115,11495,'image-in',177,NULL,74,81,3545,NULL,NULL),(3838,'https://dev.rpower.shop/wp-content/uploads/2023/09/ANNOVI_LOGO.png-7.png',4115,11496,'image-in',177,NULL,67,127,9685,NULL,NULL),(3844,'https://dev.rpower.shop/faq',4115,7222,'internal',177,823,NULL,NULL,NULL,NULL,NULL),(3845,'https://dev.rpower.shop/kits-solaires/etude-photovoltaique/',4115,NULL,'internal',177,NULL,NULL,NULL,NULL,NULL,NULL),(3846,'https://dev.rpower.shop/kits-solaires/etude-photovoltaique/',4115,NULL,'internal',177,NULL,NULL,NULL,NULL,NULL,NULL),(3847,'https://dev.rpower.shop/wp-content/uploads/2023/12/image_2023_12_20T11_07_28_525Z-500x500.png',4115,11620,'image-in',177,NULL,480,720,800562,NULL,NULL),(3848,'https://dev.rpower.shop/produits-eco-responsables/',4115,11621,'internal',177,1074,NULL,NULL,NULL,NULL,NULL),(3849,'https://dev.rpower.shop/videos/',4115,7529,'internal',177,866,NULL,NULL,NULL,NULL,NULL),(3850,'https://dev.rpower.shop/pieces-detachees-3000tr-min/',4115,NULL,'internal',177,847,NULL,NULL,NULL,NULL,NULL),(3851,'https://dev.rpower.shop/pieces-detachees-3000tr-min/',4115,NULL,'internal',177,847,NULL,NULL,NULL,NULL,NULL),(3852,'https://dev.rpower.shop/wp-content/uploads/2023/12/image_2023_12_20T11_07_28_525Z.png',11621,11620,'image-in',1074,NULL,480,720,800562,NULL,NULL),(3853,'https://dev.rpower.shop/wp-content/uploads/2023/09/COMAP_LOGO.png.png',7525,11507,'image-in',865,NULL,59,165,7172,NULL,NULL),(3854,'https://dev.rpower.shop/wp-content/uploads/2023/09/DATAKOM.jpg.png',7525,11506,'image-in',865,NULL,62,176,7598,NULL,NULL),(3855,'https://dev.rpower.shop/wp-content/uploads/2023/09/LEROY_SOMER_LOGO.png.png',7525,11505,'image-in',865,NULL,45,139,6692,NULL,NULL),(3856,'https://dev.rpower.shop/wp-content/uploads/2023/09/ANNOVI_LOGO.png.png',7525,11504,'image-in',865,NULL,49,140,4682,NULL,NULL),(3857,'https://dev.rpower.shop/wp-content/uploads/2023/09/ANNOVI_LOGO.png-1.png',7525,11503,'image-in',865,NULL,75,144,3436,NULL,NULL),(3858,'https://dev.rpower.shop/wp-content/uploads/2023/09/ANNOVI_LOGO.png-2.png',7525,11502,'image-in',865,NULL,61,144,3234,NULL,NULL),(3859,'https://dev.rpower.shop/wp-content/uploads/2023/09/ANNOVI_LOGO.png-3.png',7525,11501,'image-in',865,NULL,51,144,4235,NULL,NULL),(3860,'https://dev.rpower.shop/wp-content/uploads/2023/09/ANNOVI_LOGO.png-5.png',7525,11499,'image-in',865,NULL,51,144,7939,NULL,NULL),(3861,'https://dev.rpower.shop/wp-content/uploads/2023/09/ANNOVI_LOGO.png-4.png',7525,11500,'image-in',865,NULL,51,144,4185,NULL,NULL),(3862,'https://dev.rpower.shop/wp-content/uploads/2023/09/ANNOVI_LOGO.png-6.png',7525,11498,'image-in',865,NULL,51,144,4725,NULL,NULL),(3863,'https://dev.rpower.shop/wp-content/uploads/2023/09/baudouin-color.png',7525,11497,'image-in',865,NULL,80,180,5710,NULL,NULL),(3864,'https://dev.rpower.shop/wp-content/uploads/2023/09/ANNOVI_LOGO.png-8.png',7525,11495,'image-in',865,NULL,74,81,3545,NULL,NULL),(3865,'https://dev.rpower.shop/wp-content/uploads/2023/09/ANNOVI_LOGO.png-7.png',7525,11496,'image-in',865,NULL,67,127,9685,NULL,NULL),(4065,'https://dev.rpower.shop/pieces-detachees-3000tr-min/demarreur-electrique-moteurs-diesel/',7528,NULL,'internal',867,NULL,NULL,NULL,NULL,NULL,NULL),(4066,'https://dev.rpower.shop/pieces-detachees-3000tr-min/demarreur-electrique-moteurs-diesel/',7528,NULL,'internal',867,NULL,NULL,NULL,NULL,NULL,NULL),(4067,'https://dev.rpower.shop/wp-content/uploads/2023/08/demarreur-electrique-12v-moteurs-diesel-25-767-500x500.jpg',7528,11187,'image-in',867,NULL,1448,2048,157780,NULL,NULL),(4068,'https://dev.rpower.shop/promo/boite-a-air-diesel/',7528,NULL,'internal',867,NULL,NULL,NULL,NULL,NULL,NULL),(4069,'https://dev.rpower.shop/promo/boite-a-air-diesel/',7528,NULL,'internal',867,NULL,NULL,NULL,NULL,NULL,NULL),(4070,'https://dev.rpower.shop/promo/cache-culbuteur-diesel-d400/',7528,NULL,'internal',867,NULL,NULL,NULL,NULL,NULL,NULL),(4071,'https://dev.rpower.shop/promo/cache-culbuteur-diesel-d400/',7528,NULL,'internal',867,NULL,NULL,NULL,NULL,NULL,NULL),(4072,'https://dev.rpower.shop/promo/cache-culbuteur-d200-d300/',7528,NULL,'internal',867,NULL,NULL,NULL,NULL,NULL,NULL),(4073,'https://dev.rpower.shop/promo/cache-culbuteur-d200-d300/',7528,NULL,'internal',867,NULL,NULL,NULL,NULL,NULL,NULL),(4074,'https://dev.rpower.shop/promo/lanceur-ic340-ic390-ic425-destockage/',7528,NULL,'internal',867,NULL,NULL,NULL,NULL,NULL,NULL),(4075,'https://dev.rpower.shop/promo/lanceur-ic340-ic390-ic425-destockage/',7528,NULL,'internal',867,NULL,NULL,NULL,NULL,NULL,NULL),(4076,'https://dev.rpower.shop/consommables/kit-revision-hy390-hy4102-promo/',7528,NULL,'internal',867,NULL,NULL,NULL,NULL,NULL,NULL),(4077,'https://dev.rpower.shop/consommables/kit-revision-hy390-hy4102-promo/',7528,NULL,'internal',867,NULL,NULL,NULL,NULL,NULL,NULL),(4078,'https://dev.rpower.shop/promo/prise-triphase-63a-3pt-mennekes-powertop-xtra-13106/',7528,NULL,'internal',867,NULL,NULL,NULL,NULL,NULL,NULL),(4079,'https://dev.rpower.shop/promo/prise-triphase-63a-3pt-mennekes-powertop-xtra-13106/',7528,NULL,'internal',867,NULL,NULL,NULL,NULL,NULL,NULL),(4080,'https://dev.rpower.shop/promo/connecteur-femelle-triphase-63a-3pt-mennekes-powertop-xtra14106p/',7528,NULL,'internal',867,NULL,NULL,NULL,NULL,NULL,NULL),(4081,'https://dev.rpower.shop/promo/connecteur-femelle-triphase-63a-3pt-mennekes-powertop-xtra14106p/',7528,NULL,'internal',867,NULL,NULL,NULL,NULL,NULL,NULL),(4082,'https://dev.rpower.shop/promo/connecteur-femelle-triphase-63a-3pt-mennekes-powertop-xtra14106p/',7528,NULL,'internal',867,NULL,NULL,NULL,NULL,NULL,NULL),(4083,'https://dev.rpower.shop/promo/socle-femelle-hypra-monophase-16a-2pt-ip55-ip67-legrand-539-11/',7528,NULL,'internal',867,NULL,NULL,NULL,NULL,NULL,NULL),(4084,'https://dev.rpower.shop/promo/socle-femelle-hypra-monophase-16a-2pt-ip55-ip67-legrand-539-11/',7528,NULL,'internal',867,NULL,NULL,NULL,NULL,NULL,NULL),(4085,'https://dev.rpower.shop/promo/avr-triphase-35kw-9kw/',7528,NULL,'internal',867,NULL,NULL,NULL,NULL,NULL,NULL),(4086,'https://dev.rpower.shop/promo/avr-triphase-35kw-9kw/',7528,NULL,'internal',867,NULL,NULL,NULL,NULL,NULL,NULL),(4087,'https://dev.rpower.shop/wp-content/uploads/2023/08/boite-a-air-diesel-itc-power-98-803-500x500.jpg',7528,11106,'image-in',867,NULL,1436,1436,103259,NULL,NULL),(4088,'https://dev.rpower.shop/wp-content/uploads/2023/08/cache-culbuteur-diesel-d400-itc-power-24-890-500x500.jpg',7528,11097,'image-in',867,NULL,1814,1814,298911,NULL,NULL),(4089,'https://dev.rpower.shop/wp-content/uploads/2023/08/cache-culbuteur-d200-d300-86-1502-500x500.jpg',7528,11069,'image-in',867,NULL,1788,1788,376083,NULL,NULL),(4090,'https://dev.rpower.shop/wp-content/uploads/2023/08/lanceur-ic340-ic390-ic425-6-1522-500x500.jpg',7528,11061,'image-in',867,NULL,1448,2048,178716,NULL,NULL),(4091,'https://dev.rpower.shop/wp-content/uploads/2023/08/kit-revision-hy390-hy4102-59-4240-500x500.jpg',7528,10775,'image-in',867,NULL,1000,1000,62778,NULL,NULL),(4092,'https://dev.rpower.shop/wp-content/uploads/2023/08/prise-triphase-63a-mennekes-powertop-21-4326-scaled-500x500.jpg',7528,10717,'image-in',867,NULL,2560,2560,184806,NULL,NULL),(4093,'https://dev.rpower.shop/wp-content/uploads/2023/08/connecteur-femelle-triphase-63a-mennekes-14106p-26-4347-500x500.jpg',7528,10701,'image-in',867,NULL,267,189,5204,NULL,NULL),(4094,'https://dev.rpower.shop/wp-content/uploads/2023/08/socle-femelle-monophase-16a-ip55-ip67-hypra-legrand-53911-84-4351-500x500.jpg',7528,10698,'image-in',867,NULL,470,470,22443,NULL,NULL),(4095,'https://dev.rpower.shop/wp-content/uploads/2023/08/avr-triphase-3kw-9kw-59-612-500x500.jpg',7528,11173,'image-in',867,NULL,1479,1479,160314,NULL,NULL),(4096,'/wp-admin/admin-ajax.php?stock_status=instock',7528,NULL,'internal',867,NULL,NULL,NULL,NULL,NULL,NULL),(4097,'/wp-admin/admin-ajax.php?on_sale=onsale',7528,NULL,'internal',867,NULL,NULL,NULL,NULL,NULL,NULL),(4098,'/wp-admin/admin-ajax.php?stock_status=instock',7528,NULL,'internal',867,NULL,NULL,NULL,NULL,NULL,NULL),(4099,'/wp-admin/admin-ajax.php?on_sale=onsale',7528,NULL,'internal',867,NULL,NULL,NULL,NULL,NULL,NULL),(4100,'/wp-content/uploads/2023/06/icon_.png',7528,NULL,'image-in',867,NULL,NULL,NULL,NULL,NULL,NULL),(4101,'/wp-content/uploads/2023/06/icon_2.png',7528,NULL,'image-in',867,NULL,NULL,NULL,NULL,NULL,NULL),(4102,'/wp-content/uploads/2023/06/icon_3.png',7528,NULL,'image-in',867,NULL,NULL,NULL,NULL,NULL,NULL),(4103,'/wp-content/uploads/2023/06/icon_4-1.png',7528,NULL,'image-in',867,NULL,NULL,NULL,NULL,NULL,NULL),(4104,'/wp-content/uploads/2023/06/icon_.png',7528,NULL,'image-in',867,NULL,NULL,NULL,NULL,NULL,NULL),(4105,'/wp-content/uploads/2023/06/icon_2.png',7528,NULL,'image-in',867,NULL,NULL,NULL,NULL,NULL,NULL),(4106,'/wp-content/uploads/2023/06/icon_3.png',7528,NULL,'image-in',867,NULL,NULL,NULL,NULL,NULL,NULL),(4107,'/wp-content/uploads/2023/06/icon_4-1.png',7528,NULL,'image-in',867,NULL,NULL,NULL,NULL,NULL,NULL),(4108,'https://shop-fbi.fr/img/cms/logo%20K&amp;S.jpg',5922,NULL,'image-ex',877,NULL,NULL,NULL,NULL,NULL,NULL),(4109,'https://shop-fbi.fr/img/cms/Marque%20-%20KS/Capture%20d%E2%80%99%C3%A9cran%202021-08-12%20204200_1.png',5922,NULL,'image-ex',877,NULL,NULL,NULL,NULL,NULL,NULL),(4110,'https://shop-fbi.fr/img/cms/Marque%20-%20KS/Capture%20d%E2%80%99%C3%A9cran%202021-08-12%20204245.png',5922,NULL,'image-ex',877,NULL,NULL,NULL,NULL,NULL,NULL),(4111,'https://shop-fbi.fr/img/cms/Marque%20-%20KS/Capture%20d%E2%80%99%C3%A9cran%202021-08-12%20204341.png',5922,NULL,'image-ex',877,NULL,NULL,NULL,NULL,NULL,NULL),(4112,'https://shop-fbi.fr/img/cms/dvigun.png',5922,NULL,'image-ex',877,NULL,NULL,NULL,NULL,NULL,NULL),(4113,'https://shop-fbi.fr/img/cms/economy-choice-7000.jpg',5922,NULL,'image-ex',877,NULL,NULL,NULL,NULL,NULL,NULL),(4114,'https://shop-fbi.fr/img/cms/gas-holder_macro.png',5922,NULL,'image-ex',877,NULL,NULL,NULL,NULL,NULL,NULL),(4115,'https://shop-fbi.fr/img/cms/Startuyem1.png',5922,NULL,'image-ex',877,NULL,NULL,NULL,NULL,NULL,NULL),(4116,'https://shop-fbi.fr/img/cms/alternator.jpg',5922,NULL,'image-ex',877,NULL,NULL,NULL,NULL,NULL,NULL),(4117,'https://shop-fbi.fr/img/cms/LSDdisplay1.png',5922,NULL,'image-ex',877,NULL,NULL,NULL,NULL,NULL,NULL),(4118,'https://shop-fbi.fr/img/cms/Bak1.png',5922,NULL,'image-ex',877,NULL,NULL,NULL,NULL,NULL,NULL),(4119,'https://shop-fbi.fr/img/cms/reduced-vibration.jpg',5922,NULL,'image-ex',877,NULL,NULL,NULL,NULL,NULL,NULL),(4120,'https://shop-fbi.fr/img/cms/2yearsGen.png',5922,NULL,'image-ex',877,NULL,NULL,NULL,NULL,NULL,NULL),(4121,'https://shop-fbi.fr/img/cms/logo%20K&#038;S.jpg',5844,NULL,'image-ex',367,NULL,NULL,NULL,NULL,NULL,NULL),(4122,'https://shop-fbi.fr/img/cms/Marque%20-%20KS/Capture%20d%E2%80%99%C3%A9cran%202021-08-12%20204200_1.png',5844,NULL,'image-ex',367,NULL,NULL,NULL,NULL,NULL,NULL),(4123,'https://shop-fbi.fr/img/cms/Marque%20-%20KS/Capture%20d%E2%80%99%C3%A9cran%202021-08-12%20204245.png',5844,NULL,'image-ex',367,NULL,NULL,NULL,NULL,NULL,NULL),(4124,'https://shop-fbi.fr/img/cms/Marque%20-%20KS/Capture%20d%E2%80%99%C3%A9cran%202021-08-12%20204341.png',5844,NULL,'image-ex',367,NULL,NULL,NULL,NULL,NULL,NULL),(4125,'https://shop-fbi.fr/img/cms/dvigun.png',5844,NULL,'image-ex',367,NULL,NULL,NULL,NULL,NULL,NULL),(4126,'https://shop-fbi.fr/img/cms/Baloon_macro.png',5844,NULL,'image-ex',367,NULL,NULL,NULL,NULL,NULL,NULL),(4127,'https://shop-fbi.fr/img/cms/Startuyem2.png',5844,NULL,'image-ex',367,NULL,NULL,NULL,NULL,NULL,NULL),(4128,'https://shop-fbi.fr/img/cms/LSDdisplay1.png',5844,NULL,'image-ex',367,NULL,NULL,NULL,NULL,NULL,NULL),(4129,'https://shop-fbi.fr/img/cms/Bak1_1.png',5844,NULL,'image-ex',367,NULL,NULL,NULL,NULL,NULL,NULL),(4130,'https://shop-fbi.fr/img/cms/reduced-vibration.jpg',5844,NULL,'image-ex',367,NULL,NULL,NULL,NULL,NULL,NULL),(4131,'https://shop-fbi.fr/img/cms/2yearsGen.png',5844,NULL,'image-ex',367,NULL,NULL,NULL,NULL,NULL,NULL),(4132,'https://shop-fbi.fr/img/cms/WhatsApp%20Image%202021-03-29%20at%2011-18-26.jpeg',5496,NULL,'image-ex',729,NULL,NULL,NULL,NULL,NULL,NULL),(4133,'https://shop-fbi.fr/img/cms/k10000te-t%20(1).jpeg',5496,NULL,'image-ex',729,NULL,NULL,NULL,NULL,NULL,NULL),(4134,'https://shop-fbi.fr/img/cms/k10000te-t%20(2).jpeg',5496,NULL,'image-ex',729,NULL,NULL,NULL,NULL,NULL,NULL),(4135,'https://shop-fbi.fr/img/cms/tableau%20kompak.jpg',5496,NULL,'image-ex',729,NULL,NULL,NULL,NULL,NULL,NULL),(4136,'https://shop-fbi.fr/img/cms/KGG34Ei-DF/WhatsApp%20Image%202021-08-12%20at%2011-39-15.jpeg',5496,NULL,'image-ex',729,NULL,NULL,NULL,NULL,NULL,NULL),(4137,'https://shop-fbi.fr/img/cms/k10000te-t%20(3).jpeg',5496,NULL,'image-ex',729,NULL,NULL,NULL,NULL,NULL,NULL),(4138,'https://shop-fbi.fr/img/cms/Fiche%20entretien%20.png',5496,NULL,'image-ex',729,NULL,NULL,NULL,NULL,NULL,NULL),(4139,'https://shop-fbi.fr/img/cms/k10000te-t%20(1).jpeg',5442,NULL,'image-ex',733,NULL,NULL,NULL,NULL,NULL,NULL),(4140,'https://shop-fbi.fr/img/cms/k10000te-t%20(2).jpeg',5442,NULL,'image-ex',733,NULL,NULL,NULL,NULL,NULL,NULL),(4141,'https://shop-fbi.fr/img/cms/KGG39Ei%20(3).png',5442,NULL,'image-ex',733,NULL,NULL,NULL,NULL,NULL,NULL),(4142,'https://shop-fbi.fr/img/cms/KGG34Ei-DF/WhatsApp%20Image%202021-08-12%20at%2011-39-15.jpeg',5442,NULL,'image-ex',733,NULL,NULL,NULL,NULL,NULL,NULL),(4143,'https://shop-fbi.fr/img/cms/KGG39Ei%20(6).png',5442,NULL,'image-ex',733,NULL,NULL,NULL,NULL,NULL,NULL),(4144,'https://shop-fbi.fr/img/cms/Fiche%20entretien%20.png',5442,NULL,'image-ex',733,NULL,NULL,NULL,NULL,NULL,NULL),(4145,'https://shop-fbi.fr/img/cms/2yearsGen.png',5442,NULL,'image-ex',733,NULL,NULL,NULL,NULL,NULL,NULL),(4146,'https://shop-fbi.fr/img/cms/Telsite.jpeg',5442,NULL,'image-ex',733,NULL,NULL,NULL,NULL,NULL,NULL),(4147,'https://shop-fbi.fr/img/cms/logo%20K&#038;S.jpg',5463,NULL,'image-ex',1086,NULL,NULL,NULL,NULL,NULL,NULL),(4148,'https://shop-fbi.fr/img/cms/Marque%20-%20KS/Capture%20d%E2%80%99%C3%A9cran%202021-08-12%20204200_1.png',5463,NULL,'image-ex',1086,NULL,NULL,NULL,NULL,NULL,NULL),(4149,'https://shop-fbi.fr/img/cms/Marque%20-%20KS/Capture%20d%E2%80%99%C3%A9cran%202021-08-12%20204245.png',5463,NULL,'image-ex',1086,NULL,NULL,NULL,NULL,NULL,NULL),(4150,'https://shop-fbi.fr/img/cms/Marque%20-%20KS/Capture%20d%E2%80%99%C3%A9cran%202021-08-12%20204341.png',5463,NULL,'image-ex',1086,NULL,NULL,NULL,NULL,NULL,NULL),(4151,'https://shop-fbi.fr/img/cms/inverter-sinusoid.jpg',5463,NULL,'image-ex',1086,NULL,NULL,NULL,NULL,NULL,NULL),(4152,'https://shop-fbi.fr/img/cms/ks-4100ieg_included.png',5463,NULL,'image-ex',1086,NULL,NULL,NULL,NULL,NULL,NULL),(4153,'https://shop-fbi.fr/img/cms/ks-4100ieg_versatility_1.png',5463,NULL,'image-ex',1086,NULL,NULL,NULL,NULL,NULL,NULL),(4154,'https://shop-fbi.fr/img/cms/dvigun_1.png',5463,NULL,'image-ex',1086,NULL,NULL,NULL,NULL,NULL,NULL),(4155,'https://shop-fbi.fr/img/cms/ks-8100ieg-start_engine_macro.jpg',5463,NULL,'image-ex',1086,NULL,NULL,NULL,NULL,NULL,NULL),(4156,'https://shop-fbi.fr/img/cms/ks-8100ieg_panel.png',5463,NULL,'image-ex',1086,NULL,NULL,NULL,NULL,NULL,NULL),(4157,'https://shop-fbi.fr/img/cms/ks-4100ieg_economy.png',5463,NULL,'image-ex',1086,NULL,NULL,NULL,NULL,NULL,NULL),(4158,'https://shop-fbi.fr/img/cms/alternator-winding.jpg',5463,NULL,'image-ex',1086,NULL,NULL,NULL,NULL,NULL,NULL),(4159,'https://shop-fbi.fr/img/cms/KS-4100iE-transport-wheels.png',5463,NULL,'image-ex',1086,NULL,NULL,NULL,NULL,NULL,NULL),(4160,'https://shop-fbi.fr/img/cms/2yearsGen.png',5463,NULL,'image-ex',1086,NULL,NULL,NULL,NULL,NULL,NULL),(4161,'https://shop-fbi.fr/img/cms/logo%20K&#038;S.jpg',5467,NULL,'image-ex',1049,NULL,NULL,NULL,NULL,NULL,NULL),(4162,'https://shop-fbi.fr/img/cms/Marque%20-%20KS/Capture%20d%E2%80%99%C3%A9cran%202021-08-12%20204200_1.png',5467,NULL,'image-ex',1049,NULL,NULL,NULL,NULL,NULL,NULL),(4163,'https://shop-fbi.fr/img/cms/Marque%20-%20KS/Capture%20d%E2%80%99%C3%A9cran%202021-08-12%20204245.png',5467,NULL,'image-ex',1049,NULL,NULL,NULL,NULL,NULL,NULL),(4164,'https://shop-fbi.fr/img/cms/Marque%20-%20KS/Capture%20d%E2%80%99%C3%A9cran%202021-08-12%20204341.png',5467,NULL,'image-ex',1049,NULL,NULL,NULL,NULL,NULL,NULL),(4165,'https://shop-fbi.fr/img/cms/inverter-sinusoid.jpg',5467,NULL,'image-ex',1049,NULL,NULL,NULL,NULL,NULL,NULL),(4166,'https://shop-fbi.fr/img/cms/ks_4000_propan_s.png',5467,NULL,'image-ex',1049,NULL,NULL,NULL,NULL,NULL,NULL),(4167,'https://shop-fbi.fr/img/cms/ks-4100ieg_versatility_1.png',5467,NULL,'image-ex',1049,NULL,NULL,NULL,NULL,NULL,NULL),(4168,'https://shop-fbi.fr/img/cms/ks_4000ieg_s_13.png',5467,NULL,'image-ex',1049,NULL,NULL,NULL,NULL,NULL,NULL),(4169,'https://shop-fbi.fr/img/cms/ks_4000ieg_s_15.png',5467,NULL,'image-ex',1049,NULL,NULL,NULL,NULL,NULL,NULL),(4170,'https://shop-fbi.fr/img/cms/dvigun_1.png',5467,NULL,'image-ex',1049,NULL,NULL,NULL,NULL,NULL,NULL),(4171,'https://shop-fbi.fr/img/cms/ks_4000ieg_s_14.png',5467,NULL,'image-ex',1049,NULL,NULL,NULL,NULL,NULL,NULL),(4172,'https://shop-fbi.fr/img/cms/ks_4000ieg_s_12.png',5467,NULL,'image-ex',1049,NULL,NULL,NULL,NULL,NULL,NULL),(4173,'https://shop-fbi.fr/img/cms/alternator-winding.jpg',5467,NULL,'image-ex',1049,NULL,NULL,NULL,NULL,NULL,NULL),(4174,'https://shop-fbi.fr/img/cms/parallel-connection_4000.png',5467,NULL,'image-ex',1049,NULL,NULL,NULL,NULL,NULL,NULL),(4175,'https://shop-fbi.fr/img/cms/ks-4000ie-s_transport-wheel.png',5467,NULL,'image-ex',1049,NULL,NULL,NULL,NULL,NULL,NULL),(4176,'https://shop-fbi.fr/img/cms/logo%20K&#038;S.jpg',5479,NULL,'image-ex',1043,NULL,NULL,NULL,NULL,NULL,NULL),(4177,'https://shop-fbi.fr/img/cms/Marque%20-%20KS/Capture%20d%E2%80%99%C3%A9cran%202021-08-12%20204200_1.png',5479,NULL,'image-ex',1043,NULL,NULL,NULL,NULL,NULL,NULL),(4178,'https://shop-fbi.fr/img/cms/Marque%20-%20KS/Capture%20d%E2%80%99%C3%A9cran%202021-08-12%20204245.png',5479,NULL,'image-ex',1043,NULL,NULL,NULL,NULL,NULL,NULL),(4179,'https://shop-fbi.fr/img/cms/Marque%20-%20KS/Capture%20d%E2%80%99%C3%A9cran%202021-08-12%20204341.png',5479,NULL,'image-ex',1043,NULL,NULL,NULL,NULL,NULL,NULL),(4180,'https://shop-fbi.fr/img/cms/inverter-sinusoid.jpg',5479,NULL,'image-ex',1043,NULL,NULL,NULL,NULL,NULL,NULL),(4181,'https://shop-fbi.fr/img/cms/ks_2000_propan_s_1.png',5479,NULL,'image-ex',1043,NULL,NULL,NULL,NULL,NULL,NULL),(4182,'https://shop-fbi.fr/img/cms/ks-4100ieg_versatility_1.png',5479,NULL,'image-ex',1043,NULL,NULL,NULL,NULL,NULL,NULL),(4183,'https://shop-fbi.fr/img/cms/low_noise_level_2.png',5479,NULL,'image-ex',1043,NULL,NULL,NULL,NULL,NULL,NULL),(4184,'https://shop-fbi.fr/img/cms/ks_2000ig_s_11_1.png',5479,NULL,'image-ex',1043,NULL,NULL,NULL,NULL,NULL,NULL),(4185,'https://shop-fbi.fr/img/cms/dvigun_1.png',5479,NULL,'image-ex',1043,NULL,NULL,NULL,NULL,NULL,NULL),(4186,'https://shop-fbi.fr/img/cms/ks_2000ig_s_10_1.png',5479,NULL,'image-ex',1043,NULL,NULL,NULL,NULL,NULL,NULL),(4187,'https://shop-fbi.fr/img/cms/alternator-winding.jpg',5479,NULL,'image-ex',1043,NULL,NULL,NULL,NULL,NULL,NULL),(4188,'https://shop-fbi.fr/img/cms/parallel-connection_2000.png',5479,NULL,'image-ex',1043,NULL,NULL,NULL,NULL,NULL,NULL),(4189,'https://shop-fbi.fr/img/cms/WhatsApp%20Image%202021-03-29%20at%2011-18-26.jpeg',5494,NULL,'image-ex',730,NULL,NULL,NULL,NULL,NULL,NULL),(4190,'https://shop-fbi.fr/img/cms/k10000te-t%20(1).jpeg',5494,NULL,'image-ex',730,NULL,NULL,NULL,NULL,NULL,NULL),(4191,'https://shop-fbi.fr/img/cms/k10000te-t%20(2).jpeg',5494,NULL,'image-ex',730,NULL,NULL,NULL,NULL,NULL,NULL),(4192,'https://shop-fbi.fr/img/cms/KGG34Ei-DF/WhatsApp%20Image%202021-08-12%20at%2011-39-15.jpeg',5494,NULL,'image-ex',730,NULL,NULL,NULL,NULL,NULL,NULL),(4193,'https://shop-fbi.fr/img/cms/k10000te-t%20(3).jpeg',5494,NULL,'image-ex',730,NULL,NULL,NULL,NULL,NULL,NULL),(4194,'https://shop-fbi.fr/img/cms/Fiche%20entretien%20.png',5494,NULL,'image-ex',730,NULL,NULL,NULL,NULL,NULL,NULL),(4195,'https://shop-fbi.fr/img/cms/2yearsGen.png',5494,NULL,'image-ex',730,NULL,NULL,NULL,NULL,NULL,NULL),(4196,'https://shop-fbi.fr/img/cms/logo%20K&#038;S.jpg',5522,NULL,'image-ex',721,NULL,NULL,NULL,NULL,NULL,NULL),(4197,'https://shop-fbi.fr/img/cms/Marque%20-%20KS/Capture%20d%E2%80%99%C3%A9cran%202021-08-12%20204200_1.png',5522,NULL,'image-ex',721,NULL,NULL,NULL,NULL,NULL,NULL),(4198,'https://shop-fbi.fr/img/cms/Marque%20-%20KS/Capture%20d%E2%80%99%C3%A9cran%202021-08-12%20204245.png',5522,NULL,'image-ex',721,NULL,NULL,NULL,NULL,NULL,NULL),(4199,'https://shop-fbi.fr/img/cms/Marque%20-%20KS/Capture%20d%E2%80%99%C3%A9cran%202021-08-12%20204341.png',5522,NULL,'image-ex',721,NULL,NULL,NULL,NULL,NULL,NULL),(4200,'https://shop-fbi.fr/img/cms/ks-4100ieg_included.png',5522,NULL,'image-ex',721,NULL,NULL,NULL,NULL,NULL,NULL),(4201,'https://shop-fbi.fr/img/cms/inverter-sinusoid.jpg',5522,NULL,'image-ex',721,NULL,NULL,NULL,NULL,NULL,NULL),(4202,'https://shop-fbi.fr/img/cms/dvigun_1.png',5522,NULL,'image-ex',721,NULL,NULL,NULL,NULL,NULL,NULL),(4203,'https://shop-fbi.fr/img/cms/eco_mode_4100.jpg',5522,NULL,'image-ex',721,NULL,NULL,NULL,NULL,NULL,NULL),(4204,'https://shop-fbi.fr/img/cms/ks-4100ieg_panel.jpg',5522,NULL,'image-ex',721,NULL,NULL,NULL,NULL,NULL,NULL),(4205,'https://shop-fbi.fr/img/cms/alternator-winding.jpg',5522,NULL,'image-ex',721,NULL,NULL,NULL,NULL,NULL,NULL),(4206,'https://shop-fbi.fr/img/cms/parallel-connection.png',5522,NULL,'image-ex',721,NULL,NULL,NULL,NULL,NULL,NULL),(4207,'https://shop-fbi.fr/img/cms/KS-4100iE-transport-wheels.png',5522,NULL,'image-ex',721,NULL,NULL,NULL,NULL,NULL,NULL),(4208,'https://shop-fbi.fr/img/cms/2yearsGen.png',5522,NULL,'image-ex',721,NULL,NULL,NULL,NULL,NULL,NULL),(4209,'https://shop-fbi.fr/img/cms/WhatsApp%20Image%202021-03-29%20at%2011-18-26.jpeg',5526,NULL,'image-ex',719,NULL,NULL,NULL,NULL,NULL,NULL),(4210,'https://shop-fbi.fr/img/cms/k10000te-t%20(1).jpeg',5526,NULL,'image-ex',719,NULL,NULL,NULL,NULL,NULL,NULL),(4211,'https://shop-fbi.fr/img/cms/k10000te-t%20(2).jpeg',5526,NULL,'image-ex',719,NULL,NULL,NULL,NULL,NULL,NULL),(4212,'https://shop-fbi.fr/img/cms/KGG34Ei-DF/WhatsApp%20Image%202021-08-12%20at%2011-38-44%20(1).jpeg',5526,NULL,'image-ex',719,NULL,NULL,NULL,NULL,NULL,NULL),(4213,'https://shop-fbi.fr/img/cms/KGG34Ei-DF/WhatsApp%20Image%202021-08-12%20at%2011-38-44%2010000.jpeg',5526,NULL,'image-ex',719,NULL,NULL,NULL,NULL,NULL,NULL),(4214,'https://shop-fbi.fr/img/cms/KGG34Ei-DF/WhatsApp%20Image%202021-08-12%20at%2011-38-44%20(7)_1.jpeg',5526,NULL,'image-ex',719,NULL,NULL,NULL,NULL,NULL,NULL),(4215,'https://shop-fbi.fr/img/cms/KGG34Ei-DF/WhatsApp%20Image%202021-08-12%20at%2011-39-15.jpeg',5526,NULL,'image-ex',719,NULL,NULL,NULL,NULL,NULL,NULL),(4216,'https://shop-fbi.fr/img/cms/KGG34Ei-DF/WhatsApp%20Image%202021-08-12%20at%2011-38-44%20(3).jpeg',5526,NULL,'image-ex',719,NULL,NULL,NULL,NULL,NULL,NULL),(4217,'https://shop-fbi.fr/img/cms/KGG34Ei-DF/WhatsApp%20Image%202021-08-12%20at%2011-38-44%20(6).jpeg',5526,NULL,'image-ex',719,NULL,NULL,NULL,NULL,NULL,NULL),(4218,'https://shop-fbi.fr/img/cms/Fiche%20entretien%20.png',5526,NULL,'image-ex',719,NULL,NULL,NULL,NULL,NULL,NULL),(4219,'https://shop-fbi.fr/img/cms/KGG34Ei-DF/WhatsApp%20Image%202021-08-12%20at%2011-38-45.jpeg',5526,NULL,'image-ex',719,NULL,NULL,NULL,NULL,NULL,NULL),(4220,'https://shop-fbi.fr/img/cms/2yearsGen.png',5526,NULL,'image-ex',719,NULL,NULL,NULL,NULL,NULL,NULL),(4221,'https://shop-fbi.fr/img/cms/WhatsApp%20Image%202021-03-29%20at%2011-18-26.jpeg',5693,NULL,'image-ex',709,NULL,NULL,NULL,NULL,NULL,NULL),(4222,'https://shop-fbi.fr/img/cms/k10000te-t%20(1).jpeg',5693,NULL,'image-ex',709,NULL,NULL,NULL,NULL,NULL,NULL),(4223,'https://shop-fbi.fr/img/cms/k10000te-t%20(2).jpeg',5693,NULL,'image-ex',709,NULL,NULL,NULL,NULL,NULL,NULL),(4224,'https://shop-fbi.fr/img/cms/KGG34Ei-DF/WhatsApp%20Image%202021-08-12%20at%2011-38-44%20(1).jpeg',5693,NULL,'image-ex',709,NULL,NULL,NULL,NULL,NULL,NULL),(4225,'https://shop-fbi.fr/img/cms/KGG34Ei-DF/WhatsApp%20Image%202021-08-12%20at%2011-38-44%2010000.jpeg',5693,NULL,'image-ex',709,NULL,NULL,NULL,NULL,NULL,NULL),(4226,'https://shop-fbi.fr/img/cms/KGG34Ei-DF/WhatsApp%20Image%202021-08-12%20at%2011-38-44%20(7)_1.jpeg',5693,NULL,'image-ex',709,NULL,NULL,NULL,NULL,NULL,NULL),(4227,'https://shop-fbi.fr/img/cms/KGG34Ei-DF/WhatsApp%20Image%202021-08-12%20at%2011-39-15.jpeg',5693,NULL,'image-ex',709,NULL,NULL,NULL,NULL,NULL,NULL),(4228,'https://shop-fbi.fr/img/cms/KGG34Ei-DF/WhatsApp%20Image%202021-08-12%20at%2011-38-44%20(3).jpeg',5693,NULL,'image-ex',709,NULL,NULL,NULL,NULL,NULL,NULL),(4229,'https://shop-fbi.fr/img/cms/KGG34Ei-DF/WhatsApp%20Image%202021-08-12%20at%2011-38-44%20(6).jpeg',5693,NULL,'image-ex',709,NULL,NULL,NULL,NULL,NULL,NULL),(4230,'https://shop-fbi.fr/img/cms/Fiche%20entretien%20.png',5693,NULL,'image-ex',709,NULL,NULL,NULL,NULL,NULL,NULL),(4231,'https://shop-fbi.fr/img/cms/KGG34Ei-DF/WhatsApp%20Image%202021-08-12%20at%2011-38-45.jpeg',5693,NULL,'image-ex',709,NULL,NULL,NULL,NULL,NULL,NULL),(4232,'https://shop-fbi.fr/img/cms/2yearsGen.png',5693,NULL,'image-ex',709,NULL,NULL,NULL,NULL,NULL,NULL),(4233,'https://shop-fbi.fr/img/cms/2yearsGen.png',5932,NULL,'image-ex',895,NULL,NULL,NULL,NULL,NULL,NULL),(4234,'https://shop-fbi.fr/img/cms/Telsite.jpeg',5932,NULL,'image-ex',895,NULL,NULL,NULL,NULL,NULL,NULL),(4235,'https://shop-fbi.fr/img/cms/Telsite.jpeg',5936,NULL,'image-ex',894,NULL,NULL,NULL,NULL,NULL,NULL),(4236,'https://test-shop-fbi.fr/img/cms/Dlya-tmKS1.png',5948,NULL,'image-ex',340,NULL,NULL,NULL,NULL,NULL,NULL),(4237,'https://test-shop-fbi.fr/img/cms/ks-germany1.png',5948,NULL,'image-ex',340,NULL,NULL,NULL,NULL,NULL,NULL),(4238,'https://test-shop-fbi.fr/img/cms/alternator.jpg',5948,NULL,'image-ex',340,NULL,NULL,NULL,NULL,NULL,NULL),(4239,'https://test-shop-fbi.fr/img/cms/LSDdisplay1.png',5948,NULL,'image-ex',340,NULL,NULL,NULL,NULL,NULL,NULL),(4240,'https://test-shop-fbi.fr/img/cms/manual-start.jpg',5948,NULL,'image-ex',340,NULL,NULL,NULL,NULL,NULL,NULL),(4241,'https://test-shop-fbi.fr/img/cms/Bak1.png',5948,NULL,'image-ex',340,NULL,NULL,NULL,NULL,NULL,NULL),(4242,'https://shop-fbi.fr/img/cms/economy-choice-7000.jpg',5948,NULL,'image-ex',340,NULL,NULL,NULL,NULL,NULL,NULL),(4243,'https://test-shop-fbi.fr/img/cms/reduced-vibration.jpg',5948,NULL,'image-ex',340,NULL,NULL,NULL,NULL,NULL,NULL),(4244,'https://test-shop-fbi.fr/img/cms/enhanced-frame_web.jpg',5948,NULL,'image-ex',340,NULL,NULL,NULL,NULL,NULL,NULL),(4245,'https://shop-fbi.fr/img/cms/Fiche%20entretien%20.png',5948,NULL,'image-ex',340,NULL,NULL,NULL,NULL,NULL,NULL),(4246,'https://shop-fbi.fr/img/cms/kit-d-entretien-complet-pour-groupe-electrogene-kompak-jpg.png',5948,NULL,'image-ex',340,NULL,NULL,NULL,NULL,NULL,NULL),(4247,'https://shop-fbi.fr/img/cms/2yearsGen.png',5948,NULL,'image-ex',340,NULL,NULL,NULL,NULL,NULL,NULL);


